{"id":1004,"date":"2024-09-19T10:58:03","date_gmt":"2024-09-19T13:58:03","guid":{"rendered":"https:\/\/www.uel.br\/pos\/enges\/?page_id=1004"},"modified":"2025-09-03T15:12:49","modified_gmt":"2025-09-03T18:12:49","slug":"ingresso_aluno_regular","status":"publish","type":"page","link":"https:\/\/pos.uel.br\/ppgeciv\/ingresso_aluno_regular\/","title":{"rendered":"Ingresso como Estudante Regular"},"content":{"rendered":"\n<p><\/p>\n\n\n\n<p>O Programa de P\u00f3s-Gradua\u00e7\u00e3o em Engenharia Civil (PPGECiv) oferece anualmente at\u00e9&nbsp;<strong>30 vagas para o curso de Mestrado<\/strong>&nbsp;e&nbsp;<strong>15 vagas para o curso de Doutorado<\/strong>.<\/p>\n\n\n\n<p>A sele\u00e7\u00e3o dos candidatos \u00e9 realizada com base na&nbsp;<strong>disponibilidade de orienta\u00e7\u00e3o dos docentes<\/strong>&nbsp;e no&nbsp;<strong>desempenho do candidato durante o processo seletivo<\/strong>, que ocorre&nbsp;<strong>uma vez ao ano<\/strong>.<\/p>\n\n\n\n<p>As inscri\u00e7\u00f5es costumam ser abertas nos&nbsp;<strong>meses de setembro e outubro<\/strong>&nbsp;do ano anterior ao ingresso. Todas as informa\u00e7\u00f5es e requisitos s\u00e3o detalhados em edital espec\u00edfico, publicado na p\u00e1gina oficial do programa.<\/p>\n\n\n\n<h2 class=\"wp-block-heading\">Editais para sele\u00e7\u00e3o de Alunos Regulares<\/h2>\n\n\n\n<p><\/p>\n\n\n<div style=\"display:flex;flex-wrap:wrap;gap:20px;\"><div style=\"width:300px;background:#f9f9f9;border-radius:8px;padding:15px;box-shadow:0 2px 6px rgba(0,0,0,0.1);\"><a href=\"https:\/\/pos.uel.br\/ppgeciv\/visualizar-edital\/?id=4103\" style=\"text-decoration:none;color:#006633;\"><h3 style=\"margin:0 0 8px;font-size:16px;\">RESULTADO PDSE<\/h3><div style=\"font-size:12px;color:#666;margin-bottom:8px;\">Sele\u00e7\u00e3o de Aluno Regular<\/div><p style=\"font-size:13px;color:#444;margin:0 0 8px;\">ATA DE SELE\u00c7\u00c3O DE CANDIDATURAS AO PROGRAMA DE DOUTORADO SANDU\u00cdCHE NO EXTERIOR \u2013 PDSE - Edital CAPES 17\/2025- Edital PROPPG&hellip;<\/p><span style=\"font-weight:bold;\">Leia mais<\/span><\/a><\/div><div style=\"width:300px;background:#f9f9f9;border-radius:8px;padding:15px;box-shadow:0 2px 6px rgba(0,0,0,0.1);\"><a href=\"https:\/\/pos.uel.br\/ppgeciv\/visualizar-edital\/?id=4100\" style=\"text-decoration:none;color:#006633;\"><img decoding=\"async\" src=\"\" style=\"width:100%;border-radius:6px;margin-bottom:10px;\" alt=\"Resultado do Processo Seletivo 2026\"\/><h3 style=\"margin:0 0 8px;font-size:16px;\">Resultado do Processo Seletivo 2026<\/h3><div style=\"font-size:12px;color:#666;margin-bottom:8px;\">Sele\u00e7\u00e3o de Aluno Regular<\/div><p style=\"font-size:13px;color:#444;margin:0 0 8px;\">A Comiss\u00e3o Coordenadora do Programa de P\u00f3s-Gradua\u00e7\u00e3o em Engenharia Civil, da Universidade Estadual de Londrina-UEL, no uso de suas atribui\u00e7\u00f5es&hellip;<\/p><span style=\"font-weight:bold;\">Leia mais<\/span><\/a><\/div><div style=\"width:300px;background:#f9f9f9;border-radius:8px;padding:15px;box-shadow:0 2px 6px rgba(0,0,0,0.1);\"><a href=\"https:\/\/pos.uel.br\/ppgeciv\/visualizar-edital\/?id=4097\" style=\"text-decoration:none;color:#006633;\"><h3 style=\"margin:0 0 8px;font-size:16px;\">RETIFICA\u00c7\u00c3O DO EDITAL N\u00ba 10\/2025 \u2013 HOMOLOGA\u00c7\u00c3O DAS INSCRI\u00c7\u00d5ES E HOR\u00c1RIO DAS ARGUI\u00c7\u00d5ES (MESTRADO)<\/h3><div style=\"font-size:12px;color:#666;margin-bottom:8px;\">Sele\u00e7\u00e3o de Aluno Regular<\/div><p style=\"font-size:13px;color:#444;margin:0 0 8px;\">O Programa de P\u00f3s-Gradua\u00e7\u00e3o em Engenharia Civil da Universidade Estadual de Londrina (PPGECiv\/UEL) torna p\u00fablica a retifica\u00e7\u00e3o do Edital n\u00ba&hellip;<\/p><span style=\"font-weight:bold;\">Leia mais<\/span><\/a><\/div><div style=\"width:300px;background:#f9f9f9;border-radius:8px;padding:15px;box-shadow:0 2px 6px rgba(0,0,0,0.1);\"><a href=\"https:\/\/pos.uel.br\/ppgeciv\/visualizar-edital\/?id=4095\" style=\"text-decoration:none;color:#006633;\"><h3 style=\"margin:0 0 8px;font-size:16px;\">RETIFICA\u00c7\u00c3O DO EDITAL N\u00ba 11\/2025 \u2013 HOMOLOGA\u00c7\u00c3O DAS INSCRI\u00c7\u00d5ES E HOR\u00c1RIO DAS ARGUI\u00c7\u00d5ES (DOUTORADO)<\/h3><div style=\"font-size:12px;color:#666;margin-bottom:8px;\">Sele\u00e7\u00e3o de Aluno Regular<\/div><p style=\"font-size:13px;color:#444;margin:0 0 8px;\">O Programa de P\u00f3s-Gradua\u00e7\u00e3o em Engenharia Civil da Universidade Estadual de Londrina (PPGECiv\/UEL) torna p\u00fablica a retifica\u00e7\u00e3o do Edital n\u00ba&hellip;<\/p><span style=\"font-weight:bold;\">Leia mais<\/span><\/a><\/div><div style=\"width:300px;background:#f9f9f9;border-radius:8px;padding:15px;box-shadow:0 2px 6px rgba(0,0,0,0.1);\"><a href=\"https:\/\/pos.uel.br\/ppgeciv\/visualizar-edital\/?id=4067\" style=\"text-decoration:none;color:#006633;\"><img decoding=\"async\" src=\"\" style=\"width:100%;border-radius:6px;margin-bottom:10px;\" alt=\"Homologa\u00e7\u00e3o das Inscri\u00e7\u00f5es dos(as) Candidatos(as) ao Mestrado e\u00a0\u00a0Hor\u00e1rio das Argui\u00e7\u00f5es &#8211; Sele\u00e7\u00e3o 2026\"\/><h3 style=\"margin:0 0 8px;font-size:16px;\">Homologa\u00e7\u00e3o das Inscri\u00e7\u00f5es dos(as) Candidatos(as) ao Mestrado e\u00a0\u00a0Hor\u00e1rio das Argui\u00e7\u00f5es &#8211; Sele\u00e7\u00e3o 2026<\/h3><div style=\"font-size:12px;color:#666;margin-bottom:8px;\">Sele\u00e7\u00e3o de Aluno Regular<\/div><p style=\"font-size:13px;color:#444;margin:0 0 8px;\">Edital n. 10\/2025 PPGECiv<\/p><span style=\"font-weight:bold;\">Leia mais<\/span><\/a><\/div><div style=\"width:300px;background:#f9f9f9;border-radius:8px;padding:15px;box-shadow:0 2px 6px rgba(0,0,0,0.1);\"><a href=\"https:\/\/pos.uel.br\/ppgeciv\/visualizar-edital\/?id=4065\" style=\"text-decoration:none;color:#006633;\"><img decoding=\"async\" src=\"\" style=\"width:100%;border-radius:6px;margin-bottom:10px;\" alt=\"Homologa\u00e7\u00e3o das Inscri\u00e7\u00f5es dos(as) Candidatos(as) ao Doutorado e Hor\u00e1rio das Argui\u00e7\u00f5es &#8211; Sele\u00e7\u00e3o 2026\"\/><h3 style=\"margin:0 0 8px;font-size:16px;\">Homologa\u00e7\u00e3o das Inscri\u00e7\u00f5es dos(as) Candidatos(as) ao Doutorado e Hor\u00e1rio das Argui\u00e7\u00f5es &#8211; Sele\u00e7\u00e3o 2026<\/h3><div style=\"font-size:12px;color:#666;margin-bottom:8px;\">Sele\u00e7\u00e3o de Aluno Regular<\/div><p style=\"font-size:13px;color:#444;margin:0 0 8px;\">Edital n. 11\/2025 - PPGECiv<\/p><span style=\"font-weight:bold;\">Leia mais<\/span><\/a><\/div><div style=\"width:300px;background:#f9f9f9;border-radius:8px;padding:15px;box-shadow:0 2px 6px rgba(0,0,0,0.1);\"><a href=\"https:\/\/pos.uel.br\/ppgeciv\/visualizar-edital\/?id=3847\" style=\"text-decoration:none;color:#006633;\"><h3 style=\"margin:0 0 8px;font-size:16px;\">Processo Seletivo 2026 &#8211; Edital 08\/2025 &#8211; PPGECiv<\/h3><div style=\"font-size:12px;color:#666;margin-bottom:8px;\">Sele\u00e7\u00e3o de Aluno Regular<\/div><p style=\"font-size:13px;color:#444;margin:0 0 8px;\">Este edital estabelece normas e procedimentos de inscri\u00e7\u00e3o e sele\u00e7\u00e3o para o ingresso no Programa de P\u00f3s-Gradua\u00e7\u00e3o Stricto sensu em&hellip;<\/p><span style=\"font-weight:bold;\">Leia mais<\/span><\/a><\/div><\/div>\n\n\n\n<p><\/p>\n","protected":false},"excerpt":{"rendered":"<p>O Programa de P\u00f3s-Gradua\u00e7\u00e3o em Engenharia Civil (PPGECiv) oferece anualmente at\u00e9&nbsp;30 vagas para o curso de Mestrado&nbsp;e&nbsp;15 vagas para o curso de Doutorado. A sele\u00e7\u00e3o dos candidatos \u00e9 realizada com base na&nbsp;disponibilidade de orienta\u00e7\u00e3o dos docentes&nbsp;e no&nbsp;desempenho do candidato durante o processo seletivo, que ocorre&nbsp;uma vez ao ano. As inscri\u00e7\u00f5es costumam ser abertas nos&nbsp;meses de [&hellip;]<\/p>\n","protected":false},"author":7,"featured_media":0,"parent":0,"menu_order":0,"comment_status":"closed","ping_status":"closed","template":"","meta":{"_acf_changed":false,"footnotes":""},"class_list":["post-1004","page","type-page","status-publish","hentry"],"acf":[],"_links":{"self":[{"href":"https:\/\/pos.uel.br\/ppgeciv\/wp-json\/wp\/v2\/pages\/1004","targetHints":{"allow":["GET"]}}],"collection":[{"href":"https:\/\/pos.uel.br\/ppgeciv\/wp-json\/wp\/v2\/pages"}],"about":[{"href":"https:\/\/pos.uel.br\/ppgeciv\/wp-json\/wp\/v2\/types\/page"}],"author":[{"embeddable":true,"href":"https:\/\/pos.uel.br\/ppgeciv\/wp-json\/wp\/v2\/users\/7"}],"replies":[{"embeddable":true,"href":"https:\/\/pos.uel.br\/ppgeciv\/wp-json\/wp\/v2\/comments?post=1004"}],"version-history":[{"count":9,"href":"https:\/\/pos.uel.br\/ppgeciv\/wp-json\/wp\/v2\/pages\/1004\/revisions"}],"predecessor-version":[{"id":3861,"href":"https:\/\/pos.uel.br\/ppgeciv\/wp-json\/wp\/v2\/pages\/1004\/revisions\/3861"}],"wp:attachment":[{"href":"https:\/\/pos.uel.br\/ppgeciv\/wp-json\/wp\/v2\/media?parent=1004"}],"curies":[{"name":"wp","href":"https:\/\/api.w.org\/{rel}","templated":true}]}}

<p></p>



<p>O Programa de Pós-Graduação em Engenharia Civil (PPGECiv) oferece anualmente até&nbsp;<strong>30 vagas para o curso de Mestrado</strong>&nbsp;e&nbsp;<strong>15 vagas para o curso de Doutorado</strong>.</p>



<p>A seleção dos candidatos é realizada com base na&nbsp;<strong>disponibilidade de orientação dos docentes</strong>&nbsp;e no&nbsp;<strong>desempenho do candidato durante o processo seletivo</strong>, que ocorre&nbsp;<strong>uma vez ao ano</strong>.</p>



<p>As inscrições costumam ser abertas nos&nbsp;<strong>meses de setembro e outubro</strong>&nbsp;do ano anterior ao ingresso. Todas as informações e requisitos são detalhados em edital específico, publicado na página oficial do programa.</p>



<h2 class="wp-block-heading">Editais para seleção de Alunos Regulares</h2>



<p></p>


<div style="display:flex;flex-wrap:wrap;gap:20px;"><div style="width:300px;background:#f9f9f9;border-radius:8px;padding:15px;box-shadow:0 2px 6px rgba(0,0,0,0.1);"><a href="https://pos.uel.br/ppgeciv/visualizar-edital/?id=4103" style="text-decoration:none;color:#006633;"><h3 style="margin:0 0 8px;font-size:16px;">RESULTADO PDSE</h3><div style="font-size:12px;color:#666;margin-bottom:8px;">Seleção de Aluno Regular</div><p style="font-size:13px;color:#444;margin:0 0 8px;">ATA DE SELEÇÃO DE CANDIDATURAS AO PROGRAMA DE DOUTORADO SANDUÍCHE NO EXTERIOR – PDSE - Edital CAPES 17/2025- Edital PROPPG&hellip;</p><span style="font-weight:bold;">Leia mais</span></a></div><div style="width:300px;background:#f9f9f9;border-radius:8px;padding:15px;box-shadow:0 2px 6px rgba(0,0,0,0.1);"><a href="https://pos.uel.br/ppgeciv/visualizar-edital/?id=4100" style="text-decoration:none;color:#006633;"><img decoding="async" src="" style="width:100%;border-radius:6px;margin-bottom:10px;" alt="Resultado do Processo Seletivo 2026"/><h3 style="margin:0 0 8px;font-size:16px;">Resultado do Processo Seletivo 2026</h3><div style="font-size:12px;color:#666;margin-bottom:8px;">Seleção de Aluno Regular</div><p style="font-size:13px;color:#444;margin:0 0 8px;">A Comissão Coordenadora do Programa de Pós-Graduação em Engenharia Civil, da Universidade Estadual de Londrina-UEL, no uso de suas atribuições&hellip;</p><span style="font-weight:bold;">Leia mais</span></a></div><div style="width:300px;background:#f9f9f9;border-radius:8px;padding:15px;box-shadow:0 2px 6px rgba(0,0,0,0.1);"><a href="https://pos.uel.br/ppgeciv/visualizar-edital/?id=4097" style="text-decoration:none;color:#006633;"><h3 style="margin:0 0 8px;font-size:16px;">RETIFICAÇÃO DO EDITAL Nº 10/2025 – HOMOLOGAÇÃO DAS INSCRIÇÕES E HORÁRIO DAS ARGUIÇÕES (MESTRADO)</h3><div style="font-size:12px;color:#666;margin-bottom:8px;">Seleção de Aluno Regular</div><p style="font-size:13px;color:#444;margin:0 0 8px;">O Programa de Pós-Graduação em Engenharia Civil da Universidade Estadual de Londrina (PPGECiv/UEL) torna pública a retificação do Edital nº&hellip;</p><span style="font-weight:bold;">Leia mais</span></a></div><div style="width:300px;background:#f9f9f9;border-radius:8px;padding:15px;box-shadow:0 2px 6px rgba(0,0,0,0.1);"><a href="https://pos.uel.br/ppgeciv/visualizar-edital/?id=4095" style="text-decoration:none;color:#006633;"><h3 style="margin:0 0 8px;font-size:16px;">RETIFICAÇÃO DO EDITAL Nº 11/2025 – HOMOLOGAÇÃO DAS INSCRIÇÕES E HORÁRIO DAS ARGUIÇÕES (DOUTORADO)</h3><div style="font-size:12px;color:#666;margin-bottom:8px;">Seleção de Aluno Regular</div><p style="font-size:13px;color:#444;margin:0 0 8px;">O Programa de Pós-Graduação em Engenharia Civil da Universidade Estadual de Londrina (PPGECiv/UEL) torna pública a retificação do Edital nº&hellip;</p><span style="font-weight:bold;">Leia mais</span></a></div><div style="width:300px;background:#f9f9f9;border-radius:8px;padding:15px;box-shadow:0 2px 6px rgba(0,0,0,0.1);"><a href="https://pos.uel.br/ppgeciv/visualizar-edital/?id=4067" style="text-decoration:none;color:#006633;"><img decoding="async" src="" style="width:100%;border-radius:6px;margin-bottom:10px;" alt="Homologação das Inscrições dos(as) Candidatos(as) ao Mestrado e  Horário das Arguições &#8211; Seleção 2026"/><h3 style="margin:0 0 8px;font-size:16px;">Homologação das Inscrições dos(as) Candidatos(as) ao Mestrado e  Horário das Arguições &#8211; Seleção 2026</h3><div style="font-size:12px;color:#666;margin-bottom:8px;">Seleção de Aluno Regular</div><p style="font-size:13px;color:#444;margin:0 0 8px;">Edital n. 10/2025 PPGECiv</p><span style="font-weight:bold;">Leia mais</span></a></div><div style="width:300px;background:#f9f9f9;border-radius:8px;padding:15px;box-shadow:0 2px 6px rgba(0,0,0,0.1);"><a href="https://pos.uel.br/ppgeciv/visualizar-edital/?id=4065" style="text-decoration:none;color:#006633;"><img decoding="async" src="" style="width:100%;border-radius:6px;margin-bottom:10px;" alt="Homologação das Inscrições dos(as) Candidatos(as) ao Doutorado e Horário das Arguições &#8211; Seleção 2026"/><h3 style="margin:0 0 8px;font-size:16px;">Homologação das Inscrições dos(as) Candidatos(as) ao Doutorado e Horário das Arguições &#8211; Seleção 2026</h3><div style="font-size:12px;color:#666;margin-bottom:8px;">Seleção de Aluno Regular</div><p style="font-size:13px;color:#444;margin:0 0 8px;">Edital n. 11/2025 - PPGECiv</p><span style="font-weight:bold;">Leia mais</span></a></div><div style="width:300px;background:#f9f9f9;border-radius:8px;padding:15px;box-shadow:0 2px 6px rgba(0,0,0,0.1);"><a href="https://pos.uel.br/ppgeciv/visualizar-edital/?id=3847" style="text-decoration:none;color:#006633;"><h3 style="margin:0 0 8px;font-size:16px;">Processo Seletivo 2026 &#8211; Edital 08/2025 &#8211; PPGECiv</h3><div style="font-size:12px;color:#666;margin-bottom:8px;">Seleção de Aluno Regular</div><p style="font-size:13px;color:#444;margin:0 0 8px;">Este edital estabelece normas e procedimentos de inscrição e seleção para o ingresso no Programa de Pós-Graduação Stricto sensu em&hellip;</p><span style="font-weight:bold;">Leia mais</span></a></div></div>



<p></p>

<p>O Programa de Pós-Graduação em Engenharia Civil (PPGECiv) oferece anualmente até&nbsp;30 vagas para o curso de Mestrado&nbsp;e&nbsp;15 vagas para o curso de Doutorado. A seleção dos candidatos é realizada com base na&nbsp;disponibilidade de orientação dos docentes&nbsp;e no&nbsp;desempenho do candidato durante o processo seletivo, que ocorre&nbsp;uma vez ao ano. As inscrições costumam ser abertas nos&nbsp;meses de [&hellip;]</p>
