{"id":943,"date":"2023-02-18T16:02:50","date_gmt":"2023-02-18T19:02:50","guid":{"rendered":"https:\/\/pos.uel.br\/ppgci\/?page_id=943"},"modified":"2023-02-18T18:09:56","modified_gmt":"2023-02-18T21:09:56","slug":"disciplinas-optativas-2012","status":"publish","type":"page","link":"https:\/\/pos.uel.br\/ppgci\/disciplinas-optativas-2012\/","title":{"rendered":"Disciplinas optativas 2012"},"content":{"rendered":"\n<div class=\"wp-block-uel-card\">\n<h2 class=\"has-text-align-center has-primary-accent-color has-text-color wp-block-heading\">Disciplinas Optativas, 2\u00ba Semestre de 2012<\/h2>\n\n\n\n<div class=\"wp-block-columns has-site-background-background-color has-background is-layout-flex wp-container-core-columns-is-layout-9d6595d7 wp-block-columns-is-layout-flex\">\n<div class=\"wp-block-column is-vertically-aligned-center is-layout-flow wp-block-column-is-layout-flow\" style=\"flex-basis:33.33%\">\n<p class=\"has-text-align-center\">2CIN147\u00a0T\u00f3picos Especiais em Ci\u00eancia da Informa\u00e7\u00e3o: Estrategia de B\u00fasqueda y Acesso a las Fuentes de Informaci\u00f3n para el An\u00e1lisis de la Productividad Cient\u00edfica<\/p>\n<\/div>\n\n\n\n<div class=\"wp-block-column is-vertically-aligned-center is-layout-flow wp-block-column-is-layout-flow\" style=\"flex-basis:66.66%\">\n<p><strong>Ementa<\/strong>: Temas atuais e tend\u00eancias em Ci\u00eancia da Informa\u00e7\u00e3o.<\/p>\n\n\n\n<p><strong>Docente:<\/strong>&nbsp;Adolfo Alonso Arroyo (Convidado)<br><strong>Cr\u00e9ditos\/Horas:<\/strong>&nbsp;1cr. \/ 15h<\/p>\n<\/div>\n<\/div>\n\n\n\n<div class=\"wp-block-columns has-site-background-background-color has-background is-layout-flex wp-container-core-columns-is-layout-9d6595d7 wp-block-columns-is-layout-flex\">\n<div class=\"wp-block-column is-vertically-aligned-center is-layout-flow wp-block-column-is-layout-flow\" style=\"flex-basis:33.33%\">\n<p class=\"has-text-align-center\">2CIN185\u00a0Representa\u00e7\u00e3o da Informa\u00e7\u00e3o e Lingu\u00edstica Textual<\/p>\n<\/div>\n\n\n\n<div class=\"wp-block-column is-vertically-aligned-center is-layout-flow wp-block-column-is-layout-flow\" style=\"flex-basis:66.66%\">\n<p><strong>Ementa<\/strong>: O uso da Linguagem natural no \u00e2mbito dos processos e produtos de representa\u00e7\u00e3o para a recupera\u00e7\u00e3o da informa\u00e7\u00e3o. Pressupostos da Lingu\u00edstica Textual para a representa\u00e7\u00e3o e recupera\u00e7\u00e3o da informa\u00e7\u00e3o.<\/p>\n\n\n\n<p><strong>Docente:<\/strong>&nbsp;Rosane Suely Alvares Lunardelli<br><strong>Cr\u00e9ditos\/Horas:<\/strong>&nbsp;3cr. \/ 45h<\/p>\n<\/div>\n<\/div>\n\n\n\n<div class=\"wp-block-columns has-site-background-background-color has-background is-layout-flex wp-container-core-columns-is-layout-9d6595d7 wp-block-columns-is-layout-flex\">\n<div class=\"wp-block-column is-vertically-aligned-center is-layout-flow wp-block-column-is-layout-flow\" style=\"flex-basis:33.33%\">\n<p class=\"has-text-align-center\">2CIN186\u00a0Comportamento e Compet\u00eancia Informacionais<\/p>\n<\/div>\n\n\n\n<div class=\"wp-block-column is-vertically-aligned-center is-layout-flow wp-block-column-is-layout-flow\" style=\"flex-basis:66.66%\">\n<p><strong>Ementa<\/strong>: Comportamento humano para identifica\u00e7\u00e3o de necessidades informacionais, acesso e uso da informa\u00e7\u00e3o. A compet\u00eancia informacional nos processos de aprendizado, investiga\u00e7\u00e3o, cria\u00e7\u00e3o, solu\u00e7\u00e3o de problemas e tomada de decis\u00e3o.<\/p>\n\n\n\n<p><strong>Docente:<\/strong>&nbsp;Linete Bartalo<br><strong>Cr\u00e9ditos\/Horas:<\/strong>&nbsp;4cr. \/ 60h<\/p>\n<\/div>\n<\/div>\n<\/div>\n","protected":false},"excerpt":{"rendered":"","protected":false},"author":9,"featured_media":0,"parent":0,"menu_order":0,"comment_status":"closed","ping_status":"closed","template":"","meta":{"footnotes":""},"class_list":["post-943","page","type-page","status-publish","hentry"],"_links":{"self":[{"href":"https:\/\/pos.uel.br\/ppgci\/wp-json\/wp\/v2\/pages\/943","targetHints":{"allow":["GET"]}}],"collection":[{"href":"https:\/\/pos.uel.br\/ppgci\/wp-json\/wp\/v2\/pages"}],"about":[{"href":"https:\/\/pos.uel.br\/ppgci\/wp-json\/wp\/v2\/types\/page"}],"author":[{"embeddable":true,"href":"https:\/\/pos.uel.br\/ppgci\/wp-json\/wp\/v2\/users\/9"}],"replies":[{"embeddable":true,"href":"https:\/\/pos.uel.br\/ppgci\/wp-json\/wp\/v2\/comments?post=943"}],"version-history":[{"count":2,"href":"https:\/\/pos.uel.br\/ppgci\/wp-json\/wp\/v2\/pages\/943\/revisions"}],"predecessor-version":[{"id":1020,"href":"https:\/\/pos.uel.br\/ppgci\/wp-json\/wp\/v2\/pages\/943\/revisions\/1020"}],"wp:attachment":[{"href":"https:\/\/pos.uel.br\/ppgci\/wp-json\/wp\/v2\/media?parent=943"}],"curies":[{"name":"wp","href":"https:\/\/api.w.org\/{rel}","templated":true}]}}

<div class="wp-block-uel-card">
<h2 class="has-text-align-center has-primary-accent-color has-text-color wp-block-heading">Disciplinas Optativas, 2º Semestre de 2012</h2>



<div class="wp-block-columns has-site-background-background-color has-background is-layout-flex wp-container-core-columns-is-layout-9d6595d7 wp-block-columns-is-layout-flex">
<div class="wp-block-column is-vertically-aligned-center is-layout-flow wp-block-column-is-layout-flow" style="flex-basis:33.33%">
<p class="has-text-align-center">2CIN147 Tópicos Especiais em Ciência da Informação: Estrategia de Búsqueda y Acesso a las Fuentes de Información para el Análisis de la Productividad Científica</p>
</div>



<div class="wp-block-column is-vertically-aligned-center is-layout-flow wp-block-column-is-layout-flow" style="flex-basis:66.66%">
<p><strong>Ementa</strong>: Temas atuais e tendências em Ciência da Informação.</p>



<p><strong>Docente:</strong>&nbsp;Adolfo Alonso Arroyo (Convidado)<br><strong>Créditos/Horas:</strong>&nbsp;1cr. / 15h</p>
</div>
</div>



<div class="wp-block-columns has-site-background-background-color has-background is-layout-flex wp-container-core-columns-is-layout-9d6595d7 wp-block-columns-is-layout-flex">
<div class="wp-block-column is-vertically-aligned-center is-layout-flow wp-block-column-is-layout-flow" style="flex-basis:33.33%">
<p class="has-text-align-center">2CIN185 Representação da Informação e Linguística Textual</p>
</div>



<div class="wp-block-column is-vertically-aligned-center is-layout-flow wp-block-column-is-layout-flow" style="flex-basis:66.66%">
<p><strong>Ementa</strong>: O uso da Linguagem natural no âmbito dos processos e produtos de representação para a recuperação da informação. Pressupostos da Linguística Textual para a representação e recuperação da informação.</p>



<p><strong>Docente:</strong>&nbsp;Rosane Suely Alvares Lunardelli<br><strong>Créditos/Horas:</strong>&nbsp;3cr. / 45h</p>
</div>
</div>



<div class="wp-block-columns has-site-background-background-color has-background is-layout-flex wp-container-core-columns-is-layout-9d6595d7 wp-block-columns-is-layout-flex">
<div class="wp-block-column is-vertically-aligned-center is-layout-flow wp-block-column-is-layout-flow" style="flex-basis:33.33%">
<p class="has-text-align-center">2CIN186 Comportamento e Competência Informacionais</p>
</div>



<div class="wp-block-column is-vertically-aligned-center is-layout-flow wp-block-column-is-layout-flow" style="flex-basis:66.66%">
<p><strong>Ementa</strong>: Comportamento humano para identificação de necessidades informacionais, acesso e uso da informação. A competência informacional nos processos de aprendizado, investigação, criação, solução de problemas e tomada de decisão.</p>



<p><strong>Docente:</strong>&nbsp;Linete Bartalo<br><strong>Créditos/Horas:</strong>&nbsp;4cr. / 60h</p>
</div>
</div>
</div>
