{"id":941,"date":"2023-02-18T16:02:28","date_gmt":"2023-02-18T19:02:28","guid":{"rendered":"https:\/\/pos.uel.br\/ppgci\/?page_id=941"},"modified":"2023-02-18T18:07:14","modified_gmt":"2023-02-18T21:07:14","slug":"disciplinas-optativas-2013","status":"publish","type":"page","link":"https:\/\/pos.uel.br\/ppgci\/disciplinas-optativas-2013\/","title":{"rendered":"Disciplinas optativas 2013"},"content":{"rendered":"\n<div class=\"wp-block-uel-card\">\n<h2 class=\"has-text-align-center has-primary-accent-color has-text-color wp-block-heading\">Disciplinas Optativas, 1\u00ba Semestre de 2013<\/h2>\n\n\n\n<div class=\"wp-block-columns has-site-background-background-color has-background is-layout-flex wp-container-core-columns-is-layout-9d6595d7 wp-block-columns-is-layout-flex\">\n<div class=\"wp-block-column is-vertically-aligned-center is-layout-flow wp-block-column-is-layout-flow\" style=\"flex-basis:33.33%\">\n<p class=\"has-text-align-center\">2CIN191\u00a0MEDIA\u00c7\u00c3O INFORMACIONAL E COMUNICACIONAL<\/p>\n<\/div>\n\n\n\n<div class=\"wp-block-column is-layout-flow wp-block-column-is-layout-flow\" style=\"flex-basis:66.66%\">\n<p><strong>Ementa<\/strong>: Media\u00e7\u00e3o e seus conceitos em diferentes \u00e1reas. Media\u00e7\u00e3o informacional e comunicacional nos espa\u00e7os de leitura, informa\u00e7\u00e3o e aprendizagem.<\/p>\n\n\n\n<p><strong>Docente:<\/strong>&nbsp;Sueli Bortolin<br><strong>Cr\u00e9ditos\/Horas:<\/strong>&nbsp;2cr. \/ 30h<\/p>\n<\/div>\n<\/div>\n\n\n\n<div class=\"wp-block-columns has-site-background-background-color has-background is-layout-flex wp-container-core-columns-is-layout-9d6595d7 wp-block-columns-is-layout-flex\">\n<div class=\"wp-block-column is-vertically-aligned-center is-layout-flow wp-block-column-is-layout-flow\" style=\"flex-basis:33.33%\">\n<p class=\"has-text-align-center\">2CIN192\u00a0T\u00d3PICOS ESPECIAIS EM CI\u00caNCIA DA INFORMA\u00c7\u00c3O: TEND\u00caNCIAS. CONTEMPOR NES EM EPSTEMOLOGIA DA CI\u00caNCIA DA INFORMA\u00c7\u00c3O<\/p>\n<\/div>\n\n\n\n<div class=\"wp-block-column is-layout-flow wp-block-column-is-layout-flow\" style=\"flex-basis:66.66%\">\n<p><strong>Ementa<\/strong>: O debate epistemol\u00f3gico na Ci\u00eancia da Informa\u00e7\u00e3o. A cientificidade do campo e a especificidade do olhar informacional na constru\u00e7\u00e3o do objeto de pesquisa. Caracteriza\u00e7\u00f5es da Ci\u00eancia da Informa\u00e7\u00e3o: ci\u00eancia p\u00f3s-moderna, ci\u00eancia interdisciplinar e sua inser\u00e7\u00e3o no campo das ci\u00eancias humanas e sociais. Paradigmas e modelos de estudo.<\/p>\n\n\n\n<p><strong>Docente:<\/strong>&nbsp;Carlos Alberto \u00c1vila Ara\u00fajo (convidado)<br><strong>Cr\u00e9ditos\/Horas:<\/strong>&nbsp;1cr. \/ 15h<\/p>\n<\/div>\n<\/div>\n\n\n\n<div class=\"wp-block-columns has-site-background-background-color has-background is-layout-flex wp-container-core-columns-is-layout-9d6595d7 wp-block-columns-is-layout-flex\">\n<div class=\"wp-block-column is-vertically-aligned-center is-layout-flow wp-block-column-is-layout-flow\" style=\"flex-basis:33.33%\">\n<p class=\"has-text-align-center\">2CIN193\u00a0T\u00d3PICOS ESPECIAIS EM CI\u00caNCIA DA INFORMA\u00c7\u00c3O: ESTUDO DAS PR\u00c1TICAS INFORMACIONAIS: O SUJEITO<\/p>\n<\/div>\n\n\n\n<div class=\"wp-block-column is-layout-flow wp-block-column-is-layout-flow\" style=\"flex-basis:66.66%\">\n<p><strong>Ementa<\/strong>: O campo de pesquisa sobre os usu\u00e1rios da informa\u00e7\u00e3o; estudos de usos, comportamento informacional e pr\u00e1ticas informacionais. Conceitos relevantes: sujeito, cultura, contexto. Abordagens te\u00f3ricas relevantes: etnometodologia, interacionismo, fenomenologia. O desenho metodol\u00f3gico das abordagens compreensivas.<\/p>\n\n\n\n<p><strong>Docente:<\/strong>&nbsp;Carlos Alberto \u00c1vila Ara\u00fajo (convidado)<br><strong>Cr\u00e9ditos\/Horas:<\/strong>&nbsp;1cr. \/ 15h<\/p>\n<\/div>\n<\/div>\n\n\n\n<div class=\"wp-block-columns has-site-background-background-color has-background is-layout-flex wp-container-core-columns-is-layout-9d6595d7 wp-block-columns-is-layout-flex\">\n<div class=\"wp-block-column is-layout-flow wp-block-column-is-layout-flow\" style=\"flex-basis:33.33%\">\n<p class=\"has-text-align-center\">2CIN194\u00a0T\u00d3PICOS ESPECIAIS EM CI\u00caNCIA DA INFORMA\u00c7\u00c3O: EVALUACI\u00d3N SEM\u00c1NTICA Y ESTRUCTURAL DE TESAUROS<\/p>\n<\/div>\n\n\n\n<div class=\"wp-block-column is-vertically-aligned-center is-layout-flow wp-block-column-is-layout-flow\" style=\"flex-basis:66.66%\">\n<p><strong>Docente:<\/strong>&nbsp;Blanca Gil Urdiciain (Convidado)<br><strong>Cr\u00e9ditos\/Horas:<\/strong>&nbsp;1cr. \/ 15h<\/p>\n<\/div>\n<\/div>\n\n\n\n<div class=\"wp-block-columns has-site-background-background-color has-background is-layout-flex wp-container-core-columns-is-layout-9d6595d7 wp-block-columns-is-layout-flex\">\n<div class=\"wp-block-column is-vertically-aligned-center is-layout-flow wp-block-column-is-layout-flow\" style=\"flex-basis:33.33%\">\n<p class=\"has-text-align-center\">2CIN195\u00a0T\u00d3PICOS ESPECIAIS EM CI\u00caNCIA DA INFORMA\u00c7\u00c3O: ESCRITA DO TEXTO CIENT\u00cdFICO<\/p>\n<\/div>\n\n\n\n<div class=\"wp-block-column is-vertically-aligned-center is-layout-flow wp-block-column-is-layout-flow\" style=\"flex-basis:66.66%\">\n<p><strong>Docente:<\/strong>&nbsp;Miguel Luiz Contani (convidado)<br><strong>Cr\u00e9ditos\/Horas:<\/strong>&nbsp;1cr. \/ 15<\/p>\n<\/div>\n<\/div>\n\n\n\n<div class=\"wp-block-columns has-site-background-background-color has-background is-layout-flex wp-container-core-columns-is-layout-9d6595d7 wp-block-columns-is-layout-flex\">\n<div class=\"wp-block-column is-vertically-aligned-center is-layout-flow wp-block-column-is-layout-flow\" style=\"flex-basis:33.33%\">\n<p class=\"has-text-align-center\">2CIN196\u00a0T\u00d3PICOS ESPECIAIS EM CI\u00caNCIA DA INFORMA\u00c7\u00c3O: INFORMA\u00c7\u00c3O E DISPOSITIVOS M\u00d3VEIS<\/p>\n<\/div>\n\n\n\n<div class=\"wp-block-column is-vertically-aligned-center is-layout-flow wp-block-column-is-layout-flow\" style=\"flex-basis:66.66%\">\n<p><strong>Docente:<\/strong>&nbsp;Adriano J. C. Moreira (convidado) e Silvana Drumond Monteiro<br><strong>Cr\u00e9ditos\/Horas:<\/strong>&nbsp;1cr. \/ 15h<\/p>\n<\/div>\n<\/div>\n<\/div>\n\n\n\n<div class=\"wp-block-uel-card\">\n<h2 class=\"has-text-align-center has-primary-accent-color has-text-color wp-block-heading\">Disciplinas Optativas, 2\u00ba Semestre de 2013<\/h2>\n\n\n\n<div class=\"wp-block-columns has-site-background-background-color has-background is-layout-flex wp-container-core-columns-is-layout-9d6595d7 wp-block-columns-is-layout-flex\">\n<div class=\"wp-block-column is-vertically-aligned-center is-layout-flow wp-block-column-is-layout-flow\" style=\"flex-basis:33.33%\">\n<p class=\"has-text-align-center\">2CIN185\u00a0Representa\u00e7\u00e3o Da Informa\u00e7\u00e3o E Lingu\u00edstica Textual<\/p>\n<\/div>\n\n\n\n<div class=\"wp-block-column is-layout-flow wp-block-column-is-layout-flow\" style=\"flex-basis:66.66%\">\n<p><strong>Ementa<\/strong>: O uso da Linguagem natural no \u00e2mbito dos processos e produtos de representa\u00e7\u00e3o para a recupera\u00e7\u00e3o da informa\u00e7\u00e3o. Pressupostos da Lingu\u00edstica Textual para a representa\u00e7\u00e3o e recupera\u00e7\u00e3o da informa\u00e7\u00e3o.<\/p>\n\n\n\n<p><strong>Docente:<\/strong>&nbsp;Rosane Suely Alvares Lunardelli<br><strong>Cr\u00e9ditos\/Horas:<\/strong>&nbsp;3cr. \/ 45h<\/p>\n<\/div>\n<\/div>\n\n\n\n<div class=\"wp-block-columns has-site-background-background-color has-background is-layout-flex wp-container-core-columns-is-layout-9d6595d7 wp-block-columns-is-layout-flex\">\n<div class=\"wp-block-column is-vertically-aligned-center is-layout-flow wp-block-column-is-layout-flow\" style=\"flex-basis:33.33%\">\n<p class=\"has-text-align-center\">2CIN186\u00a0Comportamento E Compet\u00eancia Informacionais<\/p>\n<\/div>\n\n\n\n<div class=\"wp-block-column is-layout-flow wp-block-column-is-layout-flow\" style=\"flex-basis:66.66%\">\n<p><strong>Ementa<\/strong>: Comportamento humano para identifica\u00e7\u00e3o de necessidades informacionais, acesso e uso da informa\u00e7\u00e3o. A compet\u00eancia informacional nos processos de aprendizado, investiga\u00e7\u00e3o, cria\u00e7\u00e3o, solu\u00e7\u00e3o de problemas e tomada de decis\u00e3o.<\/p>\n\n\n\n<p><strong>Docente:<\/strong>&nbsp;Linete Bartalo<br><strong>Cr\u00e9ditos\/Horas:<\/strong>&nbsp;4cr. \/ 60h<\/p>\n<\/div>\n<\/div>\n\n\n\n<div class=\"wp-block-columns has-site-background-background-color has-background is-layout-flex wp-container-core-columns-is-layout-9d6595d7 wp-block-columns-is-layout-flex\">\n<div class=\"wp-block-column is-vertically-aligned-center is-layout-flow wp-block-column-is-layout-flow\" style=\"flex-basis:33.33%\">\n<p class=\"has-text-align-center\">2CIN197\u00a0T\u00f3picos Especiais Em Ci\u00eancia Da Informa\u00e7\u00e3o: O Processo Da Investiga\u00e7\u00e3o Cient\u00edfica<\/p>\n<\/div>\n\n\n\n<div class=\"wp-block-column is-vertically-aligned-center is-layout-flow wp-block-column-is-layout-flow\" style=\"flex-basis:66.66%\">\n<p><strong>Docente:<\/strong>&nbsp;Adriana Rosecler Alcar\u00e1 Engelmann<br><strong>Cr\u00e9ditos\/Horas:<\/strong>&nbsp;1cr. \/ 15h<\/p>\n<\/div>\n<\/div>\n\n\n\n<div class=\"wp-block-columns has-site-background-background-color has-background is-layout-flex wp-container-core-columns-is-layout-9d6595d7 wp-block-columns-is-layout-flex\">\n<div class=\"wp-block-column is-vertically-aligned-center is-layout-flow wp-block-column-is-layout-flow\" style=\"flex-basis:33.33%\">\n<p class=\"has-text-align-center\">2CIN198\u00a0T\u00f3picos Especiais Em Ci\u00eancia Da Informa\u00e7\u00e3o: Minera\u00e7\u00e3o De Sentidos<\/p>\n<\/div>\n\n\n\n<div class=\"wp-block-column is-vertically-aligned-center is-layout-flow wp-block-column-is-layout-flow\" style=\"flex-basis:66.66%\">\n<p><strong>Docente:<\/strong>&nbsp;Benjamin Luiz Franklin (convidado)<br><strong>Cr\u00e9ditos\/Horas:<\/strong>&nbsp;2cr. \/ 30h<\/p>\n<\/div>\n<\/div>\n\n\n\n<div class=\"wp-block-columns has-site-background-background-color has-background is-layout-flex wp-container-core-columns-is-layout-9d6595d7 wp-block-columns-is-layout-flex\">\n<div class=\"wp-block-column is-vertically-aligned-center is-layout-flow wp-block-column-is-layout-flow\" style=\"flex-basis:33.33%\">\n<p class=\"has-text-align-center\">2CIN199\u00a0T\u00f3picos Especiais Em Ci\u00eancia Da Informa\u00e7\u00e3o: Usabilidade E Recupera\u00e7\u00e3o Da Informa\u00e7\u00e3o<\/p>\n<\/div>\n\n\n\n<div class=\"wp-block-column is-vertically-aligned-center is-layout-flow wp-block-column-is-layout-flow\" style=\"flex-basis:66.66%\">\n<p><strong>Docente:<\/strong>&nbsp;Peter Williams (convidado)<br><strong>Cr\u00e9ditos\/Horas:<\/strong>&nbsp;1cr. \/ 15h<\/p>\n<\/div>\n<\/div>\n<\/div>\n","protected":false},"excerpt":{"rendered":"","protected":false},"author":9,"featured_media":0,"parent":0,"menu_order":0,"comment_status":"closed","ping_status":"closed","template":"","meta":{"footnotes":""},"class_list":["post-941","page","type-page","status-publish","hentry"],"_links":{"self":[{"href":"https:\/\/pos.uel.br\/ppgci\/wp-json\/wp\/v2\/pages\/941","targetHints":{"allow":["GET"]}}],"collection":[{"href":"https:\/\/pos.uel.br\/ppgci\/wp-json\/wp\/v2\/pages"}],"about":[{"href":"https:\/\/pos.uel.br\/ppgci\/wp-json\/wp\/v2\/types\/page"}],"author":[{"embeddable":true,"href":"https:\/\/pos.uel.br\/ppgci\/wp-json\/wp\/v2\/users\/9"}],"replies":[{"embeddable":true,"href":"https:\/\/pos.uel.br\/ppgci\/wp-json\/wp\/v2\/comments?post=941"}],"version-history":[{"count":7,"href":"https:\/\/pos.uel.br\/ppgci\/wp-json\/wp\/v2\/pages\/941\/revisions"}],"predecessor-version":[{"id":1018,"href":"https:\/\/pos.uel.br\/ppgci\/wp-json\/wp\/v2\/pages\/941\/revisions\/1018"}],"wp:attachment":[{"href":"https:\/\/pos.uel.br\/ppgci\/wp-json\/wp\/v2\/media?parent=941"}],"curies":[{"name":"wp","href":"https:\/\/api.w.org\/{rel}","templated":true}]}}

<div class="wp-block-uel-card">
<h2 class="has-text-align-center has-primary-accent-color has-text-color wp-block-heading">Disciplinas Optativas, 1º Semestre de 2013</h2>



<div class="wp-block-columns has-site-background-background-color has-background is-layout-flex wp-container-core-columns-is-layout-9d6595d7 wp-block-columns-is-layout-flex">
<div class="wp-block-column is-vertically-aligned-center is-layout-flow wp-block-column-is-layout-flow" style="flex-basis:33.33%">
<p class="has-text-align-center">2CIN191 MEDIAÇÃO INFORMACIONAL E COMUNICACIONAL</p>
</div>



<div class="wp-block-column is-layout-flow wp-block-column-is-layout-flow" style="flex-basis:66.66%">
<p><strong>Ementa</strong>: Mediação e seus conceitos em diferentes áreas. Mediação informacional e comunicacional nos espaços de leitura, informação e aprendizagem.</p>



<p><strong>Docente:</strong>&nbsp;Sueli Bortolin<br><strong>Créditos/Horas:</strong>&nbsp;2cr. / 30h</p>
</div>
</div>



<div class="wp-block-columns has-site-background-background-color has-background is-layout-flex wp-container-core-columns-is-layout-9d6595d7 wp-block-columns-is-layout-flex">
<div class="wp-block-column is-vertically-aligned-center is-layout-flow wp-block-column-is-layout-flow" style="flex-basis:33.33%">
<p class="has-text-align-center">2CIN192 TÓPICOS ESPECIAIS EM CIÊNCIA DA INFORMAÇÃO: TENDÊNCIAS. CONTEMPOR NES EM EPSTEMOLOGIA DA CIÊNCIA DA INFORMAÇÃO</p>
</div>



<div class="wp-block-column is-layout-flow wp-block-column-is-layout-flow" style="flex-basis:66.66%">
<p><strong>Ementa</strong>: O debate epistemológico na Ciência da Informação. A cientificidade do campo e a especificidade do olhar informacional na construção do objeto de pesquisa. Caracterizações da Ciência da Informação: ciência pós-moderna, ciência interdisciplinar e sua inserção no campo das ciências humanas e sociais. Paradigmas e modelos de estudo.</p>



<p><strong>Docente:</strong>&nbsp;Carlos Alberto Ávila Araújo (convidado)<br><strong>Créditos/Horas:</strong>&nbsp;1cr. / 15h</p>
</div>
</div>



<div class="wp-block-columns has-site-background-background-color has-background is-layout-flex wp-container-core-columns-is-layout-9d6595d7 wp-block-columns-is-layout-flex">
<div class="wp-block-column is-vertically-aligned-center is-layout-flow wp-block-column-is-layout-flow" style="flex-basis:33.33%">
<p class="has-text-align-center">2CIN193 TÓPICOS ESPECIAIS EM CIÊNCIA DA INFORMAÇÃO: ESTUDO DAS PRÁTICAS INFORMACIONAIS: O SUJEITO</p>
</div>



<div class="wp-block-column is-layout-flow wp-block-column-is-layout-flow" style="flex-basis:66.66%">
<p><strong>Ementa</strong>: O campo de pesquisa sobre os usuários da informação; estudos de usos, comportamento informacional e práticas informacionais. Conceitos relevantes: sujeito, cultura, contexto. Abordagens teóricas relevantes: etnometodologia, interacionismo, fenomenologia. O desenho metodológico das abordagens compreensivas.</p>



<p><strong>Docente:</strong>&nbsp;Carlos Alberto Ávila Araújo (convidado)<br><strong>Créditos/Horas:</strong>&nbsp;1cr. / 15h</p>
</div>
</div>



<div class="wp-block-columns has-site-background-background-color has-background is-layout-flex wp-container-core-columns-is-layout-9d6595d7 wp-block-columns-is-layout-flex">
<div class="wp-block-column is-layout-flow wp-block-column-is-layout-flow" style="flex-basis:33.33%">
<p class="has-text-align-center">2CIN194 TÓPICOS ESPECIAIS EM CIÊNCIA DA INFORMAÇÃO: EVALUACIÓN SEMÁNTICA Y ESTRUCTURAL DE TESAUROS</p>
</div>



<div class="wp-block-column is-vertically-aligned-center is-layout-flow wp-block-column-is-layout-flow" style="flex-basis:66.66%">
<p><strong>Docente:</strong>&nbsp;Blanca Gil Urdiciain (Convidado)<br><strong>Créditos/Horas:</strong>&nbsp;1cr. / 15h</p>
</div>
</div>



<div class="wp-block-columns has-site-background-background-color has-background is-layout-flex wp-container-core-columns-is-layout-9d6595d7 wp-block-columns-is-layout-flex">
<div class="wp-block-column is-vertically-aligned-center is-layout-flow wp-block-column-is-layout-flow" style="flex-basis:33.33%">
<p class="has-text-align-center">2CIN195 TÓPICOS ESPECIAIS EM CIÊNCIA DA INFORMAÇÃO: ESCRITA DO TEXTO CIENTÍFICO</p>
</div>



<div class="wp-block-column is-vertically-aligned-center is-layout-flow wp-block-column-is-layout-flow" style="flex-basis:66.66%">
<p><strong>Docente:</strong>&nbsp;Miguel Luiz Contani (convidado)<br><strong>Créditos/Horas:</strong>&nbsp;1cr. / 15</p>
</div>
</div>



<div class="wp-block-columns has-site-background-background-color has-background is-layout-flex wp-container-core-columns-is-layout-9d6595d7 wp-block-columns-is-layout-flex">
<div class="wp-block-column is-vertically-aligned-center is-layout-flow wp-block-column-is-layout-flow" style="flex-basis:33.33%">
<p class="has-text-align-center">2CIN196 TÓPICOS ESPECIAIS EM CIÊNCIA DA INFORMAÇÃO: INFORMAÇÃO E DISPOSITIVOS MÓVEIS</p>
</div>



<div class="wp-block-column is-vertically-aligned-center is-layout-flow wp-block-column-is-layout-flow" style="flex-basis:66.66%">
<p><strong>Docente:</strong>&nbsp;Adriano J. C. Moreira (convidado) e Silvana Drumond Monteiro<br><strong>Créditos/Horas:</strong>&nbsp;1cr. / 15h</p>
</div>
</div>
</div>



<div class="wp-block-uel-card">
<h2 class="has-text-align-center has-primary-accent-color has-text-color wp-block-heading">Disciplinas Optativas, 2º Semestre de 2013</h2>



<div class="wp-block-columns has-site-background-background-color has-background is-layout-flex wp-container-core-columns-is-layout-9d6595d7 wp-block-columns-is-layout-flex">
<div class="wp-block-column is-vertically-aligned-center is-layout-flow wp-block-column-is-layout-flow" style="flex-basis:33.33%">
<p class="has-text-align-center">2CIN185 Representação Da Informação E Linguística Textual</p>
</div>



<div class="wp-block-column is-layout-flow wp-block-column-is-layout-flow" style="flex-basis:66.66%">
<p><strong>Ementa</strong>: O uso da Linguagem natural no âmbito dos processos e produtos de representação para a recuperação da informação. Pressupostos da Linguística Textual para a representação e recuperação da informação.</p>



<p><strong>Docente:</strong>&nbsp;Rosane Suely Alvares Lunardelli<br><strong>Créditos/Horas:</strong>&nbsp;3cr. / 45h</p>
</div>
</div>



<div class="wp-block-columns has-site-background-background-color has-background is-layout-flex wp-container-core-columns-is-layout-9d6595d7 wp-block-columns-is-layout-flex">
<div class="wp-block-column is-vertically-aligned-center is-layout-flow wp-block-column-is-layout-flow" style="flex-basis:33.33%">
<p class="has-text-align-center">2CIN186 Comportamento E Competência Informacionais</p>
</div>



<div class="wp-block-column is-layout-flow wp-block-column-is-layout-flow" style="flex-basis:66.66%">
<p><strong>Ementa</strong>: Comportamento humano para identificação de necessidades informacionais, acesso e uso da informação. A competência informacional nos processos de aprendizado, investigação, criação, solução de problemas e tomada de decisão.</p>



<p><strong>Docente:</strong>&nbsp;Linete Bartalo<br><strong>Créditos/Horas:</strong>&nbsp;4cr. / 60h</p>
</div>
</div>



<div class="wp-block-columns has-site-background-background-color has-background is-layout-flex wp-container-core-columns-is-layout-9d6595d7 wp-block-columns-is-layout-flex">
<div class="wp-block-column is-vertically-aligned-center is-layout-flow wp-block-column-is-layout-flow" style="flex-basis:33.33%">
<p class="has-text-align-center">2CIN197 Tópicos Especiais Em Ciência Da Informação: O Processo Da Investigação Científica</p>
</div>



<div class="wp-block-column is-vertically-aligned-center is-layout-flow wp-block-column-is-layout-flow" style="flex-basis:66.66%">
<p><strong>Docente:</strong>&nbsp;Adriana Rosecler Alcará Engelmann<br><strong>Créditos/Horas:</strong>&nbsp;1cr. / 15h</p>
</div>
</div>



<div class="wp-block-columns has-site-background-background-color has-background is-layout-flex wp-container-core-columns-is-layout-9d6595d7 wp-block-columns-is-layout-flex">
<div class="wp-block-column is-vertically-aligned-center is-layout-flow wp-block-column-is-layout-flow" style="flex-basis:33.33%">
<p class="has-text-align-center">2CIN198 Tópicos Especiais Em Ciência Da Informação: Mineração De Sentidos</p>
</div>



<div class="wp-block-column is-vertically-aligned-center is-layout-flow wp-block-column-is-layout-flow" style="flex-basis:66.66%">
<p><strong>Docente:</strong>&nbsp;Benjamin Luiz Franklin (convidado)<br><strong>Créditos/Horas:</strong>&nbsp;2cr. / 30h</p>
</div>
</div>



<div class="wp-block-columns has-site-background-background-color has-background is-layout-flex wp-container-core-columns-is-layout-9d6595d7 wp-block-columns-is-layout-flex">
<div class="wp-block-column is-vertically-aligned-center is-layout-flow wp-block-column-is-layout-flow" style="flex-basis:33.33%">
<p class="has-text-align-center">2CIN199 Tópicos Especiais Em Ciência Da Informação: Usabilidade E Recuperação Da Informação</p>
</div>



<div class="wp-block-column is-vertically-aligned-center is-layout-flow wp-block-column-is-layout-flow" style="flex-basis:66.66%">
<p><strong>Docente:</strong>&nbsp;Peter Williams (convidado)<br><strong>Créditos/Horas:</strong>&nbsp;1cr. / 15h</p>
</div>
</div>
</div>
