{"id":939,"date":"2023-02-18T16:02:08","date_gmt":"2023-02-18T19:02:08","guid":{"rendered":"https:\/\/pos.uel.br\/ppgci\/?page_id=939"},"modified":"2023-02-18T18:00:47","modified_gmt":"2023-02-18T21:00:47","slug":"disciplinas-optativas-2014","status":"publish","type":"page","link":"https:\/\/pos.uel.br\/ppgci\/disciplinas-optativas-2014\/","title":{"rendered":"Disciplinas optativas 2014"},"content":{"rendered":"\n<div class=\"wp-block-uel-card\">\n<h2 class=\"has-text-align-center has-primary-accent-color has-text-color wp-block-heading\">Disciplinas Optativas, 1\u00ba Semestre de 2014<\/h2>\n\n\n\n<div class=\"wp-block-columns has-site-background-background-color has-background is-layout-flex wp-container-core-columns-is-layout-9d6595d7 wp-block-columns-is-layout-flex\">\n<div class=\"wp-block-column is-vertically-aligned-center is-layout-flow wp-block-column-is-layout-flow\" style=\"flex-basis:33.33%\">\n<p class=\"has-text-align-center\">2CIN153\u00a0Mem\u00f3ria Organizacional E Informa\u00e7\u00e3o<\/p>\n<\/div>\n\n\n\n<div class=\"wp-block-column is-layout-flow wp-block-column-is-layout-flow\" style=\"flex-basis:66.66%\">\n<p><strong>Ementa<\/strong>: Aspectos da utiliza\u00e7\u00e3o da mem\u00f3ria organizacional e individual para a estrat\u00e9gia da organiza\u00e7\u00e3o. A mem\u00f3ria individual como recurso de conhecimento nas organiza\u00e7\u00f5es.<\/p>\n\n\n\n<p><strong>Docente:<\/strong>&nbsp;Let\u00edcia Gorri Molina<br><strong>Cr\u00e9ditos\/Horas:<\/strong>&nbsp;3cr. \/ 45h<\/p>\n<\/div>\n<\/div>\n\n\n\n<div class=\"wp-block-columns has-site-background-background-color has-background is-layout-flex wp-container-core-columns-is-layout-9d6595d7 wp-block-columns-is-layout-flex\">\n<div class=\"wp-block-column is-vertically-aligned-center is-layout-flow wp-block-column-is-layout-flow\" style=\"flex-basis:33.33%\">\n<p class=\"has-text-align-center\">2CIN191\u00a0Media\u00e7\u00e3o Informacional E Comunicacional<\/p>\n<\/div>\n\n\n\n<div class=\"wp-block-column is-layout-flow wp-block-column-is-layout-flow\" style=\"flex-basis:66.66%\">\n<p><strong>Ementa<\/strong>: Media\u00e7\u00e3o e seus conceitos em diferentes \u00e1reas. Media\u00e7\u00e3o informacional e comunicacional nos espa\u00e7os de leitura, informa\u00e7\u00e3o e aprendizagem.<\/p>\n\n\n\n<p><strong>Docente:<\/strong>&nbsp;Sueli Bortolin<br><strong>Cr\u00e9ditos\/Horas:<\/strong>&nbsp;2cr. \/ 30h<\/p>\n<\/div>\n<\/div>\n\n\n\n<div class=\"wp-block-columns has-site-background-background-color has-background is-layout-flex wp-container-core-columns-is-layout-9d6595d7 wp-block-columns-is-layout-flex\">\n<div class=\"wp-block-column is-vertically-aligned-center is-layout-flow wp-block-column-is-layout-flow\" style=\"flex-basis:33.33%\">\n<p class=\"has-text-align-center\">2CIN200\u00a0T\u00f3picos Especiais Em Ci\u00eancia Da Informa\u00e7\u00e3o: An\u00e1lise De Redes Sociais<\/p>\n<\/div>\n\n\n\n<div class=\"wp-block-column is-layout-flow wp-block-column-is-layout-flow\" style=\"flex-basis:66.66%\">\n<p><strong>Ementa<\/strong>: Compartilhamento de informa\u00e7\u00e3o e do conhecimento em redes sociais. A teoria de redes e o m\u00e9todo An\u00e1lise de Redes Sociais (ARS).<\/p>\n\n\n\n<p><strong>Docente:<\/strong>\u00a0Maria In\u00eas Toma\u00e9l<br><strong>Cr\u00e9ditos\/Horas:<\/strong>\u00a01cr. \/ 15h<\/p>\n<\/div>\n<\/div>\n<\/div>\n\n\n\n<div class=\"wp-block-uel-card\">\n<h2 class=\"has-text-align-center has-primary-accent-color has-text-color wp-block-heading\">Disciplinas Optativas, 2\u00ba Semestre de 2014<\/h2>\n\n\n\n<div class=\"wp-block-columns has-site-background-background-color has-background is-layout-flex wp-container-core-columns-is-layout-9d6595d7 wp-block-columns-is-layout-flex\">\n<div class=\"wp-block-column is-vertically-aligned-center is-layout-flow wp-block-column-is-layout-flow\" style=\"flex-basis:33.33%\">\n<p class=\"has-text-align-center\">2CIN201\u00a0T\u00f3picos Especiais Em Ci\u00eancia Da Informa\u00e7\u00e3o: Aspectos L\u00f3gicos E Lingu\u00edsticos Do Projeto De Pesquisa<\/p>\n<\/div>\n\n\n\n<div class=\"wp-block-column is-layout-flow wp-block-column-is-layout-flow\" style=\"flex-basis:66.66%\">\n<p><strong>Ementa<\/strong>: A pesquisa cient\u00edfica. O projeto de pesquisa e seus aspectos l\u00f3gicos e lingu\u00edsticos.<\/p>\n\n\n\n<p><strong>Docente:<\/strong>\u00a0Silvana Drumond Monteiro<br><strong>Cr\u00e9ditos\/Horas:<\/strong>\u00a01cr. \/ 15h<\/p>\n<\/div>\n<\/div>\n\n\n\n<div class=\"wp-block-columns has-site-background-background-color has-background is-layout-flex wp-container-core-columns-is-layout-9d6595d7 wp-block-columns-is-layout-flex\">\n<div class=\"wp-block-column is-vertically-aligned-center is-layout-flow wp-block-column-is-layout-flow\" style=\"flex-basis:33.33%\">\n<p class=\"has-text-align-center\">2CIN202\u00a0T\u00f3picos Especiais Em Ci\u00eancia Da Informa\u00e7\u00e3o: Las Nuevas Tendencias De La Descripci\u00f3n Archiv\u00edstica<\/p>\n<\/div>\n\n\n\n<div class=\"wp-block-column is-layout-flow wp-block-column-is-layout-flow\" style=\"flex-basis:66.66%\">\n<p><strong>Ementa<\/strong>: Las nuevas tend\u00eancias de la representaci\u00f3n y la recuperaci\u00f3n de los documentos em los archivos.<\/p>\n\n\n\n<p><strong>Docente:<\/strong>&nbsp;Dunia Llanes Padr\u00f3n (convidado)<br><strong>Cr\u00e9ditos\/Horas:<\/strong>&nbsp;1cr. \/ 15h<\/p>\n<\/div>\n<\/div>\n<\/div>\n","protected":false},"excerpt":{"rendered":"","protected":false},"author":9,"featured_media":0,"parent":0,"menu_order":0,"comment_status":"closed","ping_status":"closed","template":"","meta":{"footnotes":""},"class_list":["post-939","page","type-page","status-publish","hentry"],"_links":{"self":[{"href":"https:\/\/pos.uel.br\/ppgci\/wp-json\/wp\/v2\/pages\/939","targetHints":{"allow":["GET"]}}],"collection":[{"href":"https:\/\/pos.uel.br\/ppgci\/wp-json\/wp\/v2\/pages"}],"about":[{"href":"https:\/\/pos.uel.br\/ppgci\/wp-json\/wp\/v2\/types\/page"}],"author":[{"embeddable":true,"href":"https:\/\/pos.uel.br\/ppgci\/wp-json\/wp\/v2\/users\/9"}],"replies":[{"embeddable":true,"href":"https:\/\/pos.uel.br\/ppgci\/wp-json\/wp\/v2\/comments?post=939"}],"version-history":[{"count":7,"href":"https:\/\/pos.uel.br\/ppgci\/wp-json\/wp\/v2\/pages\/939\/revisions"}],"predecessor-version":[{"id":1012,"href":"https:\/\/pos.uel.br\/ppgci\/wp-json\/wp\/v2\/pages\/939\/revisions\/1012"}],"wp:attachment":[{"href":"https:\/\/pos.uel.br\/ppgci\/wp-json\/wp\/v2\/media?parent=939"}],"curies":[{"name":"wp","href":"https:\/\/api.w.org\/{rel}","templated":true}]}}

<div class="wp-block-uel-card">
<h2 class="has-text-align-center has-primary-accent-color has-text-color wp-block-heading">Disciplinas Optativas, 1º Semestre de 2014</h2>



<div class="wp-block-columns has-site-background-background-color has-background is-layout-flex wp-container-core-columns-is-layout-9d6595d7 wp-block-columns-is-layout-flex">
<div class="wp-block-column is-vertically-aligned-center is-layout-flow wp-block-column-is-layout-flow" style="flex-basis:33.33%">
<p class="has-text-align-center">2CIN153 Memória Organizacional E Informação</p>
</div>



<div class="wp-block-column is-layout-flow wp-block-column-is-layout-flow" style="flex-basis:66.66%">
<p><strong>Ementa</strong>: Aspectos da utilização da memória organizacional e individual para a estratégia da organização. A memória individual como recurso de conhecimento nas organizações.</p>



<p><strong>Docente:</strong>&nbsp;Letícia Gorri Molina<br><strong>Créditos/Horas:</strong>&nbsp;3cr. / 45h</p>
</div>
</div>



<div class="wp-block-columns has-site-background-background-color has-background is-layout-flex wp-container-core-columns-is-layout-9d6595d7 wp-block-columns-is-layout-flex">
<div class="wp-block-column is-vertically-aligned-center is-layout-flow wp-block-column-is-layout-flow" style="flex-basis:33.33%">
<p class="has-text-align-center">2CIN191 Mediação Informacional E Comunicacional</p>
</div>



<div class="wp-block-column is-layout-flow wp-block-column-is-layout-flow" style="flex-basis:66.66%">
<p><strong>Ementa</strong>: Mediação e seus conceitos em diferentes áreas. Mediação informacional e comunicacional nos espaços de leitura, informação e aprendizagem.</p>



<p><strong>Docente:</strong>&nbsp;Sueli Bortolin<br><strong>Créditos/Horas:</strong>&nbsp;2cr. / 30h</p>
</div>
</div>



<div class="wp-block-columns has-site-background-background-color has-background is-layout-flex wp-container-core-columns-is-layout-9d6595d7 wp-block-columns-is-layout-flex">
<div class="wp-block-column is-vertically-aligned-center is-layout-flow wp-block-column-is-layout-flow" style="flex-basis:33.33%">
<p class="has-text-align-center">2CIN200 Tópicos Especiais Em Ciência Da Informação: Análise De Redes Sociais</p>
</div>



<div class="wp-block-column is-layout-flow wp-block-column-is-layout-flow" style="flex-basis:66.66%">
<p><strong>Ementa</strong>: Compartilhamento de informação e do conhecimento em redes sociais. A teoria de redes e o método Análise de Redes Sociais (ARS).</p>



<p><strong>Docente:</strong> Maria Inês Tomaél<br><strong>Créditos/Horas:</strong> 1cr. / 15h</p>
</div>
</div>
</div>



<div class="wp-block-uel-card">
<h2 class="has-text-align-center has-primary-accent-color has-text-color wp-block-heading">Disciplinas Optativas, 2º Semestre de 2014</h2>



<div class="wp-block-columns has-site-background-background-color has-background is-layout-flex wp-container-core-columns-is-layout-9d6595d7 wp-block-columns-is-layout-flex">
<div class="wp-block-column is-vertically-aligned-center is-layout-flow wp-block-column-is-layout-flow" style="flex-basis:33.33%">
<p class="has-text-align-center">2CIN201 Tópicos Especiais Em Ciência Da Informação: Aspectos Lógicos E Linguísticos Do Projeto De Pesquisa</p>
</div>



<div class="wp-block-column is-layout-flow wp-block-column-is-layout-flow" style="flex-basis:66.66%">
<p><strong>Ementa</strong>: A pesquisa científica. O projeto de pesquisa e seus aspectos lógicos e linguísticos.</p>



<p><strong>Docente:</strong> Silvana Drumond Monteiro<br><strong>Créditos/Horas:</strong> 1cr. / 15h</p>
</div>
</div>



<div class="wp-block-columns has-site-background-background-color has-background is-layout-flex wp-container-core-columns-is-layout-9d6595d7 wp-block-columns-is-layout-flex">
<div class="wp-block-column is-vertically-aligned-center is-layout-flow wp-block-column-is-layout-flow" style="flex-basis:33.33%">
<p class="has-text-align-center">2CIN202 Tópicos Especiais Em Ciência Da Informação: Las Nuevas Tendencias De La Descripción Archivística</p>
</div>



<div class="wp-block-column is-layout-flow wp-block-column-is-layout-flow" style="flex-basis:66.66%">
<p><strong>Ementa</strong>: Las nuevas tendências de la representación y la recuperación de los documentos em los archivos.</p>



<p><strong>Docente:</strong>&nbsp;Dunia Llanes Padrón (convidado)<br><strong>Créditos/Horas:</strong>&nbsp;1cr. / 15h</p>
</div>
</div>
</div>
