{"id":739,"date":"2023-02-07T14:00:12","date_gmt":"2023-02-07T17:00:12","guid":{"rendered":"https:\/\/pos.uel.br\/ppgci\/?page_id=739"},"modified":"2023-02-18T21:35:46","modified_gmt":"2023-02-19T00:35:46","slug":"selecao-2018-2o-semestre","status":"publish","type":"page","link":"https:\/\/pos.uel.br\/ppgci\/selecao-2018-2o-semestre\/","title":{"rendered":"Sele\u00e7\u00e3o 2018, 2\u00ba Semestre"},"content":{"rendered":"\n<h3 class=\"has-text-align-center wp-block-heading\">Estudante Especial &#8211; Inscri\u00e7\u00f5es para o 1\u00ba Semestre de 2019<\/h3>\n\n\n\n<p><\/p>\n\n\n\n<p><strong>Per\u00edodo de Inscri\u00e7\u00e3o:<\/strong>&nbsp;a partir das 8h do dia 25 de fevereiro at\u00e9 as 16h do dia 27 de fevereiro de 2019 via <a rel=\"noreferrer noopener\" href=\"http:\/\/www.uel.br\/proppg\/portalnovo\/pages\/inscricoes-programas-cursos\/inscricoes-por-nivel.php\" data-type=\"URL\" data-id=\"http:\/\/www.uel.br\/proppg\/portalnovo\/pages\/inscricoes-programas-cursos\/inscricoes-por-nivel.php\" target=\"_blank\">Web<\/a>.<\/p>\n\n\n\n<p><\/p>\n\n\n\n<p><strong>Quem poder\u00e1 se candidatar?<\/strong><\/p>\n\n\n\n<p>Poder\u00e3o candidatar-se \u00e0s disciplinas, portadores de diplomas de curso superior na modalidade licenciatura ou bacharelado, reconhecidos pelo MEC e que tenham interesse nos processos pertinentes a \u00e1rea de Ci\u00eancia da Informa\u00e7\u00e3o.<\/p>\n\n\n\n<p><\/p>\n\n\n\n<p><strong>Documentos para Inscri\u00e7\u00e3o:<\/strong><\/p>\n\n\n\n<ol class=\"wp-block-list\">\n<li>Ficha de inscri\u00e7\u00e3o preenchida;<\/li>\n\n\n\n<li>Comprovante de recolhimento do pre\u00e7o p\u00fablico de inscri\u00e7\u00e3o correspondente ao valor de R$ 162,00 (cento e sessenta e dois reais);<\/li>\n\n\n\n<li>Curriculum Lattes documentado.<\/li>\n<\/ol>\n\n\n\n<p><\/p>\n\n\n\n<p><strong>Resultado Final<\/strong><\/p>\n\n\n\n<p>Dispon\u00edvel em 08 de mar\u00e7o de 2019, por meio de Edital a ser publicado via internet, ap\u00f3s as 16h. N\u00e3o ser\u00e1 informado resultado por telefone.<\/p>\n\n\n\n<div class=\"wp-block-buttons is-layout-flex wp-block-buttons-is-layout-flex\">\n<div class=\"wp-block-button has-custom-width wp-block-button__width-100\"><a class=\"wp-block-button__link has-primary-accent-background-color has-background wp-element-button\" href=\"http:\/\/www.uel.br\/proppg\/portalnovo\/pages\/editais\/resultados.php\" target=\"_blank\" rel=\"noreferrer noopener\">EDITAL DISPON\u00cdVEL AQUI<\/a><\/div>\n<\/div>\n\n\n\n<p><\/p>\n\n\n\n<p><strong>Per\u00edodo e Local de Matr\u00edcula<\/strong><\/p>\n\n\n\n<p>Os candidatos aprovados e classificados no processo seletivo dever\u00e3o efetivar a matr\u00edcula nos dias 11 e 12 de mar\u00e7o de 2019, via WEB e dever\u00e1 ainda no mesmo per\u00edodo, 2\u00aa e 3\u00aa feira, no hor\u00e1rio das 14h \u00e0s 18h, entregar os documentos na Secretaria do Programa, no Centro de Educa\u00e7\u00e3o, Comunica\u00e7\u00e3o e Artes\/CECA &#8211; Campus Universit\u00e1rio onde o curso est\u00e1 vinculado. Mais informa\u00e7\u00f5es pelo telefone: (43) 3371-5914.<\/p>\n\n\n\n<p><\/p>\n\n\n\n<p><strong>Disciplinas Optativas, 1\u00ba Semestre de 2019<\/strong><\/p>\n\n\n\n<p><\/p>\n\n\n\n<div class=\"wp-block-columns has-site-background-background-color has-background is-layout-flex wp-container-core-columns-is-layout-9d6595d7 wp-block-columns-is-layout-flex\">\n<div class=\"wp-block-column is-vertically-aligned-center is-layout-flow wp-block-column-is-layout-flow\" style=\"flex-basis:33.33%\">\n<p class=\"has-text-align-center\">2CIN238 MESTRADO&nbsp;FUNDAMENTOS SEMI\u00d3TICOS DA ORGANIZA\u00c7\u00c3O DO CONHECIMENTO<\/p>\n<\/div>\n\n\n\n<div class=\"wp-block-column is-layout-flow wp-block-column-is-layout-flow\" style=\"flex-basis:66.66%\">\n<p>Informa\u00e7\u00e3o como sistema de linguagem. Teoria dos signos de C. S. Peirce e o percurso entre a informa\u00e7\u00e3o e o conhecimento. O car\u00e1ter normativo da semi\u00f3tica na representa\u00e7\u00e3o e na organiza\u00e7\u00e3o do conhecimento. Possibilidades anal\u00edticas da abordagem semi\u00f3tica para os diferentes processos de investiga\u00e7\u00e3o, defini\u00e7\u00e3o terminol\u00f3gica, descri\u00e7\u00e3o de dados, metodologias de registro e vincula\u00e7\u00e3o epistemol\u00f3gica da informa\u00e7\u00e3o.<\/p>\n\n\n\n<p><strong>Docente:<\/strong>&nbsp;Prof. Dr. Miguel Luiz Contani<br><strong>Cr\u00e9ditos\/Horas:<\/strong>&nbsp;4cr. \/ 60h<\/p>\n<\/div>\n<\/div>\n\n\n\n<div class=\"wp-block-columns has-site-background-background-color has-background is-layout-flex wp-container-core-columns-is-layout-9d6595d7 wp-block-columns-is-layout-flex\">\n<div class=\"wp-block-column is-vertically-aligned-center is-layout-flow wp-block-column-is-layout-flow\" style=\"flex-basis:33.33%\">\n<p class=\"has-text-align-center\">2CIN276 DOUTORADO&nbsp;FUNDAMENTOS SEMI\u00d3TICOS DA ORGANIZA\u00c7\u00c3O DO CONHECIMENTO<\/p>\n<\/div>\n\n\n\n<div class=\"wp-block-column is-layout-flow wp-block-column-is-layout-flow\" style=\"flex-basis:66.66%\">\n<p>Informa\u00e7\u00e3o como sistema de linguagem. Teoria dos signos de C. S. Peirce e o percurso entre a informa\u00e7\u00e3o e o conhecimento. O car\u00e1ter normativo da semi\u00f3tica na representa\u00e7\u00e3o e na organiza\u00e7\u00e3o do conhecimento. Possibilidades anal\u00edticas da abordagem semi\u00f3tica para os diferentes processos de investiga\u00e7\u00e3o, defini\u00e7\u00e3o terminol\u00f3gica, descri\u00e7\u00e3o de dados, metodologias de registro e vincula\u00e7\u00e3o epistemol\u00f3gica da informa\u00e7\u00e3o.<\/p>\n\n\n\n<p><strong>Docente:<\/strong>&nbsp;Prof. Dr. Miguel Luiz Contani<br><strong>Cr\u00e9ditos\/Horas:<\/strong>&nbsp;4cr. \/ 60h<\/p>\n<\/div>\n<\/div>\n\n\n\n<div class=\"wp-block-columns has-site-background-background-color has-background is-layout-flex wp-container-core-columns-is-layout-9d6595d7 wp-block-columns-is-layout-flex\">\n<div class=\"wp-block-column is-vertically-aligned-center is-layout-flow wp-block-column-is-layout-flow\" style=\"flex-basis:33.33%\">\n<p class=\"has-text-align-center\">2CIN238&nbsp;CATALOGA\u00c7\u00c3O E LINKED DATA<\/p>\n<\/div>\n\n\n\n<div class=\"wp-block-column is-layout-flow wp-block-column-is-layout-flow\" style=\"flex-basis:66.66%\">\n<p>Cataloga\u00e7\u00e3o. Metadados. Linked Data. Modelos de dados. Iniciativas Linked Data em institui\u00e7\u00f5es de patrim\u00f4nio cultural.<\/p>\n\n\n\n<p><strong>Docente:<\/strong>&nbsp;Profa. Dra. Ana Carolina Simionato<br><strong>Cr\u00e9ditos\/Horas:<\/strong>&nbsp;1cr. \/ 15h<\/p>\n<\/div>\n<\/div>\n\n\n\n<div class=\"wp-block-columns has-site-background-background-color has-background is-layout-flex wp-container-core-columns-is-layout-9d6595d7 wp-block-columns-is-layout-flex\">\n<div class=\"wp-block-column is-vertically-aligned-center is-layout-flow wp-block-column-is-layout-flow\" style=\"flex-basis:33.33%\">\n<p class=\"has-text-align-center\">2CIN237FORMA\u00c7\u00c3O DE HABILIDADES PARA A COMPET\u00caNCIA EM INFORMA\u00c7\u00c3O<\/p>\n<\/div>\n\n\n\n<div class=\"wp-block-column is-layout-flow wp-block-column-is-layout-flow\" style=\"flex-basis:66.66%\">\n<p>O processo de forma\u00e7\u00e3o e desenvolvimento de habilidades informacionais para a compet\u00eancia em informa\u00e7\u00e3o em diferentes contextos.<\/p>\n\n\n\n<p><strong>Docente:<\/strong>&nbsp;Profa. Dra. Adriana Alcar\u00e1<br><strong>Cr\u00e9ditos\/Horas:<\/strong>&nbsp;3cr. \/ 45h<\/p>\n<\/div>\n<\/div>\n\n\n\n<div class=\"wp-block-columns has-site-background-background-color has-background is-layout-flex wp-container-core-columns-is-layout-9d6595d7 wp-block-columns-is-layout-flex\">\n<div class=\"wp-block-column is-vertically-aligned-center is-layout-flow wp-block-column-is-layout-flow\" style=\"flex-basis:33.33%\">\n<p class=\"has-text-align-center\">2CIN232&nbsp;TECNOLOGIAS DE REPRESENTA\u00c7\u00c3O E ORGANIZA\u00c7\u00c3O<\/p>\n<\/div>\n\n\n\n<div class=\"wp-block-column is-layout-flow wp-block-column-is-layout-flow\" style=\"flex-basis:66.66%\">\n<p>An\u00e1lise dos aspectos te\u00f3ricos que fundamentam os processos de recupera\u00e7\u00e3o da informa\u00e7\u00e3o e s seus impactos na \u00e1rea de Ci\u00eancia da Informa\u00e7\u00e3o.<\/p>\n\n\n\n<p><strong>Docente:<\/strong>&nbsp;Prof. Dr. Rog\u00e9rio Aparecido S\u00e1 Ramalho<br><strong>Cr\u00e9ditos\/Horas:<\/strong>&nbsp;1cr. \/ 15h<\/p>\n<\/div>\n<\/div>\n\n\n\n<div class=\"wp-block-columns has-site-background-background-color has-background is-layout-flex wp-container-core-columns-is-layout-9d6595d7 wp-block-columns-is-layout-flex\">\n<div class=\"wp-block-column is-vertically-aligned-center is-layout-flow wp-block-column-is-layout-flow\" style=\"flex-basis:33.33%\">\n<p class=\"has-text-align-center\">2CIN211&nbsp;INFORMA\u00c7\u00c3O CIENTIFICA, TECNOL\u00d3GICA E EMPRESARIAL: AVALIA\u00c7\u00c3O E MONITORAMENTO<\/p>\n<\/div>\n\n\n\n<div class=\"wp-block-column is-layout-flow wp-block-column-is-layout-flow\" style=\"flex-basis:66.66%\">\n<p>Informa\u00e7\u00e3o: conceitua\u00e7\u00e3o, tipologia e fun\u00e7\u00e3o. Produ\u00e7\u00e3o, dissemina\u00e7\u00e3o e acesso \u00e0 Informa\u00e7\u00e3o: a produ\u00e7\u00e3o cient\u00edfica como meio de divulga\u00e7\u00e3o da informa\u00e7\u00e3o em C&amp;T e a patente como estrat\u00e9gia de domina\u00e7\u00e3o tecnol\u00f3gica. Os processos e as t\u00e9cnicas de avalia\u00e7\u00e3o e de monitoramento da produ\u00e7\u00e3o cient\u00edfica como instrumento para o desenvolvimento da ci\u00eancia e da tecnologia e, para a gest\u00e3o de processos decis\u00f3rios das organiza\u00e7\u00f5es; as m\u00e9tricas e os indicadores de produ\u00e7\u00e3o cient\u00edfica, t\u00e9cnica e tecnol\u00f3gica<\/p>\n\n\n\n<p><strong>Docente:<\/strong>&nbsp;Prof. Dr. Adilson Luiz Pinto (UFSC)<br><strong>Cr\u00e9ditos\/Horas:<\/strong>&nbsp;2cr. \/ 30h<\/p>\n<\/div>\n<\/div>\n\n\n\n<div class=\"wp-block-columns has-site-background-background-color has-background is-layout-flex wp-container-core-columns-is-layout-9d6595d7 wp-block-columns-is-layout-flex\">\n<div class=\"wp-block-column is-vertically-aligned-center is-layout-flow wp-block-column-is-layout-flow\" style=\"flex-basis:33.33%\">\n<p class=\"has-text-align-center\">2CIN236&nbsp;ENCONTRABILIDADE DA INFORMA\u00c7\u00c3O<\/p>\n<\/div>\n\n\n\n<div class=\"wp-block-column is-layout-flow wp-block-column-is-layout-flow\" style=\"flex-basis:66.66%\">\n<p>Abordagem te\u00f3rico-pr\u00e1tica da Encontrabilidade da Informa\u00e7\u00e3o no contexto da Ci\u00eancia da Informa\u00e7\u00e3o. Atributos da Encontrabilidade da Informa\u00e7\u00e3o e suas rela\u00e7\u00f5es com a Arquitetura da Informa\u00e7\u00e3o, com \u00eanfase na aplica\u00e7\u00e3o em ambientes informacionais.<\/p>\n\n\n\n<p><strong>Docente:<\/strong>&nbsp;Prof. Dr. Fernando Vechiato (UFRN)<br><strong>Cr\u00e9ditos\/Horas:<\/strong>&nbsp;2cr. \/ 30h<\/p>\n<\/div>\n<\/div>\n\n\n\n<p><\/p>\n\n\n\n<p><strong>Data de In\u00edcio:<\/strong>&nbsp;01 de abril de 2019<br><strong>N\u00famero de Vagas:<\/strong>&nbsp;5 vagas para mestrado e 5 vagas para doutorado.<\/p>\n\n\n\n<p><strong>ATEN\u00c7\u00c3O:<\/strong>&nbsp;O candidato poder\u00e1 optar por at\u00e9 02 (duas) disciplinas, com a explicita\u00e7\u00e3o obrigat\u00f3ria da ordem de prefer\u00eancia.<\/p>\n\n\n\n<p><\/p>\n\n\n\n<p><strong>Cronograma<\/strong><\/p>\n\n\n\n<figure class=\"wp-block-table alignleft\"><table><tbody><tr><td class=\"has-text-align-center\" data-align=\"center\">25\/02\/2019 a 27\/02\/2019<\/td><td>Inscri\u00e7\u00e3o via Web<\/td><\/tr><tr><td class=\"has-text-align-center\" data-align=\"center\">25\/02\/2019 a 27\/02\/2019<br>das 14hs \u00e0s 18h<\/td><td>Entrega da Documenta\u00e7\u00e3o<\/td><\/tr><tr><td class=\"has-text-align-center\" data-align=\"center\">05\/03\/2018<\/td><td>An\u00e1lise e avalia\u00e7\u00e3o do curr\u00edculo<\/td><\/tr><tr><td class=\"has-text-align-center\" data-align=\"center\">08\/03\/2019<\/td><td>Publica\u00e7\u00e3o do resultado no site da PROPPG<\/td><\/tr><tr><td class=\"has-text-align-center\" data-align=\"center\">11 e 12\/03\/2019<\/td><td>Matr\u00edcula via Web e entrega dos documentos na Secretaria do PPGCI\/CECA<\/td><\/tr><\/tbody><\/table><\/figure>\n\n\n\n<p><\/p>\n\n\n\n<p><\/p>\n\n\n\n<p><\/p>\n\n\n\n<p><\/p>\n\n\n\n<p><\/p>\n\n\n\n<p><\/p>\n\n\n\n<p><\/p>\n\n\n\n<p><strong>Consulte o Edital na \u00cdntegra<\/strong><\/p>\n\n\n\n<div class=\"wp-block-buttons is-layout-flex wp-block-buttons-is-layout-flex\">\n<div class=\"wp-block-button has-custom-width wp-block-button__width-100\"><a class=\"wp-block-button__link has-primary-accent-background-color has-background wp-element-button\" href=\"https:\/\/pos.uel.br\/ppgci\/wp-content\/uploads\/2023\/02\/Especial_EditalSelecao_0052019_Selecao-2018-2o-Semestre.pdf\" target=\"_blank\" rel=\"noreferrer noopener\">EDITAL PARA SELE\u00c7\u00c3O DE ESTUDANTE ESPECIAL 2019 &#8211; 1\u00ba SEMESTRE<\/a><\/div>\n<\/div>\n","protected":false},"excerpt":{"rendered":"<p>Estudante Especial &#8211; Inscri\u00e7\u00f5es para o 1\u00ba Semestre de 2019 Per\u00edodo de Inscri\u00e7\u00e3o:&nbsp;a partir das 8h do dia 25 de fevereiro at\u00e9 as 16h do dia 27 de fevereiro de 2019 via Web. Quem poder\u00e1 se candidatar? Poder\u00e3o candidatar-se \u00e0s disciplinas, portadores de diplomas de curso superior na modalidade licenciatura ou bacharelado, reconhecidos pelo MEC [&hellip;]<\/p>\n","protected":false},"author":9,"featured_media":0,"parent":0,"menu_order":0,"comment_status":"closed","ping_status":"closed","template":"","meta":{"footnotes":""},"class_list":["post-739","page","type-page","status-publish","hentry"],"_links":{"self":[{"href":"https:\/\/pos.uel.br\/ppgci\/wp-json\/wp\/v2\/pages\/739","targetHints":{"allow":["GET"]}}],"collection":[{"href":"https:\/\/pos.uel.br\/ppgci\/wp-json\/wp\/v2\/pages"}],"about":[{"href":"https:\/\/pos.uel.br\/ppgci\/wp-json\/wp\/v2\/types\/page"}],"author":[{"embeddable":true,"href":"https:\/\/pos.uel.br\/ppgci\/wp-json\/wp\/v2\/users\/9"}],"replies":[{"embeddable":true,"href":"https:\/\/pos.uel.br\/ppgci\/wp-json\/wp\/v2\/comments?post=739"}],"version-history":[{"count":6,"href":"https:\/\/pos.uel.br\/ppgci\/wp-json\/wp\/v2\/pages\/739\/revisions"}],"predecessor-version":[{"id":1104,"href":"https:\/\/pos.uel.br\/ppgci\/wp-json\/wp\/v2\/pages\/739\/revisions\/1104"}],"wp:attachment":[{"href":"https:\/\/pos.uel.br\/ppgci\/wp-json\/wp\/v2\/media?parent=739"}],"curies":[{"name":"wp","href":"https:\/\/api.w.org\/{rel}","templated":true}]}}