{"id":734,"date":"2023-02-07T13:59:16","date_gmt":"2023-02-07T16:59:16","guid":{"rendered":"https:\/\/pos.uel.br\/ppgci\/?page_id=734"},"modified":"2023-02-18T21:19:40","modified_gmt":"2023-02-19T00:19:40","slug":"selecao-2017-2o-semestre","status":"publish","type":"page","link":"https:\/\/pos.uel.br\/ppgci\/selecao-2017-2o-semestre\/","title":{"rendered":"Sele\u00e7\u00e3o 2017, 2\u00ba Semestre"},"content":{"rendered":"\n<h3 class=\"has-text-align-center wp-block-heading\">Estudante Especial &#8211; Inscri\u00e7\u00f5es para o 2\u00ba Semestre de 2017<\/h3>\n\n\n\n<p><\/p>\n\n\n\n<p><strong>Per\u00edodo de Inscri\u00e7\u00e3o:<\/strong>\u00a0a partir das 8hs do dia 19 at\u00e9 as 16hs do dia 21 de Julho de 2017 via <a rel=\"noreferrer noopener\" href=\"http:\/\/www.uel.br\/proppg\/portalnovo\/pages\/inscricoes-programas-cursos\/inscricoes-por-nivel.php\" data-type=\"URL\" data-id=\"http:\/\/www.uel.br\/proppg\/portalnovo\/pages\/inscricoes-programas-cursos\/inscricoes-por-nivel.php\" target=\"_blank\">Web<\/a>.<\/p>\n\n\n\n<p><\/p>\n\n\n\n<p><strong>Quem poder\u00e1 se candidatar?<\/strong><\/p>\n\n\n\n<p>Poder\u00e3o candidatar-se \u00e0s disciplinas, portadores de diplomas de curso superior na modalidade licenciatura ou bacharelado, reconhecidos pelo MEC e que tenham interesse nos processos pertinentes a \u00e1rea de Ci\u00eancia da Informa\u00e7\u00e3o.<\/p>\n\n\n\n<p><\/p>\n\n\n\n<p><strong>Documentos para Inscri\u00e7\u00e3o:<\/strong><\/p>\n\n\n\n<ol class=\"wp-block-list\">\n<li>Ficha de inscri\u00e7\u00e3o preenchida;<\/li>\n\n\n\n<li>Comprovante de recolhimento do pre\u00e7o p\u00fablico de inscri\u00e7\u00e3o correspondente ao valor de R$ 162,00 (cento e sessenta e dois reais);<\/li>\n\n\n\n<li>Curriculum Lattes documentado.<\/li>\n<\/ol>\n\n\n\n<p><\/p>\n\n\n\n<p><strong>Resultado Final<\/strong><\/p>\n\n\n\n<p>Dispon\u00edvel em 27 de Julho de 2017, por meio de Edital a ser publicado via internet, ap\u00f3s as 14h. N\u00e3o ser\u00e1 informado resultado por telefone.<\/p>\n\n\n\n<div class=\"wp-block-buttons is-layout-flex wp-block-buttons-is-layout-flex\">\n<div class=\"wp-block-button has-custom-width wp-block-button__width-100\"><a class=\"wp-block-button__link has-primary-accent-background-color has-background wp-element-button\" href=\"http:\/\/www.uel.br\/pos\/ppgci\/portal\/pages\/estudante-especial\/editais-de-resultado.php\" target=\"_blank\" rel=\"noreferrer noopener\">EDITAL ESTAR\u00c1 DISPON\u00cdVEL AQUI<\/a><\/div>\n<\/div>\n\n\n\n<p><\/p>\n\n\n\n<p><strong>Per\u00edodo e Local de Matr\u00edcula<\/strong><\/p>\n\n\n\n<p>Os candidatos aprovados e classificados no processo seletivo dever\u00e3o efetivar a matr\u00edcula nos dias 01 e 02 de Agosto de 2017, via WEB e dever\u00e1 ainda no mesmo per\u00edodo, 3\u00aa e 4\u00aa feira, no hor\u00e1rio das 14h \u00e0s 17h30, entregar os documentos na Secretaria do Programa, no Centro de Educa\u00e7\u00e3o, Comunica\u00e7\u00e3o e Artes\/CECA &#8211; Campus Universit\u00e1rio onde o curso est\u00e1 vinculado. Mais informa\u00e7\u00f5es pelo telefone: (43) 3371-5914.<\/p>\n\n\n\n<p><\/p>\n\n\n\n<p><strong>Disciplinas Ofertadas para 2\u00ba semestre de 2017<\/strong><\/p>\n\n\n\n<p><\/p>\n\n\n\n<div class=\"wp-block-columns has-site-background-background-color has-background is-layout-flex wp-container-core-columns-is-layout-9d6595d7 wp-block-columns-is-layout-flex\">\n<div class=\"wp-block-column is-vertically-aligned-center is-layout-flow wp-block-column-is-layout-flow\" style=\"flex-basis:33.33%\">\n<p class=\"has-text-align-center\">2CIN153\u00a0MEM\u00d3RIA ORGANIZACIONAL E INFORMA\u00c7\u00c3O<\/p>\n<\/div>\n\n\n\n<div class=\"wp-block-column is-layout-flow wp-block-column-is-layout-flow\" style=\"flex-basis:66.66%\">\n<p><strong>Docente:<\/strong>&nbsp;Let\u00edcia Molina<br><strong>Dias e Hor\u00e1rios:<\/strong>&nbsp;Quartas-feiras, das 8hs \u00e0s 12hs<br><strong>Cr\u00e9ditos\/Horas:<\/strong>&nbsp;3cr. \/ 45hs<\/p>\n\n\n\n<p><strong>Data de In\u00edcio:<\/strong>&nbsp;20 de Setembro de 2017<br><strong>N\u00famero de Vagas:<\/strong>&nbsp;at\u00e9 6 vagas.<\/p>\n<\/div>\n<\/div>\n\n\n\n<div class=\"wp-block-columns has-site-background-background-color has-background is-layout-flex wp-container-core-columns-is-layout-9d6595d7 wp-block-columns-is-layout-flex\">\n<div class=\"wp-block-column is-vertically-aligned-center is-layout-flow wp-block-column-is-layout-flow\" style=\"flex-basis:33.33%\">\n<p class=\"has-text-align-center\">2CIN208\u00a0A SOCIOLOGIA DA CI\u00caNCIA E SEUS FUNDAMENTOS<\/p>\n<\/div>\n\n\n\n<div class=\"wp-block-column is-layout-flow wp-block-column-is-layout-flow\" style=\"flex-basis:66.66%\">\n<p><strong>Docente:<\/strong>&nbsp;Renata Curty<br><strong>Dias e Hor\u00e1rios:<\/strong>&nbsp;Sextas-feiras, das 14hs \u00e0s 18hs<br><strong>Cr\u00e9ditos\/Horas:<\/strong>&nbsp;2cr. \/ 30hs<\/p>\n\n\n\n<p><strong>Data de In\u00edcio:<\/strong>&nbsp;10 de Novembro de 2017<br><strong>N\u00famero de Vagas:<\/strong>&nbsp;at\u00e9 6 vagas.<\/p>\n<\/div>\n<\/div>\n\n\n\n<div class=\"wp-block-columns has-site-background-background-color has-background is-layout-flex wp-container-core-columns-is-layout-9d6595d7 wp-block-columns-is-layout-flex\">\n<div class=\"wp-block-column is-vertically-aligned-center is-layout-flow wp-block-column-is-layout-flow\" style=\"flex-basis:33.33%\">\n<p class=\"has-text-align-center\">2CIN258\u00a0CLASSIFICA\u00c7\u00c3O DE DOCUMENTOS FOTOGR\u00c1FICOS<\/p>\n<\/div>\n\n\n\n<div class=\"wp-block-column is-layout-flow wp-block-column-is-layout-flow\" style=\"flex-basis:66.66%\">\n<p><strong>Docente:<\/strong>&nbsp;Br\u00edgida Ana Cristina de Albuquerque<br><strong>Dias e Hor\u00e1rios:<\/strong>&nbsp;Ter\u00e7as-feiras, das 14hs \u00e0s 18hs<br><strong>Cr\u00e9ditos\/Horas:<\/strong>&nbsp;3cr. \/ 45hs<\/p>\n\n\n\n<p><strong>Data de In\u00edcio:<\/strong>&nbsp;20 de Outubro de 2017<br><strong>N\u00famero de Vagas:<\/strong>&nbsp;at\u00e9 6 vagas.<\/p>\n<\/div>\n<\/div>\n\n\n\n<div class=\"wp-block-columns has-site-background-background-color has-background is-layout-flex wp-container-core-columns-is-layout-9d6595d7 wp-block-columns-is-layout-flex\">\n<div class=\"wp-block-column is-vertically-aligned-center is-layout-flow wp-block-column-is-layout-flow\" style=\"flex-basis:33.33%\">\n<p class=\"has-text-align-center\">2CIN216\u00a0DESIGN THINKING E O PROCESSO DE INOVA\u00c7\u00c3O EM SERVI\u00c7OS DE INFORMA\u00c7\u00c3O<\/p>\n<\/div>\n\n\n\n<div class=\"wp-block-column is-layout-flow wp-block-column-is-layout-flow\" style=\"flex-basis:66.66%\">\n<p><strong>Docente:<\/strong>&nbsp;Thais Zaninelli<br><strong>Dias e Hor\u00e1rios:<\/strong>&nbsp;Segundas-feiras, das 8hs \u00e0s 12hs<br><strong>Cr\u00e9ditos\/Horas:<\/strong>&nbsp;1cr. \/ 15h<\/p>\n\n\n\n<p><strong>Data de In\u00edcio:<\/strong>&nbsp;06 de Novembro de 2017<br><strong>N\u00famero de Vagas:<\/strong>&nbsp;at\u00e9 6 vagas.<\/p>\n<\/div>\n<\/div>\n\n\n\n<div class=\"wp-block-columns has-site-background-background-color has-background is-layout-flex wp-container-core-columns-is-layout-9d6595d7 wp-block-columns-is-layout-flex\">\n<div class=\"wp-block-column is-vertically-aligned-center is-layout-flow wp-block-column-is-layout-flow\" style=\"flex-basis:33.33%\">\n<p class=\"has-text-align-center\">2CIN217\u00a0CONSERVA\u00c7\u00c3O E PRESERVA\u00c7\u00c3O DE AMBIENTES INFORMACIONAIS<\/p>\n<\/div>\n\n\n\n<div class=\"wp-block-column is-layout-flow wp-block-column-is-layout-flow\" style=\"flex-basis:66.66%\">\n<p><strong>Docente:<\/strong>&nbsp;Samir Gomes<br><strong>Dias e Hor\u00e1rios:<\/strong>&nbsp;Segundas-feiras, das 14hs \u00e0s 18hs<br><strong>Cr\u00e9ditos\/Horas:<\/strong>&nbsp;2cr. \/ 30hs<\/p>\n\n\n\n<p><strong>Data de In\u00edcio:<\/strong>&nbsp;02 de Outubro de 2017<br><strong>N\u00famero de Vagas:<\/strong>&nbsp;at\u00e9 6 vagas.<\/p>\n<\/div>\n<\/div>\n\n\n\n<p><\/p>\n\n\n\n<p><strong>ATEN\u00c7\u00c3O:<\/strong>&nbsp;O candidato poder\u00e1 optar por at\u00e9 02 (duas) disciplinas, com a explicita\u00e7\u00e3o obrigat\u00f3ria da ordem de prefer\u00eancia.<\/p>\n\n\n\n<p><\/p>\n\n\n\n<p><strong>Cronograma<\/strong><\/p>\n\n\n\n<figure class=\"wp-block-table alignleft\"><table><tbody><tr><td class=\"has-text-align-center\" data-align=\"center\">19 a 21\/07\/2017<\/td><td>Inscri\u00e7\u00e3o via Web<\/td><\/tr><tr><td class=\"has-text-align-center\" data-align=\"center\">19 a 21\/07\/2017<br>das 14hs \u00e0s 17h30<\/td><td>Entrega da Documenta\u00e7\u00e3o<\/td><\/tr><tr><td class=\"has-text-align-center\" data-align=\"center\">24 e 25\/07\/2017<\/td><td>An\u00e1lise e avalia\u00e7\u00e3o do curr\u00edculo<\/td><\/tr><tr><td class=\"has-text-align-center\" data-align=\"center\">27\/07\/2017<\/td><td>Publica\u00e7\u00e3o do resultado no site da PROPPG<\/td><\/tr><tr><td class=\"has-text-align-center\" data-align=\"center\">01 e 02\/08\/2017<br>das 14h30 \u00e0s 16h30<\/td><td>Matr\u00edcula via Web e entrega dos documentos na Secretaria do PPGCI\/CECA<\/td><\/tr><\/tbody><\/table><\/figure>\n\n\n\n<p><\/p>\n\n\n\n<p><\/p>\n\n\n\n<p><\/p>\n\n\n\n<p><\/p>\n\n\n\n<p><\/p>\n\n\n\n<p><\/p>\n\n\n\n<p><\/p>\n\n\n\n<p><\/p>\n\n\n\n<p><strong>Consulte o Edital na Integra<\/strong><\/p>\n\n\n\n<div class=\"wp-block-buttons is-layout-flex wp-block-buttons-is-layout-flex\">\n<div class=\"wp-block-button has-custom-width wp-block-button__width-100\"><a class=\"wp-block-button__link has-primary-accent-background-color has-background wp-element-button\" href=\"https:\/\/pos.uel.br\/ppgci\/wp-content\/uploads\/2023\/02\/Edital-067-2017_Selecao-2017-2o-Semestre_Edital.pdf\" target=\"_blank\" rel=\"noreferrer noopener\">EDITAL PARA SELE\u00c7\u00c3O DE ESTUDANTE ESPECIAL 2017 &#8211; 2\u00ba SEMESTRE<\/a><\/div>\n<\/div>\n","protected":false},"excerpt":{"rendered":"<p>Estudante Especial &#8211; Inscri\u00e7\u00f5es para o 2\u00ba Semestre de 2017 Per\u00edodo de Inscri\u00e7\u00e3o:\u00a0a partir das 8hs do dia 19 at\u00e9 as 16hs do dia 21 de Julho de 2017 via Web. Quem poder\u00e1 se candidatar? Poder\u00e3o candidatar-se \u00e0s disciplinas, portadores de diplomas de curso superior na modalidade licenciatura ou bacharelado, reconhecidos pelo MEC e que [&hellip;]<\/p>\n","protected":false},"author":9,"featured_media":0,"parent":0,"menu_order":0,"comment_status":"closed","ping_status":"closed","template":"","meta":{"footnotes":""},"class_list":["post-734","page","type-page","status-publish","hentry"],"_links":{"self":[{"href":"https:\/\/pos.uel.br\/ppgci\/wp-json\/wp\/v2\/pages\/734","targetHints":{"allow":["GET"]}}],"collection":[{"href":"https:\/\/pos.uel.br\/ppgci\/wp-json\/wp\/v2\/pages"}],"about":[{"href":"https:\/\/pos.uel.br\/ppgci\/wp-json\/wp\/v2\/types\/page"}],"author":[{"embeddable":true,"href":"https:\/\/pos.uel.br\/ppgci\/wp-json\/wp\/v2\/users\/9"}],"replies":[{"embeddable":true,"href":"https:\/\/pos.uel.br\/ppgci\/wp-json\/wp\/v2\/comments?post=734"}],"version-history":[{"count":7,"href":"https:\/\/pos.uel.br\/ppgci\/wp-json\/wp\/v2\/pages\/734\/revisions"}],"predecessor-version":[{"id":1090,"href":"https:\/\/pos.uel.br\/ppgci\/wp-json\/wp\/v2\/pages\/734\/revisions\/1090"}],"wp:attachment":[{"href":"https:\/\/pos.uel.br\/ppgci\/wp-json\/wp\/v2\/media?parent=734"}],"curies":[{"name":"wp","href":"https:\/\/api.w.org\/{rel}","templated":true}]}}