{"id":311,"date":"2022-09-26T20:29:47","date_gmt":"2022-09-26T23:29:47","guid":{"rendered":"https:\/\/pos.uel.br\/ppgci\/?page_id=311"},"modified":"2023-02-18T12:43:28","modified_gmt":"2023-02-18T15:43:28","slug":"orientacoes-qualificacao-e-defesa","status":"publish","type":"page","link":"https:\/\/pos.uel.br\/ppgci\/orientacoes-qualificacao-e-defesa\/","title":{"rendered":"Orienta\u00e7\u00f5es qualifica\u00e7\u00e3o e defesa"},"content":{"rendered":"\n<ul class=\"wp-block-list\">\n<li><a href=\"https:\/\/pos.uel.br\/ppgci\/orientacoes-para-a-qualificacao\/\" data-type=\"page\" data-id=\"390\">Qualifica\u00e7\u00e3o<\/a><\/li>\n\n\n\n<li><a href=\"https:\/\/pos.uel.br\/ppgci\/orientacoes-para-a-defesa\/\" data-type=\"page\" data-id=\"394\">Defesa<\/a><\/li>\n<\/ul>\n","protected":false},"excerpt":{"rendered":"","protected":false},"author":11,"featured_media":0,"parent":0,"menu_order":0,"comment_status":"closed","ping_status":"closed","template":"","meta":{"footnotes":""},"class_list":["post-311","page","type-page","status-publish","hentry"],"_links":{"self":[{"href":"https:\/\/pos.uel.br\/ppgci\/wp-json\/wp\/v2\/pages\/311","targetHints":{"allow":["GET"]}}],"collection":[{"href":"https:\/\/pos.uel.br\/ppgci\/wp-json\/wp\/v2\/pages"}],"about":[{"href":"https:\/\/pos.uel.br\/ppgci\/wp-json\/wp\/v2\/types\/page"}],"author":[{"embeddable":true,"href":"https:\/\/pos.uel.br\/ppgci\/wp-json\/wp\/v2\/users\/11"}],"replies":[{"embeddable":true,"href":"https:\/\/pos.uel.br\/ppgci\/wp-json\/wp\/v2\/comments?post=311"}],"version-history":[{"count":12,"href":"https:\/\/pos.uel.br\/ppgci\/wp-json\/wp\/v2\/pages\/311\/revisions"}],"predecessor-version":[{"id":882,"href":"https:\/\/pos.uel.br\/ppgci\/wp-json\/wp\/v2\/pages\/311\/revisions\/882"}],"wp:attachment":[{"href":"https:\/\/pos.uel.br\/ppgci\/wp-json\/wp\/v2\/media?parent=311"}],"curies":[{"name":"wp","href":"https:\/\/api.w.org\/{rel}","templated":true}]}}