{"id":240,"date":"2022-09-26T19:49:53","date_gmt":"2022-09-26T22:49:53","guid":{"rendered":"https:\/\/pos.uel.br\/ppgci\/?page_id=240"},"modified":"2023-02-18T21:49:28","modified_gmt":"2023-02-19T00:49:28","slug":"informacaoprofissoes","status":"publish","type":"page","link":"https:\/\/pos.uel.br\/ppgci\/informacaoprofissoes\/","title":{"rendered":"Informa\u00e7\u00e3o@Profiss\u00f5es"},"content":{"rendered":"\n<p>A revista Informa\u00e7\u00e3o@Profiss\u00f5es \u00e9 um peri\u00f3dico t\u00e9cnico-cient\u00edfico eletr\u00f4nico vinculado ao Programa de P\u00f3s-Gradua\u00e7\u00e3o em Ci\u00eancia da Informa\u00e7\u00e3o da Universidade Estadual de Londrina (UEL), dispon\u00edvel em Open Access, no sistema SEER (Servi\u00e7o de Editora\u00e7\u00e3o Eletr\u00f4nica de Revistas).<\/p>\n\n\n\n<p>A Informa\u00e7\u00e3o@Profiss\u00f5es tem como objetivo disseminar as comunica\u00e7\u00f5es t\u00e9cnicas em Ci\u00eancia da Informa\u00e7\u00e3o e difundir as experi\u00eancias resultantes dos di\u00e1logos entre profissionais, especialistas e estudantes que atuam em diferentes regi\u00f5es do pa\u00eds e no exterior.<\/p>\n\n\n\n<p>A revista Informa\u00e7\u00e3o@Profiss\u00f5es publica contribui\u00e7\u00f5es t\u00e9cnicas in\u00e9ditas na \u00e1rea de Ci\u00eancia da Informa\u00e7\u00e3o e suas interfaces, nos idiomas portugu\u00eas, espanhol e ingl\u00eas, que s\u00e3o avaliadas (revis\u00e3o an\u00f4nima) pelos pares. A revista conta com avalia\u00e7\u00e3o dupla e se necess\u00e1ria tripla. As avalia\u00e7\u00f5es dos artigos s\u00e3o realizadas pelo Comit\u00ea Editorial e pelo Conselho Consultivo, todos os membros s\u00e3o doutores e\/ou especialistas nos assuntos abordados pelos colaboradores. O fluxo de submiss\u00e3o \u00e9 cont\u00ednuo.<\/p>\n\n\n\n<div class=\"wp-block-buttons is-layout-flex wp-block-buttons-is-layout-flex\">\n<div class=\"wp-block-button has-custom-width wp-block-button__width-100\"><a class=\"wp-block-button__link has-primary-accent-background-color has-background wp-element-button\" href=\"https:\/\/ojs.uel.br\/revistas\/uel\/index.php\/infoprof\" target=\"_blank\" rel=\"noreferrer noopener\">ACESSAR REVISTA<\/a><\/div>\n<\/div>\n","protected":false},"excerpt":{"rendered":"<p>A revista Informa\u00e7\u00e3o@Profiss\u00f5es \u00e9 um peri\u00f3dico t\u00e9cnico-cient\u00edfico eletr\u00f4nico vinculado ao Programa de P\u00f3s-Gradua\u00e7\u00e3o em Ci\u00eancia da Informa\u00e7\u00e3o da Universidade Estadual de Londrina (UEL), dispon\u00edvel em Open Access, no sistema SEER (Servi\u00e7o de Editora\u00e7\u00e3o Eletr\u00f4nica de Revistas). A Informa\u00e7\u00e3o@Profiss\u00f5es tem como objetivo disseminar as comunica\u00e7\u00f5es t\u00e9cnicas em Ci\u00eancia da Informa\u00e7\u00e3o e difundir as experi\u00eancias resultantes dos [&hellip;]<\/p>\n","protected":false},"author":11,"featured_media":0,"parent":0,"menu_order":0,"comment_status":"closed","ping_status":"closed","template":"","meta":{"footnotes":""},"class_list":["post-240","page","type-page","status-publish","hentry"],"_links":{"self":[{"href":"https:\/\/pos.uel.br\/ppgci\/wp-json\/wp\/v2\/pages\/240","targetHints":{"allow":["GET"]}}],"collection":[{"href":"https:\/\/pos.uel.br\/ppgci\/wp-json\/wp\/v2\/pages"}],"about":[{"href":"https:\/\/pos.uel.br\/ppgci\/wp-json\/wp\/v2\/types\/page"}],"author":[{"embeddable":true,"href":"https:\/\/pos.uel.br\/ppgci\/wp-json\/wp\/v2\/users\/11"}],"replies":[{"embeddable":true,"href":"https:\/\/pos.uel.br\/ppgci\/wp-json\/wp\/v2\/comments?post=240"}],"version-history":[{"count":4,"href":"https:\/\/pos.uel.br\/ppgci\/wp-json\/wp\/v2\/pages\/240\/revisions"}],"predecessor-version":[{"id":1117,"href":"https:\/\/pos.uel.br\/ppgci\/wp-json\/wp\/v2\/pages\/240\/revisions\/1117"}],"wp:attachment":[{"href":"https:\/\/pos.uel.br\/ppgci\/wp-json\/wp\/v2\/media?parent=240"}],"curies":[{"name":"wp","href":"https:\/\/api.w.org\/{rel}","templated":true}]}}

Informação@Profissões

<p>A revista Informação@Profissões é um periódico técnico-científico eletrônico vinculado ao Programa de Pós-Graduação em Ciência da Informação da Universidade Estadual de Londrina (UEL), disponível em Open Access, no sistema SEER (Serviço de Editoração Eletrônica de Revistas).</p>



<p>A Informação@Profissões tem como objetivo disseminar as comunicações técnicas em Ciência da Informação e difundir as experiências resultantes dos diálogos entre profissionais, especialistas e estudantes que atuam em diferentes regiões do país e no exterior.</p>



<p>A revista Informação@Profissões publica contribuições técnicas inéditas na área de Ciência da Informação e suas interfaces, nos idiomas português, espanhol e inglês, que são avaliadas (revisão anônima) pelos pares. A revista conta com avaliação dupla e se necessária tripla. As avaliações dos artigos são realizadas pelo Comitê Editorial e pelo Conselho Consultivo, todos os membros são doutores e/ou especialistas nos assuntos abordados pelos colaboradores. O fluxo de submissão é contínuo.</p>



<div class="wp-block-buttons is-layout-flex wp-block-buttons-is-layout-flex">
<div class="wp-block-button has-custom-width wp-block-button__width-100"><a class="wp-block-button__link has-primary-accent-background-color has-background wp-element-button" href="https://ojs.uel.br/revistas/uel/index.php/infoprof" target="_blank" rel="noreferrer noopener">ACESSAR REVISTA</a></div>
</div>

<p>A revista Informação@Profissões é um periódico técnico-científico eletrônico vinculado ao Programa de Pós-Graduação em Ciência da Informação da Universidade Estadual de Londrina (UEL), disponível em Open Access, no sistema SEER (Serviço de Editoração Eletrônica de Revistas). A Informação@Profissões tem como objetivo disseminar as comunicações técnicas em Ciência da Informação e difundir as experiências resultantes dos [&hellip;]</p>
