{"id":223,"date":"2022-09-26T19:36:08","date_gmt":"2022-09-26T22:36:08","guid":{"rendered":"https:\/\/pos.uel.br\/ppgci\/?page_id=223"},"modified":"2023-03-13T16:33:52","modified_gmt":"2023-03-13T19:33:52","slug":"estudante-especial","status":"publish","type":"page","link":"https:\/\/pos.uel.br\/ppgci\/estudante-especial\/","title":{"rendered":"Estudante especial"},"content":{"rendered":"\n<p><strong>O que \u00e9?<\/strong><\/p>\n\n\n\n<p>Estudante Especial \u00e9 aquele que est\u00e1 matriculado em disciplinas isoladas do Curso, ou seja, \u00e9 aquele que cursa disciplina da p\u00f3s-gradua\u00e7\u00e3o sem prestar a sele\u00e7\u00e3o.<\/p>\n\n\n\n<p>O Curso de Gradua\u00e7\u00e3o dever\u00e1 estar CONCLU\u00cdDO!<\/p>\n\n\n\n<p>O ingresso como estudante especial&nbsp;<em>n\u00e3o d\u00e1 direito a vaga<\/em>&nbsp;para o curso como aluno regular.<\/p>\n\n\n\n<p><strong>Quem poder\u00e1 se candidatar?<\/strong><\/p>\n\n\n\n<p>As inscri\u00e7\u00f5es ser\u00e3o realizadas somente via Internet e estar\u00e3o abertas a candidatos que possuam curso de gradua\u00e7\u00e3o conclu\u00eddo que seja reconhecido pelo \u00f3rg\u00e3o competente, de forma a atender a Resolu\u00e7\u00e3o 007\/2017 da CES\/CNE.<\/p>\n\n\n\n<p><strong>Documentos para Inscri\u00e7\u00e3o:<\/strong><\/p>\n\n\n\n<ol class=\"wp-block-list\">\n<li>Ficha de inscri\u00e7\u00e3o preenchida;<\/li>\n\n\n\n<li>Comprovante de recolhimento do pre\u00e7o p\u00fablico de inscri\u00e7\u00e3o correspondente ao valor de R$ 162,00 (cento e sessenta e dois reais);<\/li>\n\n\n\n<li>Fotoc\u00f3pia da C\u00e9dula de Identidade &#8211; Obrigat\u00f3rio o RG para fins acad\u00eamicos;<\/li>\n\n\n\n<li>Fotoc\u00f3pia do CPF: quando na C\u00e9dula de Identidade n\u00e3o constar o n\u00ba do CPF, fica obrigat\u00f3ria a apresenta\u00e7\u00e3o de c\u00f3pia leg\u00edvel do mesmo ou Comprovante de Situa\u00e7\u00e3o Cadastral no CPF, retirado do&nbsp;<a href=\"https:\/\/www.receita.fazenda.gov.br\/Aplicacoes\/SSL\/ATCTA\/CPF\/ConsultaSituacao\/ConsultaPublica.asp\">site da Receita Federal<\/a>;<\/li>\n\n\n\n<li>Documento Militar (M), para os que possuem menos de 45 anos de idade;<\/li>\n\n\n\n<li>Certid\u00e3o de Nascimento ou Casamento (frente e verso, sem tarja nem dobras);<\/li>\n\n\n\n<li>C\u00f3pia do hist\u00f3rico escolar da Gradua\u00e7\u00e3o;<\/li>\n\n\n\n<li>C\u00f3pia frente e verso do diploma do curso de gradua\u00e7\u00e3o (autenticada para aqueles emitidos por outras IES). Caso o candidato ainda n\u00e3o possua o diploma, dever\u00e1 apresentar documento de cola\u00e7\u00e3o de grau;<\/li>\n\n\n\n<li>Candidatos estrangeiros dever\u00e3o apresentar: 1. c\u00f3pia do passaporte; 2. c\u00f3pia autenticada do diploma de gradua\u00e7\u00e3o (idioma de origem); 3. c\u00f3pia autenticada da tradu\u00e7\u00e3o juramentada do diploma de gradua\u00e7\u00e3o; 4. c\u00f3pia autenticada da Certid\u00e3o de Nascimento ou Casamento (idioma de origem); 5. c\u00f3pia autenticada da tradu\u00e7\u00e3o juramentada da Certid\u00e3o de Nascimento ou Casamento; 6. c\u00f3pia do CPF; 7. visto de perman\u00eancia no pa\u00eds, atualizado.&nbsp;<\/li>\n\n\n\n<li>Arquivo do Curr\u00edculo cadastrado na\u00a0<strong><a rel=\"noreferrer noopener\" href=\"https:\/\/lattes.cnpq.br\/\" data-type=\"URL\" data-id=\"https:\/\/lattes.cnpq.br\/\" target=\"_blank\">Plataforma Lattes<\/a><\/strong>\u00a0<strong>DOCUMENTADO<\/strong>.<\/li>\n<\/ol>\n\n\n\n<p><strong>Editais anteriores:<\/strong><\/p>\n\n\n\n<ul class=\"wp-block-list\">\n<li><a href=\"https:\/\/pos.uel.br\/ppgci\/selecao-2023-1o-semestre\/\" data-type=\"URL\" data-id=\"https:\/\/pos.uel.br\/ppgci\/selecao-2023-1o-semestre\/\" target=\"_blank\" rel=\"noreferrer noopener\">Sele\u00e7\u00e3o 2023, 1\u00ba Semestre<\/a><\/li>\n\n\n\n<li><a href=\"https:\/\/pos.uel.br\/ppgci\/selecao-2022-2o-semestre\/\" data-type=\"URL\" data-id=\"https:\/\/pos.uel.br\/ppgci\/selecao-2022-2o-semestre\/\" target=\"_blank\" rel=\"noreferrer noopener\">Sele\u00e7\u00e3o 2022, 2\u00ba Semestre<\/a><\/li>\n\n\n\n<li><a href=\"https:\/\/pos.uel.br\/ppgci\/selecao-2022-1o-semestre\/\" data-type=\"URL\" data-id=\"https:\/\/pos.uel.br\/ppgci\/selecao-2022-1o-semestre\/\" target=\"_blank\" rel=\"noreferrer noopener\">Sele\u00e7\u00e3o 2022, 1\u00ba Semestre<\/a><\/li>\n\n\n\n<li><a href=\"https:\/\/pos.uel.br\/ppgci\/selecao-2020-1o-semestre\/\" data-type=\"URL\" data-id=\"https:\/\/pos.uel.br\/ppgci\/selecao-2020-1o-semestre\/\" target=\"_blank\" rel=\"noreferrer noopener\">Sele\u00e7\u00e3o 2020, 1\u00ba Semestre<\/a><\/li>\n\n\n\n<li><a href=\"https:\/\/pos.uel.br\/ppgci\/selecao-2019-2o-semestre\/\" data-type=\"URL\" data-id=\"https:\/\/pos.uel.br\/ppgci\/selecao-2019-2o-semestre\/\" target=\"_blank\" rel=\"noreferrer noopener\">Sele\u00e7\u00e3o 2019, 2\u00ba Semestre<\/a><\/li>\n\n\n\n<li><a href=\"https:\/\/pos.uel.br\/ppgci\/selecao-2019-1o-semestre\/\" data-type=\"URL\" data-id=\"https:\/\/pos.uel.br\/ppgci\/selecao-2019-1o-semestre\/\" target=\"_blank\" rel=\"noreferrer noopener\">Sele\u00e7\u00e3o 2019, 1\u00ba Semestre<\/a><\/li>\n\n\n\n<li><a href=\"https:\/\/pos.uel.br\/ppgci\/selecao-2018-2o-semestre\/\" data-type=\"URL\" data-id=\"https:\/\/pos.uel.br\/ppgci\/selecao-2018-2o-semestre\/\" target=\"_blank\" rel=\"noreferrer noopener\">Sele\u00e7\u00e3o 2018, 2\u00ba Semestre<\/a><\/li>\n\n\n\n<li><a href=\"https:\/\/pos.uel.br\/ppgci\/selecao-2018-1o-semestre\/\" data-type=\"URL\" data-id=\"https:\/\/pos.uel.br\/ppgci\/selecao-2018-1o-semestre\/\" target=\"_blank\" rel=\"noreferrer noopener\">Sele\u00e7\u00e3o 2018, 1\u00ba Semestre<\/a><\/li>\n\n\n\n<li><a href=\"https:\/\/pos.uel.br\/ppgci\/selecao-2017-2o-semestre\/\" data-type=\"URL\" data-id=\"https:\/\/pos.uel.br\/ppgci\/selecao-2017-2o-semestre\/\" target=\"_blank\" rel=\"noreferrer noopener\">Sele\u00e7\u00e3o 2017, 2\u00ba Semestre<\/a><\/li>\n\n\n\n<li><a href=\"https:\/\/pos.uel.br\/ppgci\/selecao-2017-1o-semestre\/\" data-type=\"URL\" data-id=\"https:\/\/pos.uel.br\/ppgci\/selecao-2017-1o-semestre\/\" target=\"_blank\" rel=\"noreferrer noopener\">Sele\u00e7\u00e3o 2017, 1\u00ba Semestre<\/a><\/li>\n\n\n\n<li><a href=\"https:\/\/pos.uel.br\/ppgci\/selecao-2016-2o-semestre\/\" data-type=\"URL\" data-id=\"https:\/\/pos.uel.br\/ppgci\/selecao-2016-2o-semestre\/\" target=\"_blank\" rel=\"noreferrer noopener\">Sele\u00e7\u00e3o 2016, 2\u00ba Semestre<\/a><\/li>\n\n\n\n<li><a href=\"https:\/\/pos.uel.br\/ppgci\/selecao-2016-1o-semestre\/\" data-type=\"URL\" data-id=\"https:\/\/pos.uel.br\/ppgci\/selecao-2016-1o-semestre\/\" target=\"_blank\" rel=\"noreferrer noopener\">Sele\u00e7\u00e3o 2016, 1\u00ba Semestre<\/a><\/li>\n\n\n\n<li><a href=\"https:\/\/pos.uel.br\/ppgci\/selecao-2014-2o-semestre\/\" data-type=\"URL\" data-id=\"https:\/\/pos.uel.br\/ppgci\/selecao-2014-2o-semestre\/\" target=\"_blank\" rel=\"noreferrer noopener\">Sele\u00e7\u00e3o 2014, 2\u00ba Semestre<\/a><\/li>\n<\/ul>\n","protected":false},"excerpt":{"rendered":"<p>O que \u00e9? Estudante Especial \u00e9 aquele que est\u00e1 matriculado em disciplinas isoladas do Curso, ou seja, \u00e9 aquele que cursa disciplina da p\u00f3s-gradua\u00e7\u00e3o sem prestar a sele\u00e7\u00e3o. O Curso de Gradua\u00e7\u00e3o dever\u00e1 estar CONCLU\u00cdDO! O ingresso como estudante especial&nbsp;n\u00e3o d\u00e1 direito a vaga&nbsp;para o curso como aluno regular. Quem poder\u00e1 se candidatar? As inscri\u00e7\u00f5es [&hellip;]<\/p>\n","protected":false},"author":11,"featured_media":0,"parent":0,"menu_order":0,"comment_status":"closed","ping_status":"closed","template":"","meta":{"footnotes":""},"class_list":["post-223","page","type-page","status-publish","hentry"],"_links":{"self":[{"href":"https:\/\/pos.uel.br\/ppgci\/wp-json\/wp\/v2\/pages\/223","targetHints":{"allow":["GET"]}}],"collection":[{"href":"https:\/\/pos.uel.br\/ppgci\/wp-json\/wp\/v2\/pages"}],"about":[{"href":"https:\/\/pos.uel.br\/ppgci\/wp-json\/wp\/v2\/types\/page"}],"author":[{"embeddable":true,"href":"https:\/\/pos.uel.br\/ppgci\/wp-json\/wp\/v2\/users\/11"}],"replies":[{"embeddable":true,"href":"https:\/\/pos.uel.br\/ppgci\/wp-json\/wp\/v2\/comments?post=223"}],"version-history":[{"count":9,"href":"https:\/\/pos.uel.br\/ppgci\/wp-json\/wp\/v2\/pages\/223\/revisions"}],"predecessor-version":[{"id":1241,"href":"https:\/\/pos.uel.br\/ppgci\/wp-json\/wp\/v2\/pages\/223\/revisions\/1241"}],"wp:attachment":[{"href":"https:\/\/pos.uel.br\/ppgci\/wp-json\/wp\/v2\/media?parent=223"}],"curies":[{"name":"wp","href":"https:\/\/api.w.org\/{rel}","templated":true}]}}