{"id":220,"date":"2022-09-26T19:36:08","date_gmt":"2022-09-26T22:36:08","guid":{"rendered":"https:\/\/pos.uel.br\/ppgci\/?page_id=220"},"modified":"2023-02-17T17:43:29","modified_gmt":"2023-02-17T20:43:29","slug":"processo-seletivo","status":"publish","type":"page","link":"https:\/\/pos.uel.br\/ppgci\/processo-seletivo\/","title":{"rendered":"Processo seletivo de P\u00f3s-doutorado"},"content":{"rendered":"\n<p>O Programa de P\u00f3s-Gradua\u00e7\u00e3o em Ci\u00eancia da Informa\u00e7\u00e3o (PPGCI) torna p\u00fablico aos interessados os processos de Sele\u00e7\u00e3o para Estudante Regular do curso de P\u00f3s-Doutorado e seus Resultados. Veja os Editais de Sele\u00e7\u00e3o e seus respectivos Resultados dos Editais de Sele\u00e7\u00e3o.<\/p>\n\n\n\n<div class=\"wp-block-group\"><div class=\"wp-block-group__inner-container is-layout-constrained wp-block-group-is-layout-constrained\">\n<div class=\"wp-block-columns is-layout-flex wp-container-core-columns-is-layout-9d6595d7 wp-block-columns-is-layout-flex\">\n<div class=\"wp-block-column is-layout-flow wp-block-column-is-layout-flow\">\n<div class=\"wp-block-buttons is-layout-flex wp-block-buttons-is-layout-flex\"><\/div>\n<\/div>\n<\/div>\n<\/div><\/div>\n\n\n\n<div class=\"wp-block-uel-card\">\n<div class=\"wp-block-buttons is-layout-flex wp-block-buttons-is-layout-flex\"><\/div>\n\n\n\n<div class=\"wp-block-uel-card\">\n<div class=\"wp-block-buttons alignfull is-content-justification-center is-layout-flex wp-container-core-buttons-is-layout-16018d1d wp-block-buttons-is-layout-flex\">\n<div class=\"wp-block-button has-custom-width wp-block-button__width-100 has-custom-font-size has-medium-font-size\"><a class=\"wp-block-button__link has-primary-accent-color has-site-background-background-color has-text-color has-background wp-element-button\" href=\"https:\/\/pos.uel.br\/ppgci\/wp-content\/uploads\/2023\/02\/Edital-PPGCI-01_2021-POS-DOC-FLUXO-CONTINUO.pdf\" style=\"border-radius:0px\" target=\"_blank\" rel=\"noreferrer noopener\">EDITAL PPGCI N\u00ba 001\/2021<\/a><\/div>\n<\/div>\n<\/div>\n\n\n\n<div class=\"wp-block-uel-card\">\n<div class=\"wp-block-buttons alignfull is-layout-flex wp-block-buttons-is-layout-flex\">\n<div class=\"wp-block-button has-custom-width wp-block-button__width-100 has-custom-font-size has-medium-font-size\"><a class=\"wp-block-button__link has-primary-accent-color has-site-background-background-color has-text-color has-background wp-element-button\" style=\"border-radius:0px\">EDITAL PPGCI N\u00ba 001\/2020<\/a><\/div>\n<\/div>\n<\/div>\n\n\n\n<div class=\"wp-block-uel-card\">\n<div class=\"wp-block-buttons alignfull is-layout-flex wp-block-buttons-is-layout-flex\">\n<div class=\"wp-block-button has-custom-width wp-block-button__width-100 has-custom-font-size has-medium-font-size\"><a class=\"wp-block-button__link has-primary-accent-color has-site-background-background-color has-text-color has-background wp-element-button\" href=\"https:\/\/pos.uel.br\/ppgci\/wp-content\/uploads\/2023\/02\/PosDoc_EDITAL-PPGCI-No-003-2019.pdf\" style=\"border-radius:0px\" target=\"_blank\" rel=\"noreferrer noopener\">EDITAL PPGCI N\u00ba 003\/2019<\/a><\/div>\n\n\n\n<div class=\"wp-block-button has-custom-width wp-block-button__width-100 has-custom-font-size has-medium-font-size\"><a class=\"wp-block-button__link has-primary-accent-color has-site-background-background-color has-text-color has-background wp-element-button\" href=\"https:\/\/pos.uel.br\/ppgci\/wp-content\/uploads\/2023\/02\/PosDoc_EDITAL-PPGCI-No-004-2019_RESULTADO.pdf\" style=\"border-radius:0px\" target=\"_blank\" rel=\"noreferrer noopener\">EDITAL PPGCI N\u00ba 004\/2019 &#8211; RESULTADO<\/a><\/div>\n<\/div>\n<\/div>\n\n\n\n<div class=\"wp-block-uel-card\">\n<div class=\"wp-block-buttons alignfull is-layout-flex wp-block-buttons-is-layout-flex\">\n<div class=\"wp-block-button has-custom-width wp-block-button__width-100 has-custom-font-size has-medium-font-size\"><a class=\"wp-block-button__link has-primary-accent-color has-site-background-background-color has-text-color has-background wp-element-button\" href=\"https:\/\/pos.uel.br\/ppgci\/wp-content\/uploads\/2023\/02\/PosDoc_EditalSelecao_0062017.pdf\" style=\"border-radius:0px\" target=\"_blank\" rel=\"noreferrer noopener\">EDITAL PPGCI N\u00ba 006\/2017<\/a><\/div>\n\n\n\n<div class=\"wp-block-button has-custom-width wp-block-button__width-100 has-custom-font-size has-medium-font-size\"><a class=\"wp-block-button__link has-primary-accent-color has-site-background-background-color has-text-color has-background wp-element-button\" href=\"https:\/\/pos.uel.br\/ppgci\/wp-content\/uploads\/2023\/02\/PosDoc_EditalSelecao_0052017.pdf\" style=\"border-radius:0px\" target=\"_blank\" rel=\"noreferrer noopener\">EDITAL PPGCI N\u00ba 005\/2017 (RETIFICA\u00c7\u00c3O)<\/a><\/div>\n\n\n\n<div class=\"wp-block-button has-custom-width wp-block-button__width-100 has-custom-font-size has-medium-font-size\"><a class=\"wp-block-button__link has-primary-accent-color has-site-background-background-color has-text-color has-background wp-element-button\" href=\"https:\/\/pos.uel.br\/ppgci\/wp-content\/uploads\/2023\/02\/PosDoc_EditalSelecao_004-2017.pdf\" style=\"border-radius:0px\" target=\"_blank\" rel=\"noreferrer noopener\">EDITAL PPGCI N\u00ba 004\/2017<\/a><\/div>\n\n\n\n<div class=\"wp-block-button has-custom-width wp-block-button__width-100 has-custom-font-size has-medium-font-size\"><a class=\"wp-block-button__link has-primary-accent-color has-site-background-background-color has-text-color has-background wp-element-button\" href=\"https:\/\/pos.uel.br\/ppgci\/wp-content\/uploads\/2023\/02\/Formulario_inscricao-POS-DOC-2017.doc\" style=\"border-radius:0px\" target=\"_blank\" rel=\"noreferrer noopener\">Formul\u00e1rio de inscri\u00e7\u00e3o 2017<\/a><\/div>\n\n\n\n<div class=\"wp-block-button has-custom-width wp-block-button__width-100 has-custom-font-size has-medium-font-size\"><a class=\"wp-block-button__link has-primary-accent-color has-site-background-background-color has-text-color has-background wp-element-button\" href=\"https:\/\/pos.uel.br\/ppgci\/wp-content\/uploads\/2023\/02\/PosDoc_EditalResultado_0072017.pdf\" style=\"border-radius:0px\" target=\"_blank\" rel=\"noreferrer noopener\">EDITAL PPGCI N\u00ba 007\/2017 &#8211; RESULTADO<\/a><\/div>\n<\/div>\n<\/div>\n\n\n\n<div class=\"wp-block-uel-card\">\n<div class=\"wp-block-buttons alignfull is-layout-flex wp-block-buttons-is-layout-flex\">\n<div class=\"wp-block-button has-custom-width wp-block-button__width-100 has-custom-font-size has-medium-font-size\"><a class=\"wp-block-button__link has-primary-accent-color has-site-background-background-color has-text-color has-background wp-element-button\" href=\"https:\/\/pos.uel.br\/ppgci\/wp-content\/uploads\/2023\/02\/PosDoc_EditalSelecao_0012016.pdf\" style=\"border-radius:0px\" target=\"_blank\" rel=\"noreferrer noopener\">EDITAL PPGCI N\u00ba 001\/2016<\/a><\/div>\n\n\n\n<div class=\"wp-block-button has-custom-width wp-block-button__width-100 has-custom-font-size has-medium-font-size\"><a class=\"wp-block-button__link has-primary-accent-color has-site-background-background-color has-text-color has-background wp-element-button\" href=\"https:\/\/pos.uel.br\/ppgci\/wp-content\/uploads\/2023\/02\/PosDoc_EditalResultado_0022016.pdf\" style=\"border-radius:0px\" target=\"_blank\" rel=\"noreferrer noopener\">EDITAL PPGCI N\u00ba 002\/2016 &#8211; RESULTADO<\/a><\/div>\n<\/div>\n<\/div>\n\n\n\n<div class=\"wp-block-uel-card\">\n<div class=\"wp-block-buttons alignfull is-layout-flex wp-block-buttons-is-layout-flex\">\n<div class=\"wp-block-button has-custom-width wp-block-button__width-100 has-custom-font-size has-medium-font-size\"><a class=\"wp-block-button__link has-primary-accent-color has-site-background-background-color has-text-color has-background wp-element-button\" href=\"https:\/\/pos.uel.br\/ppgci\/wp-content\/uploads\/2023\/02\/PosDoc_EditalSelecao_0052015.pdf\" style=\"border-radius:0px\" target=\"_blank\" rel=\"noreferrer noopener\">EDITAL PPGCI N\u00ba 005\/2015<\/a><\/div>\n\n\n\n<div class=\"wp-block-button has-custom-width wp-block-button__width-100 has-custom-font-size has-medium-font-size\"><a class=\"wp-block-button__link has-primary-accent-color has-site-background-background-color has-text-color has-background wp-element-button\" href=\"https:\/\/pos.uel.br\/ppgci\/wp-content\/uploads\/2023\/02\/PosDoc_EditalSelecao_0022015.pdf\" style=\"border-radius:0px\" target=\"_blank\" rel=\"noreferrer noopener\">EDITAL PPGCI N\u00ba 002\/2015<\/a><\/div>\n\n\n\n<div class=\"wp-block-button has-custom-width wp-block-button__width-100 has-custom-font-size has-medium-font-size\"><a class=\"wp-block-button__link has-primary-accent-color has-site-background-background-color has-text-color has-background wp-element-button\" href=\"https:\/\/pos.uel.br\/ppgci\/wp-content\/uploads\/2023\/02\/PosDoc_EditalResultado_0062015.pdf\" style=\"border-radius:0px\" target=\"_blank\" rel=\"noreferrer noopener\">EDITAL PPGCI N\u00ba 006\/2015 &#8211; RESULTADO<\/a><\/div>\n\n\n\n<div class=\"wp-block-button has-custom-width wp-block-button__width-100 has-custom-font-size has-medium-font-size\"><a class=\"wp-block-button__link has-primary-accent-color has-site-background-background-color has-text-color has-background wp-element-button\" href=\"https:\/\/pos.uel.br\/ppgci\/wp-content\/uploads\/2023\/02\/PosDoc_EditalResultado_0042015.pdf\" style=\"border-radius:0px\" target=\"_blank\" rel=\"noreferrer noopener\">EDITAL PPGCI N\u00ba 004\/2015 &#8211; RESULTADO<\/a><\/div>\n<\/div>\n<\/div>\n\n\n\n<div class=\"wp-block-uel-card\">\n<div class=\"wp-block-buttons alignfull is-layout-flex wp-block-buttons-is-layout-flex\">\n<div class=\"wp-block-button has-custom-width wp-block-button__width-100 has-custom-font-size has-medium-font-size\"><a class=\"wp-block-button__link has-primary-accent-color has-site-background-background-color has-text-color has-background wp-element-button\" style=\"border-radius:0px\">EDITAL PPGCI N\u00ba 001\/2013<\/a><\/div>\n\n\n\n<div class=\"wp-block-button has-custom-width wp-block-button__width-100 has-custom-font-size has-medium-font-size\"><a class=\"wp-block-button__link has-primary-accent-color has-site-background-background-color has-text-color has-background wp-element-button\" style=\"border-radius:0px\">EDITAL PPGCI N\u00ba 002\/2013 &#8211; RESULTADO<\/a><\/div>\n<\/div>\n<\/div>\n<\/div>\n","protected":false},"excerpt":{"rendered":"<p>O Programa de P\u00f3s-Gradua\u00e7\u00e3o em Ci\u00eancia da Informa\u00e7\u00e3o (PPGCI) torna p\u00fablico aos interessados os processos de Sele\u00e7\u00e3o para Estudante Regular do curso de P\u00f3s-Doutorado e seus Resultados. Veja os Editais de Sele\u00e7\u00e3o e seus respectivos Resultados dos Editais de Sele\u00e7\u00e3o.<\/p>\n","protected":false},"author":11,"featured_media":0,"parent":0,"menu_order":0,"comment_status":"closed","ping_status":"closed","template":"","meta":{"footnotes":""},"class_list":["post-220","page","type-page","status-publish","hentry"],"_links":{"self":[{"href":"https:\/\/pos.uel.br\/ppgci\/wp-json\/wp\/v2\/pages\/220","targetHints":{"allow":["GET"]}}],"collection":[{"href":"https:\/\/pos.uel.br\/ppgci\/wp-json\/wp\/v2\/pages"}],"about":[{"href":"https:\/\/pos.uel.br\/ppgci\/wp-json\/wp\/v2\/types\/page"}],"author":[{"embeddable":true,"href":"https:\/\/pos.uel.br\/ppgci\/wp-json\/wp\/v2\/users\/11"}],"replies":[{"embeddable":true,"href":"https:\/\/pos.uel.br\/ppgci\/wp-json\/wp\/v2\/comments?post=220"}],"version-history":[{"count":27,"href":"https:\/\/pos.uel.br\/ppgci\/wp-json\/wp\/v2\/pages\/220\/revisions"}],"predecessor-version":[{"id":858,"href":"https:\/\/pos.uel.br\/ppgci\/wp-json\/wp\/v2\/pages\/220\/revisions\/858"}],"wp:attachment":[{"href":"https:\/\/pos.uel.br\/ppgci\/wp-json\/wp\/v2\/media?parent=220"}],"curies":[{"name":"wp","href":"https:\/\/api.w.org\/{rel}","templated":true}]}}