{"id":205,"date":"2022-09-26T19:20:35","date_gmt":"2022-09-26T22:20:35","guid":{"rendered":"https:\/\/pos.uel.br\/ppgci\/?page_id=205"},"modified":"2024-04-25T18:23:00","modified_gmt":"2024-04-25T21:23:00","slug":"memoria-da-coordenacao","status":"publish","type":"page","link":"https:\/\/pos.uel.br\/ppgci\/memoria-da-coordenacao\/","title":{"rendered":"Mem\u00f3ria da Coordena\u00e7\u00e3o"},"content":{"rendered":"\n<h3 class=\"wp-block-heading has-primary-accent-color has-text-color\"><strong>Gest\u00e3o 2021 &#8211; 202<\/strong>4<\/h3>\n\n\n\n<p>Coordena\u00e7\u00e3o: Prof\u00aa. Dra. Ana Cristina de Albuquerque<br>Vice-coordena\u00e7\u00e3o: Prof\u00aa. Dra. Thais Batista Zaninelli<\/p>\n\n\n\n<h3 class=\"wp-block-heading has-primary-accent-color has-text-color\"><strong>Gest\u00e3o 2016 &#8211; 2021<\/strong><\/h3>\n\n\n\n<p>Coordena\u00e7\u00e3o: Prof\u00aa. Dra. Ana Cristina de Albuquerque<br>Vice-coordena\u00e7\u00e3o: Prof\u00aa. Dra. Luciane de Fatima Beckman Cavlcante<\/p>\n\n\n\n<h3 class=\"wp-block-heading has-primary-accent-color has-text-color\"><strong>Gest\u00e3o 2014 &#8211; 2016<\/strong><\/h3>\n\n\n\n<p>Coordena\u00e7\u00e3o: Prof\u00aa. Dra. Silvana Drumond Monteiro<br>Vice-coordena\u00e7\u00e3o: Prof\u00aa. Dra. Sueli Bortolin<\/p>\n\n\n\n<h3 class=\"wp-block-heading has-primary-accent-color has-text-color\"><strong>Gest\u00e3o: 2011 &#8211; 2014<\/strong><\/h3>\n\n\n\n<p>Coordena\u00e7\u00e3o: Prof\u00aa. Dra. Maria In\u00eas Toma\u00e9l<br>Vice-coordena\u00e7\u00e3o: Prof\u00aa. Dra. Ana Esmeralda Carelli<\/p>\n","protected":false},"excerpt":{"rendered":"<p>Gest\u00e3o 2021 &#8211; 2024 Coordena\u00e7\u00e3o: Prof\u00aa. Dra. Ana Cristina de AlbuquerqueVice-coordena\u00e7\u00e3o: Prof\u00aa. Dra. Thais Batista Zaninelli Gest\u00e3o 2016 &#8211; 2021 Coordena\u00e7\u00e3o: Prof\u00aa. Dra. Ana Cristina de AlbuquerqueVice-coordena\u00e7\u00e3o: Prof\u00aa. Dra. Luciane de Fatima Beckman Cavlcante Gest\u00e3o 2014 &#8211; 2016 Coordena\u00e7\u00e3o: Prof\u00aa. Dra. Silvana Drumond MonteiroVice-coordena\u00e7\u00e3o: Prof\u00aa. Dra. Sueli Bortolin Gest\u00e3o: 2011 &#8211; 2014 Coordena\u00e7\u00e3o: Prof\u00aa. Dra. [&hellip;]<\/p>\n","protected":false},"author":9,"featured_media":0,"parent":0,"menu_order":0,"comment_status":"closed","ping_status":"closed","template":"","meta":{"footnotes":""},"class_list":["post-205","page","type-page","status-publish","hentry"],"_links":{"self":[{"href":"https:\/\/pos.uel.br\/ppgci\/wp-json\/wp\/v2\/pages\/205","targetHints":{"allow":["GET"]}}],"collection":[{"href":"https:\/\/pos.uel.br\/ppgci\/wp-json\/wp\/v2\/pages"}],"about":[{"href":"https:\/\/pos.uel.br\/ppgci\/wp-json\/wp\/v2\/types\/page"}],"author":[{"embeddable":true,"href":"https:\/\/pos.uel.br\/ppgci\/wp-json\/wp\/v2\/users\/9"}],"replies":[{"embeddable":true,"href":"https:\/\/pos.uel.br\/ppgci\/wp-json\/wp\/v2\/comments?post=205"}],"version-history":[{"count":7,"href":"https:\/\/pos.uel.br\/ppgci\/wp-json\/wp\/v2\/pages\/205\/revisions"}],"predecessor-version":[{"id":1587,"href":"https:\/\/pos.uel.br\/ppgci\/wp-json\/wp\/v2\/pages\/205\/revisions\/1587"}],"wp:attachment":[{"href":"https:\/\/pos.uel.br\/ppgci\/wp-json\/wp\/v2\/media?parent=205"}],"curies":[{"name":"wp","href":"https:\/\/api.w.org\/{rel}","templated":true}]}}

Memória da Coordenação

<h3 class="wp-block-heading has-primary-accent-color has-text-color"><strong>Gestão 2021 &#8211; 202</strong>4</h3>



<p>Coordenação: Profª. Dra. Ana Cristina de Albuquerque<br>Vice-coordenação: Profª. Dra. Thais Batista Zaninelli</p>



<h3 class="wp-block-heading has-primary-accent-color has-text-color"><strong>Gestão 2016 &#8211; 2021</strong></h3>



<p>Coordenação: Profª. Dra. Ana Cristina de Albuquerque<br>Vice-coordenação: Profª. Dra. Luciane de Fatima Beckman Cavlcante</p>



<h3 class="wp-block-heading has-primary-accent-color has-text-color"><strong>Gestão 2014 &#8211; 2016</strong></h3>



<p>Coordenação: Profª. Dra. Silvana Drumond Monteiro<br>Vice-coordenação: Profª. Dra. Sueli Bortolin</p>



<h3 class="wp-block-heading has-primary-accent-color has-text-color"><strong>Gestão: 2011 &#8211; 2014</strong></h3>



<p>Coordenação: Profª. Dra. Maria Inês Tomaél<br>Vice-coordenação: Profª. Dra. Ana Esmeralda Carelli</p>

<p>Gestão 2021 &#8211; 2024 Coordenação: Profª. Dra. Ana Cristina de AlbuquerqueVice-coordenação: Profª. Dra. Thais Batista Zaninelli Gestão 2016 &#8211; 2021 Coordenação: Profª. Dra. Ana Cristina de AlbuquerqueVice-coordenação: Profª. Dra. Luciane de Fatima Beckman Cavlcante Gestão 2014 &#8211; 2016 Coordenação: Profª. Dra. Silvana Drumond MonteiroVice-coordenação: Profª. Dra. Sueli Bortolin Gestão: 2011 &#8211; 2014 Coordenação: Profª. Dra. [&hellip;]</p>
