{"id":195,"date":"2022-09-26T19:18:47","date_gmt":"2022-09-26T22:18:47","guid":{"rendered":"https:\/\/pos.uel.br\/ppgci\/?page_id=195"},"modified":"2025-06-03T21:14:28","modified_gmt":"2025-06-04T00:14:28","slug":"coordenacao","status":"publish","type":"page","link":"https:\/\/pos.uel.br\/ppgci\/coordenacao\/","title":{"rendered":"Coordena\u00e7\u00e3o"},"content":{"rendered":"\n<p><\/p>\n\n\n\n<p class=\"has-text-align-left\">A Comiss\u00e3o Coordenadora do curso \u00e9 formada por tr\u00eas docentes e um representante discente eleito por seus pares. A comiss\u00e3o tem a responsabilidade de planejar, analisar e decidir sobre as atividades e a\u00e7\u00f5es relacionadas ao curso.<\/p>\n\n\n\n<p><\/p>\n\n\n\n<div class=\"wp-block-columns has-site-background-background-color has-background is-layout-flex wp-container-core-columns-is-layout-9d6595d7 wp-block-columns-is-layout-flex\">\n<div class=\"wp-block-column is-layout-flow wp-block-column-is-layout-flow\">\n<p><strong>Coordenadora:<\/strong> Prof\u00aa. Dra. Let\u00edcia Gorri Molina<\/p>\n\n\n\n<p><strong>Vice-Coordenadora:<\/strong>\u00a0Prof\u00aa. Dra.\u00a0 Ana Cristina de Albuquerque<\/p>\n\n\n\n<p><strong>Estagi\u00e1ria: <\/strong>Aline Francieli Chinelatto Santos<\/p>\n<\/div>\n\n\n\n<div class=\"wp-block-column is-layout-flow wp-block-column-is-layout-flow\">\n<p><strong>E-mail:<\/strong>\u00a0<\/p>\n\n\n\n<p>academicouel@gmail.com <\/p>\n\n\n\n<p>ppgci@uel.br<\/p>\n<\/div>\n<\/div>\n\n\n\n<p><\/p>\n\n\n\n<div class=\"wp-block-columns has-site-background-background-color has-background is-layout-flex wp-container-core-columns-is-layout-9d6595d7 wp-block-columns-is-layout-flex\">\n<div class=\"wp-block-column is-layout-flow wp-block-column-is-layout-flow\">\n<p><strong>Membros docentes:<\/strong>&nbsp;em processo de sele\u00e7\u00e3o.<\/p>\n<\/div>\n\n\n\n<div class=\"wp-block-column is-layout-flow wp-block-column-is-layout-flow\">\n<p><\/p>\n<\/div>\n<\/div>\n\n\n\n<p><\/p>\n\n\n\n<div class=\"wp-block-columns has-site-background-background-color has-background is-layout-flex wp-container-core-columns-is-layout-9d6595d7 wp-block-columns-is-layout-flex\">\n<div class=\"wp-block-column is-layout-flow wp-block-column-is-layout-flow\">\n<p><strong><strong>Representante discente do mestrado:<\/strong>&nbsp;<\/strong><\/p>\n\n\n\n<p>Carlos Eduardo da Silva Carvalho<strong><br><strong>E-mail:<\/strong><\/strong> eduardo.carvalho98@uel.br <\/p>\n<\/div>\n\n\n\n<div class=\"wp-block-column is-layout-flow wp-block-column-is-layout-flow\">\n<p><strong><strong>Representante discente do mestrado:<\/strong>&nbsp;<\/strong><\/p>\n\n\n\n<p>J\u00falio C\u00e9sar Silveira Tauil<strong><br><strong>E-mail:<\/strong><\/strong> jtauil86@gmail.com<\/p>\n<\/div>\n<\/div>\n\n\n\n<p><\/p>\n","protected":false},"excerpt":{"rendered":"<p>A Comiss\u00e3o Coordenadora do curso \u00e9 formada por tr\u00eas docentes e um representante discente eleito por seus pares. A comiss\u00e3o tem a responsabilidade de planejar, analisar e decidir sobre as atividades e a\u00e7\u00f5es relacionadas ao curso. Coordenadora: Prof\u00aa. Dra. Let\u00edcia Gorri Molina Vice-Coordenadora:\u00a0Prof\u00aa. Dra.\u00a0 Ana Cristina de Albuquerque Estagi\u00e1ria: Aline Francieli Chinelatto Santos E-mail:\u00a0 academicouel@gmail.com [&hellip;]<\/p>\n","protected":false},"author":9,"featured_media":0,"parent":0,"menu_order":0,"comment_status":"closed","ping_status":"closed","template":"","meta":{"footnotes":""},"class_list":["post-195","page","type-page","status-publish","hentry"],"_links":{"self":[{"href":"https:\/\/pos.uel.br\/ppgci\/wp-json\/wp\/v2\/pages\/195","targetHints":{"allow":["GET"]}}],"collection":[{"href":"https:\/\/pos.uel.br\/ppgci\/wp-json\/wp\/v2\/pages"}],"about":[{"href":"https:\/\/pos.uel.br\/ppgci\/wp-json\/wp\/v2\/types\/page"}],"author":[{"embeddable":true,"href":"https:\/\/pos.uel.br\/ppgci\/wp-json\/wp\/v2\/users\/9"}],"replies":[{"embeddable":true,"href":"https:\/\/pos.uel.br\/ppgci\/wp-json\/wp\/v2\/comments?post=195"}],"version-history":[{"count":14,"href":"https:\/\/pos.uel.br\/ppgci\/wp-json\/wp\/v2\/pages\/195\/revisions"}],"predecessor-version":[{"id":1840,"href":"https:\/\/pos.uel.br\/ppgci\/wp-json\/wp\/v2\/pages\/195\/revisions\/1840"}],"wp:attachment":[{"href":"https:\/\/pos.uel.br\/ppgci\/wp-json\/wp\/v2\/media?parent=195"}],"curies":[{"name":"wp","href":"https:\/\/api.w.org\/{rel}","templated":true}]}}

Coordenação

<p></p>



<p class="has-text-align-left">A Comissão Coordenadora do curso é formada por três docentes e um representante discente eleito por seus pares. A comissão tem a responsabilidade de planejar, analisar e decidir sobre as atividades e ações relacionadas ao curso.</p>



<p></p>



<div class="wp-block-columns has-site-background-background-color has-background is-layout-flex wp-container-core-columns-is-layout-9d6595d7 wp-block-columns-is-layout-flex">
<div class="wp-block-column is-layout-flow wp-block-column-is-layout-flow">
<p><strong>Coordenadora:</strong> Profª. Dra. Letícia Gorri Molina</p>



<p><strong>Vice-Coordenadora:</strong> Profª. Dra.  Ana Cristina de Albuquerque</p>



<p><strong>Estagiária: </strong>Aline Francieli Chinelatto Santos</p>
</div>



<div class="wp-block-column is-layout-flow wp-block-column-is-layout-flow">
<p><strong>E-mail:</strong> </p>



<p>academicouel@gmail.com </p>



<p>ppgci@uel.br</p>
</div>
</div>



<p></p>



<div class="wp-block-columns has-site-background-background-color has-background is-layout-flex wp-container-core-columns-is-layout-9d6595d7 wp-block-columns-is-layout-flex">
<div class="wp-block-column is-layout-flow wp-block-column-is-layout-flow">
<p><strong>Membros docentes:</strong>&nbsp;em processo de seleção.</p>
</div>



<div class="wp-block-column is-layout-flow wp-block-column-is-layout-flow">
<p></p>
</div>
</div>



<p></p>



<div class="wp-block-columns has-site-background-background-color has-background is-layout-flex wp-container-core-columns-is-layout-9d6595d7 wp-block-columns-is-layout-flex">
<div class="wp-block-column is-layout-flow wp-block-column-is-layout-flow">
<p><strong><strong>Representante discente do mestrado:</strong>&nbsp;</strong></p>



<p>Carlos Eduardo da Silva Carvalho<strong><br><strong>E-mail:</strong></strong> eduardo.carvalho98@uel.br </p>
</div>



<div class="wp-block-column is-layout-flow wp-block-column-is-layout-flow">
<p><strong><strong>Representante discente do mestrado:</strong>&nbsp;</strong></p>



<p>Júlio César Silveira Tauil<strong><br><strong>E-mail:</strong></strong> jtauil86@gmail.com</p>
</div>
</div>



<p></p>

<p>A Comissão Coordenadora do curso é formada por três docentes e um representante discente eleito por seus pares. A comissão tem a responsabilidade de planejar, analisar e decidir sobre as atividades e ações relacionadas ao curso. Coordenadora: Profª. Dra. Letícia Gorri Molina Vice-Coordenadora: Profª. Dra.  Ana Cristina de Albuquerque Estagiária: Aline Francieli Chinelatto Santos E-mail:  academicouel@gmail.com [&hellip;]</p>
