{"id":183,"date":"2022-03-02T19:54:41","date_gmt":"2022-03-02T22:54:41","guid":{"rendered":"https:\/\/pos.uel.br\/ppgci\/?page_id=183"},"modified":"2023-02-18T18:12:15","modified_gmt":"2023-02-18T21:12:15","slug":"apresentacao","status":"publish","type":"page","link":"https:\/\/pos.uel.br\/ppgci\/apresentacao\/","title":{"rendered":"Apresenta\u00e7\u00e3o"},"content":{"rendered":"\n<p>O Programa de P\u00f3s-Gradua\u00e7\u00e3o em Ci\u00eancia da Informa\u00e7\u00e3o da Universidade Estadual de Londrina teve in\u00edcio em 2012, com o curso de Mestrado Acad\u00eamico e com conceito inicial 3, atribu\u00eddo pela CAPES. O PPGCI UEL foi pensado, projetado e desenvolvido por meio de v\u00e1rios debates e interlocu\u00e7\u00f5es entre os docentes e a Pr\u00f3-Reitoria de P\u00f3s-Gradua\u00e7\u00e3o da UEL, mostrando-se como uma concep\u00e7\u00e3o coletiva que possibilitou a realiza\u00e7\u00e3o de um antigo projeto do Departamento de Ci\u00eancia da Informa\u00e7\u00e3o da UEL.<\/p>\n\n\n\n<p>Em seu primeiro quadri\u00eanio, o PPGCI\/UEL obteve conceito 4 da CAPES, o que permitiu a abertura do Doutorado em 2018, com a primeira turma ingressante em 2019. Com isso, h\u00e1 uma continuidade no ciclo de trabalhos que demonstram comprometimento com as necessidades sociais, nacionais e regionais como \u00fanico curso&nbsp;<em>Strictu Sensu<\/em>&nbsp;em Ci\u00eancia da Informa\u00e7\u00e3o na \u00e1rea de Comunica\u00e7\u00e3o e Informa\u00e7\u00e3o da CAPES, do Estado do Paran\u00e1.<\/p>\n\n\n\n<p>O Programa vigora com uma estrutura curricular aprimorada ao longo de sua experi\u00eancia, que contempla orienta\u00e7\u00f5es epistemol\u00f3gicas e metodol\u00f3gicas e vis\u00f5es paradigm\u00e1ticas em torno de discuss\u00f5es nucleares na \u00c1rea de Ci\u00eancia da Informa\u00e7\u00e3o. Essa estrat\u00e9gia permite discuss\u00f5es, investiga\u00e7\u00f5es e pesquisas sobre as intera\u00e7\u00f5es entre Organiza\u00e7\u00e3o, Acesso e Apropria\u00e7\u00e3o da Informa\u00e7\u00e3o e do Conhecimento, \u00e1rea de concentra\u00e7\u00e3o delimitada e que se posiciona epistemologicamente como um forte alicerce das pesquisas desenvolvidas no Programa. Revela-se como dom\u00ednio de conhecimento valioso que compreende a complexidade e amplitude do assunto, mas que congrega com clareza o perfil do curso.<\/p>\n\n\n\n<p>Atualmente, o PPGCI UEL se delineia pelo fortalecimento das atividades desenvolvidas em conjunto por docentes e discentes e pela constante busca pelo equil\u00edbrio entre todos os envolvidos, o que demonstra a maturidade do grupo e resulta em um trabalho que contempla os objetivos do Programa.<\/p>\n\n\n\n<p>Desta forma, o PPGCI UEL tem como objetivo geral desenvolver pesquisas e fornecer subs\u00eddios para aprimorar compet\u00eancias ligadas \u00e0 diversidade de aspectos tratados pelos v\u00e1rios objetos da \u00e1rea de Ci\u00eancia da Informa\u00e7\u00e3o, conforme o perfil dos pesquisadores do programa. De maneira mais espec\u00edfica, o Programa visa:&nbsp;<\/p>\n\n\n\n<ol class=\"wp-block-list\">\n<li>Capacitar para o exerc\u00edcio da doc\u00eancia em Ci\u00eancia da Informa\u00e7\u00e3o;&nbsp;<\/li>\n\n\n\n<li>Formar pesquisadores qualificados para a condu\u00e7\u00e3o de investiga\u00e7\u00f5es no \u00e2mbito da Ci\u00eancia da Informa\u00e7\u00e3o;&nbsp;<\/li>\n\n\n\n<li>Expandir compet\u00eancias concernentes \u00e0 organiza\u00e7\u00e3o, acesso e uso da informa\u00e7\u00e3o;&nbsp;<\/li>\n\n\n\n<li>Aprofundar conhecimentos e ampliar perspectivas nos novos cen\u00e1rios e espa\u00e7os da sociedade da informa\u00e7\u00e3o e do conhecimento;&nbsp;<\/li>\n\n\n\n<li>Estimular a reflex\u00e3o te\u00f3rico\/pr\u00e1tica da \u00e1rea;&nbsp;<\/li>\n\n\n\n<li>Agregar novos conhecimentos e habilidades, contextualizados no espa\u00e7o cient\u00edfico, tecnol\u00f3gico e social.<\/li>\n<\/ol>\n\n\n\n<h2 class=\"has-primary-accent-color has-text-color wp-block-heading\"><strong>Miss\u00e3o<\/strong><\/h2>\n\n\n\n<p>Alinhado \u00e0 Universidade Estadual de Londrina, o PPGCI tem a miss\u00e3o de manter uma gest\u00e3o democr\u00e1tica, com autonomia did\u00e1tico-cient\u00edfica e comprometida com o desenvolvimento e transforma\u00e7\u00e3o social, econ\u00f4mica, pol\u00edtica e cultural regional, nacional e internacionalmente. O PPGCI UEL segue no sentido de atuar mediante forma\u00e7\u00e3o cr\u00edtica, human\u00edstica e reflexiva, que direcione mestres e doutores ao ensino, pesquisa, extens\u00e3o e \u00e0s atividades t\u00e9cnicas e profissionais, com condi\u00e7\u00f5es de interferir na sociedade a partir de contribui\u00e7\u00f5es s\u00f3lidas referentes aos estudos da informa\u00e7\u00e3o.<\/p>\n\n\n\n<h2 class=\"has-primary-accent-color has-text-color wp-block-heading\">Filosofia<\/h2>\n\n\n\n<p>Abarcar investiga\u00e7\u00f5es e concep\u00e7\u00f5es que contemplem a diversidade de aspectos tratados pelos v\u00e1rios objetos da Ci\u00eancia da Informa\u00e7\u00e3o.<\/p>\n\n\n\n<h2 class=\"has-primary-accent-color has-text-color wp-block-heading\"><strong>Infraestrutura do programa<\/strong><\/h2>\n\n\n\n<p>O PPGCI UEL conta com a seguinte infraestrutura:&nbsp;<\/p>\n\n\n\n<p>&#8211; Laborat\u00f3rios de Inform\u00e1tica de Apoio ao Ensino e a Pesquisa;<\/p>\n\n\n\n<p>&#8211; Recursos de inform\u00e1tica com um estagi\u00e1rio;<\/p>\n\n\n\n<p>&#8211; Salas de Aula \u2013 sala 648 e 649 no Departamento de Ci\u00eancia da Informa\u00e7\u00e3o;<\/p>\n\n\n\n<p>&#8211; Salas de perman\u00eancia dos docentes;<\/p>\n\n\n\n<p>&#8211; Secretaria da P\u00f3s-Gradua\u00e7\u00e3o no Centro de Educa\u00e7\u00e3o, Comunica\u00e7\u00e3o e Artes (CECA);<\/p>\n\n\n\n<p>&#8211; Sala das Coordena\u00e7\u00f5es \u2013 espa\u00e7o compartilhado pelas coordena\u00e7\u00f5es dos PPGs do CECA;<\/p>\n\n\n\n<p>&#8211; Audit\u00f3rio do CECA, com capacidade para 100 pessoas;<\/p>\n\n\n\n<p>&#8211; Sala das revistas do CECA, espa\u00e7o compartilhado com as revistas dos PPGs do centro.<\/p>\n\n\n\n<p>Prioritariamente as pesquisas do programa s\u00e3o conduzidas pelo N\u00facleo de Docentes Permanentes por meio de grupos e projetos de pesquisas vinculados as linhas de pesquisa do PPGCI.<\/p>\n\n\n\n<p>Desenvolve atualmente doze projetos em andamento, coordenados por Doutores, com a participa\u00e7\u00e3o de mestres, mestrandos, doutores, doutorandos, estudantes de gradua\u00e7\u00e3o e bolsistas de Inicia\u00e7\u00e3o Cient\u00edfica, al\u00e9m de membros externos. A participa\u00e7\u00e3o e coordena\u00e7\u00e3o de projetos de pesquisa consolida as linhas do PPGCI UEL e capacita para disciplinas e orienta\u00e7\u00e3o de alunos de Mestrado e Doutorado.<\/p>\n","protected":false},"excerpt":{"rendered":"<p>O Programa de P\u00f3s-Gradua\u00e7\u00e3o em Ci\u00eancia da Informa\u00e7\u00e3o da Universidade Estadual de Londrina teve in\u00edcio em 2012, com o curso de Mestrado Acad\u00eamico e com conceito inicial 3, atribu\u00eddo pela CAPES. O PPGCI UEL foi pensado, projetado e desenvolvido por meio de v\u00e1rios debates e interlocu\u00e7\u00f5es entre os docentes e a Pr\u00f3-Reitoria de P\u00f3s-Gradua\u00e7\u00e3o da [&hellip;]<\/p>\n","protected":false},"author":10,"featured_media":0,"parent":0,"menu_order":0,"comment_status":"closed","ping_status":"closed","template":"","meta":{"footnotes":""},"class_list":["post-183","page","type-page","status-publish","hentry"],"_links":{"self":[{"href":"https:\/\/pos.uel.br\/ppgci\/wp-json\/wp\/v2\/pages\/183","targetHints":{"allow":["GET"]}}],"collection":[{"href":"https:\/\/pos.uel.br\/ppgci\/wp-json\/wp\/v2\/pages"}],"about":[{"href":"https:\/\/pos.uel.br\/ppgci\/wp-json\/wp\/v2\/types\/page"}],"author":[{"embeddable":true,"href":"https:\/\/pos.uel.br\/ppgci\/wp-json\/wp\/v2\/users\/10"}],"replies":[{"embeddable":true,"href":"https:\/\/pos.uel.br\/ppgci\/wp-json\/wp\/v2\/comments?post=183"}],"version-history":[{"count":4,"href":"https:\/\/pos.uel.br\/ppgci\/wp-json\/wp\/v2\/pages\/183\/revisions"}],"predecessor-version":[{"id":1021,"href":"https:\/\/pos.uel.br\/ppgci\/wp-json\/wp\/v2\/pages\/183\/revisions\/1021"}],"wp:attachment":[{"href":"https:\/\/pos.uel.br\/ppgci\/wp-json\/wp\/v2\/media?parent=183"}],"curies":[{"name":"wp","href":"https:\/\/api.w.org\/{rel}","templated":true}]}}

Apresentação

<p>O Programa de Pós-Graduação em Ciência da Informação da Universidade Estadual de Londrina teve início em 2012, com o curso de Mestrado Acadêmico e com conceito inicial 3, atribuído pela CAPES. O PPGCI UEL foi pensado, projetado e desenvolvido por meio de vários debates e interlocuções entre os docentes e a Pró-Reitoria de Pós-Graduação da UEL, mostrando-se como uma concepção coletiva que possibilitou a realização de um antigo projeto do Departamento de Ciência da Informação da UEL.</p>



<p>Em seu primeiro quadriênio, o PPGCI/UEL obteve conceito 4 da CAPES, o que permitiu a abertura do Doutorado em 2018, com a primeira turma ingressante em 2019. Com isso, há uma continuidade no ciclo de trabalhos que demonstram comprometimento com as necessidades sociais, nacionais e regionais como único curso&nbsp;<em>Strictu Sensu</em>&nbsp;em Ciência da Informação na área de Comunicação e Informação da CAPES, do Estado do Paraná.</p>



<p>O Programa vigora com uma estrutura curricular aprimorada ao longo de sua experiência, que contempla orientações epistemológicas e metodológicas e visões paradigmáticas em torno de discussões nucleares na Área de Ciência da Informação. Essa estratégia permite discussões, investigações e pesquisas sobre as interações entre Organização, Acesso e Apropriação da Informação e do Conhecimento, área de concentração delimitada e que se posiciona epistemologicamente como um forte alicerce das pesquisas desenvolvidas no Programa. Revela-se como domínio de conhecimento valioso que compreende a complexidade e amplitude do assunto, mas que congrega com clareza o perfil do curso.</p>



<p>Atualmente, o PPGCI UEL se delineia pelo fortalecimento das atividades desenvolvidas em conjunto por docentes e discentes e pela constante busca pelo equilíbrio entre todos os envolvidos, o que demonstra a maturidade do grupo e resulta em um trabalho que contempla os objetivos do Programa.</p>



<p>Desta forma, o PPGCI UEL tem como objetivo geral desenvolver pesquisas e fornecer subsídios para aprimorar competências ligadas à diversidade de aspectos tratados pelos vários objetos da área de Ciência da Informação, conforme o perfil dos pesquisadores do programa. De maneira mais específica, o Programa visa:&nbsp;</p>



<ol class="wp-block-list">
<li>Capacitar para o exercício da docência em Ciência da Informação;&nbsp;</li>



<li>Formar pesquisadores qualificados para a condução de investigações no âmbito da Ciência da Informação;&nbsp;</li>



<li>Expandir competências concernentes à organização, acesso e uso da informação;&nbsp;</li>



<li>Aprofundar conhecimentos e ampliar perspectivas nos novos cenários e espaços da sociedade da informação e do conhecimento;&nbsp;</li>



<li>Estimular a reflexão teórico/prática da área;&nbsp;</li>



<li>Agregar novos conhecimentos e habilidades, contextualizados no espaço científico, tecnológico e social.</li>
</ol>



<h2 class="has-primary-accent-color has-text-color wp-block-heading"><strong>Missão</strong></h2>



<p>Alinhado à Universidade Estadual de Londrina, o PPGCI tem a missão de manter uma gestão democrática, com autonomia didático-científica e comprometida com o desenvolvimento e transformação social, econômica, política e cultural regional, nacional e internacionalmente. O PPGCI UEL segue no sentido de atuar mediante formação crítica, humanística e reflexiva, que direcione mestres e doutores ao ensino, pesquisa, extensão e às atividades técnicas e profissionais, com condições de interferir na sociedade a partir de contribuições sólidas referentes aos estudos da informação.</p>



<h2 class="has-primary-accent-color has-text-color wp-block-heading">Filosofia</h2>



<p>Abarcar investigações e concepções que contemplem a diversidade de aspectos tratados pelos vários objetos da Ciência da Informação.</p>



<h2 class="has-primary-accent-color has-text-color wp-block-heading"><strong>Infraestrutura do programa</strong></h2>



<p>O PPGCI UEL conta com a seguinte infraestrutura:&nbsp;</p>



<p>&#8211; Laboratórios de Informática de Apoio ao Ensino e a Pesquisa;</p>



<p>&#8211; Recursos de informática com um estagiário;</p>



<p>&#8211; Salas de Aula – sala 648 e 649 no Departamento de Ciência da Informação;</p>



<p>&#8211; Salas de permanência dos docentes;</p>



<p>&#8211; Secretaria da Pós-Graduação no Centro de Educação, Comunicação e Artes (CECA);</p>



<p>&#8211; Sala das Coordenações – espaço compartilhado pelas coordenações dos PPGs do CECA;</p>



<p>&#8211; Auditório do CECA, com capacidade para 100 pessoas;</p>



<p>&#8211; Sala das revistas do CECA, espaço compartilhado com as revistas dos PPGs do centro.</p>



<p>Prioritariamente as pesquisas do programa são conduzidas pelo Núcleo de Docentes Permanentes por meio de grupos e projetos de pesquisas vinculados as linhas de pesquisa do PPGCI.</p>



<p>Desenvolve atualmente doze projetos em andamento, coordenados por Doutores, com a participação de mestres, mestrandos, doutores, doutorandos, estudantes de graduação e bolsistas de Iniciação Científica, além de membros externos. A participação e coordenação de projetos de pesquisa consolida as linhas do PPGCI UEL e capacita para disciplinas e orientação de alunos de Mestrado e Doutorado.</p>

<p>O Programa de Pós-Graduação em Ciência da Informação da Universidade Estadual de Londrina teve início em 2012, com o curso de Mestrado Acadêmico e com conceito inicial 3, atribuído pela CAPES. O PPGCI UEL foi pensado, projetado e desenvolvido por meio de vários debates e interlocuções entre os docentes e a Pró-Reitoria de Pós-Graduação da [&hellip;]</p>
