{"id":12,"date":"2021-04-29T13:57:21","date_gmt":"2021-04-29T16:57:21","guid":{"rendered":"https:\/\/pos.uel.br\/ppgci\/?page_id=12"},"modified":"2023-02-24T15:10:06","modified_gmt":"2023-02-24T18:10:06","slug":"linhas-de-pesquisa","status":"publish","type":"page","link":"https:\/\/pos.uel.br\/ppgci\/linhas-de-pesquisa\/","title":{"rendered":"Linhas de pesquisa"},"content":{"rendered":"\n<p><\/p>\n\n\n\n<div class=\"wp-block-group has-site-background-background-color has-background\"><div class=\"wp-block-group__inner-container is-layout-constrained wp-block-group-is-layout-constrained\">\n<p class=\"has-site-background-background-color has-background\"><strong>Organiza\u00e7\u00e3o e Representa\u00e7\u00e3o da Informa\u00e7\u00e3o e do Conhecimento<\/strong> <\/p>\n\n\n\n<p class=\"has-site-background-background-color has-background\">A linha contempla estudos relacionados a diferentes formas de organiza\u00e7\u00e3o e representa\u00e7\u00e3o que contribuem para o desenvolvimento da estrutura\u00e7\u00e3o da informa\u00e7\u00e3o e do conhecimento decorrentes da investiga\u00e7\u00e3o em: preserva\u00e7\u00e3o digital, minera\u00e7\u00e3o de sentido, teoria do conceito e abordagem terminol\u00f3gica, linguagem de marca\u00e7\u00e3o, normas e modelos de descri\u00e7\u00e3o da informa\u00e7\u00e3o, registros eletr\u00f4nicos de informa\u00e7\u00e3o, estudos do ciberespa\u00e7o e de documentos imag\u00e9ticos.<\/p>\n<\/div><\/div>\n\n\n\n<p><\/p>\n\n\n\n<div class=\"wp-block-group has-site-background-background-color has-background\"><div class=\"wp-block-group__inner-container is-layout-constrained wp-block-group-is-layout-constrained\">\n<p class=\"has-site-background-background-color has-background\"><strong>Compartilhamento da Informa\u00e7\u00e3o e do Conhecimento<\/strong><\/p>\n\n\n\n<p class=\"has-site-background-background-color has-background\">A linha se desdobra em estudos orientados \u00e0 informa\u00e7\u00e3o e ao conhecimento como objetos de interven\u00e7\u00e3o e transforma\u00e7\u00e3o cient\u00edfica e social. As pesquisas convergem para: media\u00e7\u00e3o da informa\u00e7\u00e3o e da literatura; busca e apropria\u00e7\u00e3o da informa\u00e7\u00e3o e do conhecimento; comportamento e compet\u00eancia informacionais; comunica\u00e7\u00e3o cient\u00edfica e m\u00e9tricas de avalia\u00e7\u00e3o da produ\u00e7\u00e3o cient\u00edfica; redes sociais de conhecimento e mem\u00f3ria organizacional.<\/p>\n<\/div><\/div>\n","protected":false},"excerpt":{"rendered":"<p>Organiza\u00e7\u00e3o e Representa\u00e7\u00e3o da Informa\u00e7\u00e3o e do Conhecimento A linha contempla estudos relacionados a diferentes formas de organiza\u00e7\u00e3o e representa\u00e7\u00e3o que contribuem para o desenvolvimento da estrutura\u00e7\u00e3o da informa\u00e7\u00e3o e do conhecimento decorrentes da investiga\u00e7\u00e3o em: preserva\u00e7\u00e3o digital, minera\u00e7\u00e3o de sentido, teoria do conceito e abordagem terminol\u00f3gica, linguagem de marca\u00e7\u00e3o, normas e modelos de descri\u00e7\u00e3o [&hellip;]<\/p>\n","protected":false},"author":7,"featured_media":0,"parent":0,"menu_order":0,"comment_status":"closed","ping_status":"closed","template":"","meta":{"footnotes":""},"class_list":["post-12","page","type-page","status-publish","hentry"],"_links":{"self":[{"href":"https:\/\/pos.uel.br\/ppgci\/wp-json\/wp\/v2\/pages\/12","targetHints":{"allow":["GET"]}}],"collection":[{"href":"https:\/\/pos.uel.br\/ppgci\/wp-json\/wp\/v2\/pages"}],"about":[{"href":"https:\/\/pos.uel.br\/ppgci\/wp-json\/wp\/v2\/types\/page"}],"author":[{"embeddable":true,"href":"https:\/\/pos.uel.br\/ppgci\/wp-json\/wp\/v2\/users\/7"}],"replies":[{"embeddable":true,"href":"https:\/\/pos.uel.br\/ppgci\/wp-json\/wp\/v2\/comments?post=12"}],"version-history":[{"count":11,"href":"https:\/\/pos.uel.br\/ppgci\/wp-json\/wp\/v2\/pages\/12\/revisions"}],"predecessor-version":[{"id":1180,"href":"https:\/\/pos.uel.br\/ppgci\/wp-json\/wp\/v2\/pages\/12\/revisions\/1180"}],"wp:attachment":[{"href":"https:\/\/pos.uel.br\/ppgci\/wp-json\/wp\/v2\/media?parent=12"}],"curies":[{"name":"wp","href":"https:\/\/api.w.org\/{rel}","templated":true}]}}

<p></p>



<div class="wp-block-group has-site-background-background-color has-background"><div class="wp-block-group__inner-container is-layout-constrained wp-block-group-is-layout-constrained">
<p class="has-site-background-background-color has-background"><strong>Organização e Representação da Informação e do Conhecimento</strong> </p>



<p class="has-site-background-background-color has-background">A linha contempla estudos relacionados a diferentes formas de organização e representação que contribuem para o desenvolvimento da estruturação da informação e do conhecimento decorrentes da investigação em: preservação digital, mineração de sentido, teoria do conceito e abordagem terminológica, linguagem de marcação, normas e modelos de descrição da informação, registros eletrônicos de informação, estudos do ciberespaço e de documentos imagéticos.</p>
</div></div>



<p></p>



<div class="wp-block-group has-site-background-background-color has-background"><div class="wp-block-group__inner-container is-layout-constrained wp-block-group-is-layout-constrained">
<p class="has-site-background-background-color has-background"><strong>Compartilhamento da Informação e do Conhecimento</strong></p>



<p class="has-site-background-background-color has-background">A linha se desdobra em estudos orientados à informação e ao conhecimento como objetos de intervenção e transformação científica e social. As pesquisas convergem para: mediação da informação e da literatura; busca e apropriação da informação e do conhecimento; comportamento e competência informacionais; comunicação científica e métricas de avaliação da produção científica; redes sociais de conhecimento e memória organizacional.</p>
</div></div>

<p>Organização e Representação da Informação e do Conhecimento A linha contempla estudos relacionados a diferentes formas de organização e representação que contribuem para o desenvolvimento da estruturação da informação e do conhecimento decorrentes da investigação em: preservação digital, mineração de sentido, teoria do conceito e abordagem terminológica, linguagem de marcação, normas e modelos de descrição [&hellip;]</p>
