{"id":86,"date":"2022-05-31T16:27:02","date_gmt":"2022-05-31T19:27:02","guid":{"rendered":"https:\/\/pos.uel.br\/ppga\/?page_id=86"},"modified":"2025-02-14T15:35:49","modified_gmt":"2025-02-14T18:35:49","slug":"missao-visao-e-objetivos","status":"publish","type":"page","link":"https:\/\/pos.uel.br\/ppga\/missao-visao-e-objetivos\/","title":{"rendered":"Miss\u00e3o, Vis\u00e3o e Objetivos"},"content":{"rendered":"\n<div class=\"wp-block-uel-card\">\n<h4 class=\"wp-block-heading has-primary-accent-color has-text-color has-link-color wp-elements-979cdcb74a0c4736d169869b167d2d37\">Miss\u00e3o do PPGA<\/h4>\n\n\n\n<blockquote class=\"wp-block-quote is-layout-flow wp-block-quote-is-layout-flow\">\n<p>Atuar, em uma perspectiva transdisciplinar, multiparadigm\u00e1tica, reflexiva e cr\u00edtica, no ensino, na extens\u00e3o e na pesquisa das inter-rela\u00e7\u00f5es entre Organiza\u00e7\u00f5es, Gest\u00e3o e Sociedade, nas mais plurais conjunturas sociais, econ\u00f4micas, pol\u00edticas, culturais e ambientais.<\/p>\n<\/blockquote>\n<\/div>\n\n\n\n<div class=\"wp-block-uel-card\">\n<h4 class=\"wp-block-heading has-primary-accent-color has-text-color has-link-color wp-elements-cbade3b92e2c7452c3c9ea4d3244caee\">Vis\u00e3o do PPGA<\/h4>\n\n\n\n<blockquote class=\"wp-block-quote is-layout-flow wp-block-quote-is-layout-flow\">\n<p>Ser reconhecido, at\u00e9 o ano de 2030, como um programa de p\u00f3s-gradua\u00e7\u00e3o em Administra\u00e7\u00e3o, com mestrado e doutorado, refer\u00eancia em reflex\u00f5es e proposi\u00e7\u00f5es de alternativas sobre temas e problemas decorrentes das inter-rela\u00e7\u00f5es entre Organiza\u00e7\u00f5es, Gest\u00e3o e Sociedade.<\/p>\n<\/blockquote>\n<\/div>\n\n\n\n<div class=\"wp-block-uel-card\">\n<h4 class=\"wp-block-heading has-primary-accent-color has-text-color has-link-color wp-elements-72b9fa59a6142697c73d214f15726314\">Objetivo Geral do PPGA<\/h4>\n\n\n\n<blockquote class=\"wp-block-quote is-layout-flow wp-block-quote-is-layout-flow\">\n<p>Promover a compreens\u00e3o, a cr\u00edtica e a busca de alternativas aos problemas te\u00f3ricos e emp\u00edricos, decorrentes das inter-rela\u00e7\u00f5es entre Organiza\u00e7\u00f5es, Gest\u00e3o e Sociedade, nos \u00e2mbitos do ensino, da pesquisa e da extens\u00e3o, considerando diferentes conjunturas sociais, econ\u00f4micas, pol\u00edticas, culturais e ambientais.<\/p>\n<\/blockquote>\n<\/div>\n\n\n\n<div class=\"wp-block-uel-card\">\n<h4 class=\"wp-block-heading has-primary-accent-color has-text-color has-link-color wp-elements-36a5d1f76724a143d12e39e1f874660a\">Objetivos Espec\u00edficos do PPGA<\/h4>\n\n\n\n<blockquote class=\"wp-block-quote is-layout-flow wp-block-quote-is-layout-flow\">\n<ul class=\"wp-block-list\">\n<li>Estimular os docentes e os discentes, e suas respectivas redes de colabora\u00e7\u00e3o, a desenvolverem pesquisas que atendam as demandas sociais e organizacionais.<\/li>\n\n\n\n<li>Promover a integra\u00e7\u00e3o do PPGA-UEL com a sociedade envolvente, por meio de iniciativas desenvolvidas a partir da pesquisa, do ensino e da extens\u00e3o.<\/li>\n\n\n\n<li>Fortalecer os impactos positivos econ\u00f4micos, sociais, culturais e ambientais provocados pelas atividades de forma\u00e7\u00e3o, de pesquisa e de extens\u00e3o do PPGA-UEL nas comunidades locais e regionais.<\/li>\n\n\n\n<li>Fomentar, produzir e disseminar em \u00e2mbito regional, nacional e internacional, em coopera\u00e7\u00e3o com outras institui\u00e7\u00f5es, por meio de redes, parcerias, financiamentos e conv\u00eanios, o avan\u00e7o do conhecimento sobre as inter-rela\u00e7\u00f5es entre Organiza\u00e7\u00f5es, Gest\u00e3o e Sociedade.<\/li>\n\n\n\n<li>Atender a demanda por profissionais aptos a:\n<ul class=\"wp-block-list\">\n<li>reconhecer e dialogar com as diversas vertentes que abordam as inter-rela\u00e7\u00f5es entre Organiza\u00e7\u00f5es, Gest\u00e3o e Sociedade.<\/li>\n\n\n\n<li>desenvolver reflex\u00f5es sobre a implica\u00e7\u00e3o das diversas \u00e1reas e processos da administra\u00e7\u00e3o para as organiza\u00e7\u00f5es e sociedade.<\/li>\n\n\n\n<li>exercer o magist\u00e9rio superior e desenvolver investiga\u00e7\u00f5es sobre Organiza\u00e7\u00f5es, Gest\u00e3o e Sociedade e temas afins.<\/li>\n\n\n\n<li>atuar em organiza\u00e7\u00f5es p\u00fablicas, privadas e do terceiro setor, considerando as inter-rela\u00e7\u00f5es entre Organiza\u00e7\u00f5es, Gest\u00e3o e Sociedade em diversas perspectivas regionais.<\/li>\n<\/ul>\n<\/li>\n<\/ul>\n<\/blockquote>\n<\/div>\n\n\n\n<p><\/p>\n","protected":false},"excerpt":{"rendered":"","protected":false},"author":8,"featured_media":0,"parent":0,"menu_order":0,"comment_status":"closed","ping_status":"closed","template":"","meta":{"footnotes":""},"class_list":["post-86","page","type-page","status-publish","hentry"],"acf":[],"_links":{"self":[{"href":"https:\/\/pos.uel.br\/ppga\/wp-json\/wp\/v2\/pages\/86","targetHints":{"allow":["GET"]}}],"collection":[{"href":"https:\/\/pos.uel.br\/ppga\/wp-json\/wp\/v2\/pages"}],"about":[{"href":"https:\/\/pos.uel.br\/ppga\/wp-json\/wp\/v2\/types\/page"}],"author":[{"embeddable":true,"href":"https:\/\/pos.uel.br\/ppga\/wp-json\/wp\/v2\/users\/8"}],"replies":[{"embeddable":true,"href":"https:\/\/pos.uel.br\/ppga\/wp-json\/wp\/v2\/comments?post=86"}],"version-history":[{"count":4,"href":"https:\/\/pos.uel.br\/ppga\/wp-json\/wp\/v2\/pages\/86\/revisions"}],"predecessor-version":[{"id":1829,"href":"https:\/\/pos.uel.br\/ppga\/wp-json\/wp\/v2\/pages\/86\/revisions\/1829"}],"wp:attachment":[{"href":"https:\/\/pos.uel.br\/ppga\/wp-json\/wp\/v2\/media?parent=86"}],"curies":[{"name":"wp","href":"https:\/\/api.w.org\/{rel}","templated":true}]}}

Missão, Visão e Objetivos

<div class="wp-block-uel-card">
<h4 class="wp-block-heading has-primary-accent-color has-text-color has-link-color wp-elements-979cdcb74a0c4736d169869b167d2d37">Missão do PPGA</h4>



<blockquote class="wp-block-quote is-layout-flow wp-block-quote-is-layout-flow">
<p>Atuar, em uma perspectiva transdisciplinar, multiparadigmática, reflexiva e crítica, no ensino, na extensão e na pesquisa das inter-relações entre Organizações, Gestão e Sociedade, nas mais plurais conjunturas sociais, econômicas, políticas, culturais e ambientais.</p>
</blockquote>
</div>



<div class="wp-block-uel-card">
<h4 class="wp-block-heading has-primary-accent-color has-text-color has-link-color wp-elements-cbade3b92e2c7452c3c9ea4d3244caee">Visão do PPGA</h4>



<blockquote class="wp-block-quote is-layout-flow wp-block-quote-is-layout-flow">
<p>Ser reconhecido, até o ano de 2030, como um programa de pós-graduação em Administração, com mestrado e doutorado, referência em reflexões e proposições de alternativas sobre temas e problemas decorrentes das inter-relações entre Organizações, Gestão e Sociedade.</p>
</blockquote>
</div>



<div class="wp-block-uel-card">
<h4 class="wp-block-heading has-primary-accent-color has-text-color has-link-color wp-elements-72b9fa59a6142697c73d214f15726314">Objetivo Geral do PPGA</h4>



<blockquote class="wp-block-quote is-layout-flow wp-block-quote-is-layout-flow">
<p>Promover a compreensão, a crítica e a busca de alternativas aos problemas teóricos e empíricos, decorrentes das inter-relações entre Organizações, Gestão e Sociedade, nos âmbitos do ensino, da pesquisa e da extensão, considerando diferentes conjunturas sociais, econômicas, políticas, culturais e ambientais.</p>
</blockquote>
</div>



<div class="wp-block-uel-card">
<h4 class="wp-block-heading has-primary-accent-color has-text-color has-link-color wp-elements-36a5d1f76724a143d12e39e1f874660a">Objetivos Específicos do PPGA</h4>



<blockquote class="wp-block-quote is-layout-flow wp-block-quote-is-layout-flow">
<ul class="wp-block-list">
<li>Estimular os docentes e os discentes, e suas respectivas redes de colaboração, a desenvolverem pesquisas que atendam as demandas sociais e organizacionais.</li>



<li>Promover a integração do PPGA-UEL com a sociedade envolvente, por meio de iniciativas desenvolvidas a partir da pesquisa, do ensino e da extensão.</li>



<li>Fortalecer os impactos positivos econômicos, sociais, culturais e ambientais provocados pelas atividades de formação, de pesquisa e de extensão do PPGA-UEL nas comunidades locais e regionais.</li>



<li>Fomentar, produzir e disseminar em âmbito regional, nacional e internacional, em cooperação com outras instituições, por meio de redes, parcerias, financiamentos e convênios, o avanço do conhecimento sobre as inter-relações entre Organizações, Gestão e Sociedade.</li>



<li>Atender a demanda por profissionais aptos a:
<ul class="wp-block-list">
<li>reconhecer e dialogar com as diversas vertentes que abordam as inter-relações entre Organizações, Gestão e Sociedade.</li>



<li>desenvolver reflexões sobre a implicação das diversas áreas e processos da administração para as organizações e sociedade.</li>



<li>exercer o magistério superior e desenvolver investigações sobre Organizações, Gestão e Sociedade e temas afins.</li>



<li>atuar em organizações públicas, privadas e do terceiro setor, considerando as inter-relações entre Organizações, Gestão e Sociedade em diversas perspectivas regionais.</li>
</ul>
</li>
</ul>
</blockquote>
</div>



<p></p>
