{"id":8,"date":"2021-04-29T12:28:49","date_gmt":"2021-04-29T15:28:49","guid":{"rendered":"https:\/\/pos.uel.br\/ppga\/?page_id=8"},"modified":"2025-04-14T11:04:31","modified_gmt":"2025-04-14T14:04:31","slug":"areas-de-concentracao","status":"publish","type":"page","link":"https:\/\/pos.uel.br\/ppga\/areas-de-concentracao\/","title":{"rendered":"\u00c1rea de Concentra\u00e7\u00e3o"},"content":{"rendered":"\n<div class=\"wp-block-uel-card\">\n<h2 class=\"wp-block-heading is-style-highlighted-heading\">Organiza\u00e7\u00f5es, Gest\u00e3o e Sociedade<\/h2>\n<\/div>\n\n\n\n<div class=\"wp-block-uel-card\">\n<h4 class=\"wp-block-heading is-style-highlighted-heading\">Delimita\u00e7\u00e3o do Campo de Conhecimento Espec\u00edfico<\/h4>\n\n\n\n<blockquote class=\"wp-block-quote is-layout-flow wp-block-quote-is-layout-flow\">\n<p>A \u00c1rea de Concentra\u00e7\u00e3o <strong>ORGANIZA\u00c7\u00d5ES, GEST\u00c3O E SOCIEDADE<\/strong> considera e prioriza as diferentes inter-rela\u00e7\u00f5es estabelecidas entre as organiza\u00e7\u00f5es, a gest\u00e3o e a sociedade nas dimens\u00f5es humanas e n\u00e3o-humanas e suas implica\u00e7\u00f5es sociais, pol\u00edticas, econ\u00f4micas, culturais e ambientais.<\/p>\n<\/blockquote>\n<\/div>\n\n\n\n<div class=\"wp-block-uel-card\">\n<h4 class=\"wp-block-heading is-style-highlighted-heading\">Descritivo da Delimita\u00e7\u00e3o do Campo de Conhecimento Espec\u00edfico<\/h4>\n\n\n\n<blockquote class=\"wp-block-quote is-layout-flow wp-block-quote-is-layout-flow\">\n<p>O Programa de P\u00f3s-Gradua\u00e7\u00e3o em Administra\u00e7\u00e3o da Universidade Estadual de Londrina respeita a pluralidade de interpreta\u00e7\u00f5es sobre os conceitos de organiza\u00e7\u00f5es, de gest\u00e3o e de sociedade.<\/p>\n\n\n\n<p>No que se refere \u00e0s organiza\u00e7\u00f5es, coexistem suas concep\u00e7\u00f5es como agentes estruturais coletivos que desempenham atividades orientadas ao desenvolvimento e \u00e0 cria\u00e7\u00e3o de solu\u00e7\u00f5es de gest\u00e3o voltadas para o mercado e a sociedade, bem como express\u00e3o da vida organizada e um l\u00f3cus de reprodu\u00e7\u00e3o, domina\u00e7\u00e3o, poder, ordem, controle e resist\u00eancia socioecol\u00f3gica.<\/p>\n\n\n\n<p>Em rela\u00e7\u00e3o \u00e0 gest\u00e3o, concorrem o seu entendimento como fen\u00f4meno administrativo cotidiano sempre pass\u00edvel de melhorias e aprimoramentos, como pr\u00e1tica estrat\u00e9gica e contextualizada poss\u00edvel de ser investigada a partir de diferentes teorias organizacionais, como objeto de cr\u00edtica para a constru\u00e7\u00e3o de novas rela\u00e7\u00f5es, e como manifesta\u00e7\u00e3o de uma forma particular e hist\u00f3rica de domina\u00e7\u00e3o e poder.<\/p>\n\n\n\n<p>A sociedade, por sua vez, \u00e9 reconhecida como um conceito plurissignificativo que normativamente se pauta pela busca de objetivos comuns e que em termos cr\u00edticos assume-se como vida organizada e territ\u00f3rio de rela\u00e7\u00f5es de poder marcado por desigualdade, diferen\u00e7as, domina\u00e7\u00e3o e hierarquias sociais.<\/p>\n\n\n\n<p>As possibilidades de discuss\u00f5es e reflex\u00f5es que congreguem as organiza\u00e7\u00f5es, a gest\u00e3o e a sociedade, com suas respectivas inter-rela\u00e7\u00f5es e influ\u00eancias rec\u00edprocas s\u00e3o in\u00fameras, uma vez que, a partir de diferentes posicionamentos epistemol\u00f3gicos, abordagens te\u00f3ricas e perspectivas metodol\u00f3gicas, torna-se poss\u00edvel acessar considera\u00e7\u00f5es reveladoras sobre as repercuss\u00f5es desses temas, estejam eles isolados ou conectados.<\/p>\n<\/blockquote>\n<\/div>\n\n\n\n<div class=\"wp-block-uel-card\">\n<h4 class=\"wp-block-heading is-style-highlighted-heading\">Foco e Escopo da \u00c1rea de Concentra\u00e7\u00e3o<\/h4>\n\n\n\n<blockquote class=\"wp-block-quote is-layout-flow wp-block-quote-is-layout-flow\">\n<p>As mais plurais conjunturas sociais, econ\u00f4micas, pol\u00edticas e ecol\u00f3gicas constituem o escopo das pesquisas sobre as inter-rela\u00e7\u00f5es estabelecidas entre as organiza\u00e7\u00f5es, a gest\u00e3o e a sociedade, por meio das quais s\u00e3o desenvolvidos estudos alicer\u00e7ados nas diversas perspectivas e nos diferentes campos da Administra\u00e7\u00e3o e investiga\u00e7\u00f5es cr\u00edtico-reflexivas sobre as m\u00faltiplas rela\u00e7\u00f5es de poder na produ\u00e7\u00e3o e reprodu\u00e7\u00e3o da vida organizada que geram desigualdades, diferen\u00e7as, domina\u00e7\u00e3o e contradi\u00e7\u00f5es socioecol\u00f3gicas.<\/p>\n<\/blockquote>\n<\/div>\n\n\n\n<div class=\"wp-block-uel-card\">\n<h4 class=\"wp-block-heading is-style-highlighted-heading\">Justificativa da Sele\u00e7\u00e3o do Campo de Conhecimento Espec\u00edfico<\/h4>\n\n\n\n<blockquote class=\"wp-block-quote is-layout-flow wp-block-quote-is-layout-flow\">\n<p>Ao delimitar o campo espec\u00edfico em que atuar\u00e1, o PPGA-UEL, a partir de disciplinas, atividades de forma\u00e7\u00e3o, iniciativas de pesquisa, pr\u00e1ticas de extens\u00e3o e rotina de orienta\u00e7\u00f5es, disseminar\u00e1 a relev\u00e2ncia das inter-rela\u00e7\u00f5es entre Organiza\u00e7\u00f5es, Gest\u00e3o e Sociedade em uma forma\u00e7\u00e3o orientada por uma perspectiva transdisciplinar, multiparadigm\u00e1tica, reflexiva e cr\u00edtica que repercutir\u00e1 em avan\u00e7os e reflex\u00f5es potencialmente capazes de consolidar o programa como um centro de refer\u00eancia na divulga\u00e7\u00e3o de alternativas e na conscientiza\u00e7\u00e3o cr\u00edtica pertinentes aos problemas te\u00f3ricos e emp\u00edricos dos debates vinculados a este tema, estando eles nas mais plurais conjunturas sociais, econ\u00f4micas, pol\u00edticas, culturais e ecol\u00f3gicas.<\/p>\n\n\n\n<p>A especificidade do campo de conhecimento delimitado revela o interesse de investigar as diferentes materializa\u00e7\u00f5es das inter-rela\u00e7\u00f5es entre as Organiza\u00e7\u00f5es, a Gest\u00e3o e a Sociedade, de maneira que a coexist\u00eancia desses temas em in\u00fameros contextos de pesquisa denunciar\u00e1 tens\u00f5es nas mais variadas formas de organiza\u00e7\u00f5es, hierarquias, iniquidades, contradi\u00e7\u00f5es e crises socioecol\u00f3gicas, bem como alinhamentos entre pol\u00edticas de gest\u00e3o e pr\u00e1ticas estrat\u00e9gicas voltados para a conquista de melhores solu\u00e7\u00f5es e maiores resultados, tanto para as organiza\u00e7\u00f5es como para a sociedade.<\/p>\n<\/blockquote>\n<\/div>\n\n\n\n<p><\/p>\n","protected":false},"excerpt":{"rendered":"","protected":false},"author":7,"featured_media":0,"parent":0,"menu_order":0,"comment_status":"closed","ping_status":"closed","template":"","meta":{"footnotes":""},"class_list":["post-8","page","type-page","status-publish","hentry"],"acf":[],"_links":{"self":[{"href":"https:\/\/pos.uel.br\/ppga\/wp-json\/wp\/v2\/pages\/8","targetHints":{"allow":["GET"]}}],"collection":[{"href":"https:\/\/pos.uel.br\/ppga\/wp-json\/wp\/v2\/pages"}],"about":[{"href":"https:\/\/pos.uel.br\/ppga\/wp-json\/wp\/v2\/types\/page"}],"author":[{"embeddable":true,"href":"https:\/\/pos.uel.br\/ppga\/wp-json\/wp\/v2\/users\/7"}],"replies":[{"embeddable":true,"href":"https:\/\/pos.uel.br\/ppga\/wp-json\/wp\/v2\/comments?post=8"}],"version-history":[{"count":7,"href":"https:\/\/pos.uel.br\/ppga\/wp-json\/wp\/v2\/pages\/8\/revisions"}],"predecessor-version":[{"id":2157,"href":"https:\/\/pos.uel.br\/ppga\/wp-json\/wp\/v2\/pages\/8\/revisions\/2157"}],"wp:attachment":[{"href":"https:\/\/pos.uel.br\/ppga\/wp-json\/wp\/v2\/media?parent=8"}],"curies":[{"name":"wp","href":"https:\/\/api.w.org\/{rel}","templated":true}]}}

Área de Concentração

<div class="wp-block-uel-card">
<h2 class="wp-block-heading is-style-highlighted-heading">Organizações, Gestão e Sociedade</h2>
</div>



<div class="wp-block-uel-card">
<h4 class="wp-block-heading is-style-highlighted-heading">Delimitação do Campo de Conhecimento Específico</h4>



<blockquote class="wp-block-quote is-layout-flow wp-block-quote-is-layout-flow">
<p>A Área de Concentração <strong>ORGANIZAÇÕES, GESTÃO E SOCIEDADE</strong> considera e prioriza as diferentes inter-relações estabelecidas entre as organizações, a gestão e a sociedade nas dimensões humanas e não-humanas e suas implicações sociais, políticas, econômicas, culturais e ambientais.</p>
</blockquote>
</div>



<div class="wp-block-uel-card">
<h4 class="wp-block-heading is-style-highlighted-heading">Descritivo da Delimitação do Campo de Conhecimento Específico</h4>



<blockquote class="wp-block-quote is-layout-flow wp-block-quote-is-layout-flow">
<p>O Programa de Pós-Graduação em Administração da Universidade Estadual de Londrina respeita a pluralidade de interpretações sobre os conceitos de organizações, de gestão e de sociedade.</p>



<p>No que se refere às organizações, coexistem suas concepções como agentes estruturais coletivos que desempenham atividades orientadas ao desenvolvimento e à criação de soluções de gestão voltadas para o mercado e a sociedade, bem como expressão da vida organizada e um lócus de reprodução, dominação, poder, ordem, controle e resistência socioecológica.</p>



<p>Em relação à gestão, concorrem o seu entendimento como fenômeno administrativo cotidiano sempre passível de melhorias e aprimoramentos, como prática estratégica e contextualizada possível de ser investigada a partir de diferentes teorias organizacionais, como objeto de crítica para a construção de novas relações, e como manifestação de uma forma particular e histórica de dominação e poder.</p>



<p>A sociedade, por sua vez, é reconhecida como um conceito plurissignificativo que normativamente se pauta pela busca de objetivos comuns e que em termos críticos assume-se como vida organizada e território de relações de poder marcado por desigualdade, diferenças, dominação e hierarquias sociais.</p>



<p>As possibilidades de discussões e reflexões que congreguem as organizações, a gestão e a sociedade, com suas respectivas inter-relações e influências recíprocas são inúmeras, uma vez que, a partir de diferentes posicionamentos epistemológicos, abordagens teóricas e perspectivas metodológicas, torna-se possível acessar considerações reveladoras sobre as repercussões desses temas, estejam eles isolados ou conectados.</p>
</blockquote>
</div>



<div class="wp-block-uel-card">
<h4 class="wp-block-heading is-style-highlighted-heading">Foco e Escopo da Área de Concentração</h4>



<blockquote class="wp-block-quote is-layout-flow wp-block-quote-is-layout-flow">
<p>As mais plurais conjunturas sociais, econômicas, políticas e ecológicas constituem o escopo das pesquisas sobre as inter-relações estabelecidas entre as organizações, a gestão e a sociedade, por meio das quais são desenvolvidos estudos alicerçados nas diversas perspectivas e nos diferentes campos da Administração e investigações crítico-reflexivas sobre as múltiplas relações de poder na produção e reprodução da vida organizada que geram desigualdades, diferenças, dominação e contradições socioecológicas.</p>
</blockquote>
</div>



<div class="wp-block-uel-card">
<h4 class="wp-block-heading is-style-highlighted-heading">Justificativa da Seleção do Campo de Conhecimento Específico</h4>



<blockquote class="wp-block-quote is-layout-flow wp-block-quote-is-layout-flow">
<p>Ao delimitar o campo específico em que atuará, o PPGA-UEL, a partir de disciplinas, atividades de formação, iniciativas de pesquisa, práticas de extensão e rotina de orientações, disseminará a relevância das inter-relações entre Organizações, Gestão e Sociedade em uma formação orientada por uma perspectiva transdisciplinar, multiparadigmática, reflexiva e crítica que repercutirá em avanços e reflexões potencialmente capazes de consolidar o programa como um centro de referência na divulgação de alternativas e na conscientização crítica pertinentes aos problemas teóricos e empíricos dos debates vinculados a este tema, estando eles nas mais plurais conjunturas sociais, econômicas, políticas, culturais e ecológicas.</p>



<p>A especificidade do campo de conhecimento delimitado revela o interesse de investigar as diferentes materializações das inter-relações entre as Organizações, a Gestão e a Sociedade, de maneira que a coexistência desses temas em inúmeros contextos de pesquisa denunciará tensões nas mais variadas formas de organizações, hierarquias, iniquidades, contradições e crises socioecológicas, bem como alinhamentos entre políticas de gestão e práticas estratégicas voltados para a conquista de melhores soluções e maiores resultados, tanto para as organizações como para a sociedade.</p>
</blockquote>
</div>



<p></p>
