{"id":649,"date":"2022-09-06T15:09:04","date_gmt":"2022-09-06T18:09:04","guid":{"rendered":"https:\/\/pos.uel.br\/ppga\/?page_id=649"},"modified":"2025-02-21T19:13:48","modified_gmt":"2025-02-21T22:13:48","slug":"boas-praticas-para-constituicao-das-bancas-examinadoras","status":"publish","type":"page","link":"https:\/\/pos.uel.br\/ppga\/boas-praticas-para-constituicao-das-bancas-examinadoras\/","title":{"rendered":"Boas Pr\u00e1ticas para Constitui\u00e7\u00e3o das Bancas Examinadoras"},"content":{"rendered":"\n<div class=\"wp-block-uel-card\">\n<p>A decis\u00e3o sobre a composi\u00e7\u00e3o das bancas de exame de qualifica\u00e7\u00e3o e de defesa p\u00fablica das disserta\u00e7\u00f5es no \u00e2mbito do Mestrado Acad\u00eamico em Administra\u00e7\u00e3o do PPGA-UEL \u00e9 realizada de forma conjunta, envolvendo considera\u00e7\u00f5es tanto do docente orientador quanto do discente orientado.<\/p>\n\n\n\n<p>Com o objetivo de tornar esses momentos avaliativos mais leg\u00edtimos e construtivos para a pesquisa apresentada \u2014 seja em desenvolvimento, no caso do exame de qualifica\u00e7\u00e3o, ou j\u00e1 conclu\u00edda, no caso da defesa p\u00fablica \u2014, orientadores e orientandos devem atentar-se a algumas caracter\u00edsticas essenciais para a sele\u00e7\u00e3o e convite dos membros que compor\u00e3o as bancas:<\/p>\n\n\n\n<ol start=\"1\" class=\"wp-block-list\">\n<li><strong>Afinidade Onto-Epistemol\u00f3gica:<\/strong><br>\u00c9 fundamental que o(s) membro(s) externo(s) ao PPGA-UEL e o membro interno ao programa (quando houver) compartilhem de uma orienta\u00e7\u00e3o onto-epistemol\u00f3gica alinhada \u00e0quela manifestada e defendida no conte\u00fado da disserta\u00e7\u00e3o a ser avaliada.<\/li>\n\n\n\n<li><strong>Dom\u00ednio Metodol\u00f3gico:<\/strong><br>\u00c9 imprescind\u00edvel que os membros da banca tenham amplo dom\u00ednio dos procedimentos metodol\u00f3gicos escolhidos para a condu\u00e7\u00e3o da pesquisa descrita na disserta\u00e7\u00e3o.<\/li>\n\n\n\n<li><strong>Not\u00f3rio Saber Te\u00f3rico:<\/strong><br>\u00c9 importante que os membros da banca possuam not\u00f3rio saber nas teorias de base e nas categorias de an\u00e1lise que fundamentam o referencial te\u00f3rico exposto na disserta\u00e7\u00e3o.<\/li>\n\n\n\n<li><strong>Alinhamento Tem\u00e1tico:<\/strong><br>\u00c9 indispens\u00e1vel que os membros da banca demonstrem participa\u00e7\u00e3o em debates e pesquisas relacionados \u00e0 tem\u00e1tica que alicer\u00e7a a constru\u00e7\u00e3o te\u00f3rico-metodol\u00f3gica-emp\u00edrica da disserta\u00e7\u00e3o.<\/li>\n<\/ol>\n\n\n\n<p>Para atender a essas diretrizes, algumas pr\u00e1ticas s\u00e3o valorizadas na sele\u00e7\u00e3o e convite dos membros externos das bancas: a busca por pesquisadores doutores, tanto no contexto nacional quanto internacional, \u00e9 realizada por meio de bases de dados dispon\u00edveis, redes de colabora\u00e7\u00e3o do docente orientador e do discente orientando, grupos de pesquisa dos quais participam, al\u00e9m de n\u00facleos e espa\u00e7os especializados nos debates cient\u00edficos relevantes para a tem\u00e1tica da disserta\u00e7\u00e3o.<\/p>\n<\/div>\n","protected":false},"excerpt":{"rendered":"","protected":false},"author":8,"featured_media":0,"parent":0,"menu_order":0,"comment_status":"closed","ping_status":"closed","template":"","meta":{"footnotes":""},"class_list":["post-649","page","type-page","status-publish","hentry"],"acf":[],"_links":{"self":[{"href":"https:\/\/pos.uel.br\/ppga\/wp-json\/wp\/v2\/pages\/649","targetHints":{"allow":["GET"]}}],"collection":[{"href":"https:\/\/pos.uel.br\/ppga\/wp-json\/wp\/v2\/pages"}],"about":[{"href":"https:\/\/pos.uel.br\/ppga\/wp-json\/wp\/v2\/types\/page"}],"author":[{"embeddable":true,"href":"https:\/\/pos.uel.br\/ppga\/wp-json\/wp\/v2\/users\/8"}],"replies":[{"embeddable":true,"href":"https:\/\/pos.uel.br\/ppga\/wp-json\/wp\/v2\/comments?post=649"}],"version-history":[{"count":3,"href":"https:\/\/pos.uel.br\/ppga\/wp-json\/wp\/v2\/pages\/649\/revisions"}],"predecessor-version":[{"id":1930,"href":"https:\/\/pos.uel.br\/ppga\/wp-json\/wp\/v2\/pages\/649\/revisions\/1930"}],"wp:attachment":[{"href":"https:\/\/pos.uel.br\/ppga\/wp-json\/wp\/v2\/media?parent=649"}],"curies":[{"name":"wp","href":"https:\/\/api.w.org\/{rel}","templated":true}]}}