{"id":641,"date":"2022-09-06T15:09:17","date_gmt":"2022-09-06T18:09:17","guid":{"rendered":"https:\/\/pos.uel.br\/ppga\/?page_id=641"},"modified":"2025-02-21T18:55:48","modified_gmt":"2025-02-21T21:55:48","slug":"qualificacoes-e-defesas-procedimentos","status":"publish","type":"page","link":"https:\/\/pos.uel.br\/ppga\/qualificacoes-e-defesas-procedimentos\/","title":{"rendered":"Qualifica\u00e7\u00f5es e Defesas (Procedimentos)"},"content":{"rendered":"\n<h3 class=\"wp-block-heading has-primary-accent-color has-site-background-background-color has-text-color has-background\"><a rel=\"noreferrer noopener\" href=\"https:\/\/pos.uel.br\/ppga\/requerimento-de-exame-de-qualificacao\/\" data-type=\"URL\" data-id=\"https:\/\/pos.uel.br\/ppga\/requerimento-de-exame-de-qualificacao\/\" target=\"_blank\">Procedimentos para Pedidos de Exame de Qualifica\u00e7\u00e3o<\/a><\/h3>\n\n\n\n<h3 class=\"wp-block-heading has-primary-accent-color has-site-background-background-color has-text-color has-background\"><a rel=\"noreferrer noopener\" href=\"https:\/\/pos.uel.br\/ppga\/requerimento-de-defesa-publica-de-dissertacao\/\" data-type=\"URL\" data-id=\"https:\/\/pos.uel.br\/ppga\/requerimento-de-defesa-publica-de-dissertacao\/\" target=\"_blank\">Procedimentos para Pedido de Defesa P\u00fablica de Disserta\u00e7\u00e3o<\/a><\/h3>\n\n\n\n<h3 class=\"wp-block-heading has-primary-accent-color has-site-background-background-color has-text-color has-background\"><a href=\"https:\/\/pos.uel.br\/ppga\/boas-praticas-para-constituicao-das-bancas-examinadoras\/\" data-type=\"URL\" data-id=\"https:\/\/pos.uel.br\/ppga\/boas-praticas-para-constituicao-das-bancas-examinadoras\/\" target=\"_blank\" rel=\"noreferrer noopener\">Boas Pr\u00e1ticas para Constitui\u00e7\u00e3o das Bancas Examinadoras<\/a><\/h3>\n","protected":false},"excerpt":{"rendered":"<p>Procedimentos para Pedidos de Exame de Qualifica\u00e7\u00e3o Procedimentos para Pedido de Defesa P\u00fablica de Disserta\u00e7\u00e3o Boas Pr\u00e1ticas para Constitui\u00e7\u00e3o das Bancas Examinadoras<\/p>\n","protected":false},"author":8,"featured_media":0,"parent":0,"menu_order":0,"comment_status":"closed","ping_status":"closed","template":"","meta":{"footnotes":""},"class_list":["post-641","page","type-page","status-publish","hentry"],"acf":[],"_links":{"self":[{"href":"https:\/\/pos.uel.br\/ppga\/wp-json\/wp\/v2\/pages\/641","targetHints":{"allow":["GET"]}}],"collection":[{"href":"https:\/\/pos.uel.br\/ppga\/wp-json\/wp\/v2\/pages"}],"about":[{"href":"https:\/\/pos.uel.br\/ppga\/wp-json\/wp\/v2\/types\/page"}],"author":[{"embeddable":true,"href":"https:\/\/pos.uel.br\/ppga\/wp-json\/wp\/v2\/users\/8"}],"replies":[{"embeddable":true,"href":"https:\/\/pos.uel.br\/ppga\/wp-json\/wp\/v2\/comments?post=641"}],"version-history":[{"count":5,"href":"https:\/\/pos.uel.br\/ppga\/wp-json\/wp\/v2\/pages\/641\/revisions"}],"predecessor-version":[{"id":1922,"href":"https:\/\/pos.uel.br\/ppga\/wp-json\/wp\/v2\/pages\/641\/revisions\/1922"}],"wp:attachment":[{"href":"https:\/\/pos.uel.br\/ppga\/wp-json\/wp\/v2\/media?parent=641"}],"curies":[{"name":"wp","href":"https:\/\/api.w.org\/{rel}","templated":true}]}}