{"id":596,"date":"2022-09-02T16:57:27","date_gmt":"2022-09-02T19:57:27","guid":{"rendered":"https:\/\/pos.uel.br\/ppga\/?page_id=596"},"modified":"2025-03-12T02:38:58","modified_gmt":"2025-03-12T05:38:58","slug":"dissertacoes-defendidas-em-2020","status":"publish","type":"page","link":"https:\/\/pos.uel.br\/ppga\/dissertacoes-defendidas-em-2020\/","title":{"rendered":"Disserta\u00e7\u00f5es defendidas em 2020"},"content":{"rendered":"\n<p><a href=\"https:\/\/pos.uel.br\/ppga\/dissertacoes-defendidas\/\">retornar ao \u00edndice de disserta\u00e7\u00f5es defendidas<\/a><\/p>\n\n\n\n<div class=\"wp-block-uel-card\">\n<h4 class=\"wp-block-heading\">18\/12\/2020<\/h4>\n\n\n\n<blockquote class=\"wp-block-quote is-layout-flow wp-block-quote-is-layout-flow\">\n<h6 class=\"wp-block-heading\"><strong>T\u00edtulo:\u00a0<\/strong><a href=\"http:\/\/www.uel.br\/pos\/ppga\/attachments\/dissertacoes\/Dissertacao%20Luiz%20Eduardo.pdf\"><a href=\"http:\/\/www.uel.br\/pos\/ppga\/attachments\/dissertacoes\/Dissertacao%20Luiz%20Eduardo.pdf\"><strong>A EXIST\u00caNCIA CAUTELOSA E A RESIST\u00caNCIA CONCESSIVA: EFEITOS DA MATERIALIZA\u00c7\u00c3O DISCURSIVA DE CORPOS GAYS MASCULINOS NAS ORGANIZA\u00c7\u00d5ES<\/strong><\/a><\/a><\/h6>\n\n\n\n<p><strong>Autor:<\/strong>&nbsp;Luiz Eduardo Pereira Batista<br><strong>Banca:<\/strong>&nbsp;Prof. Dra. Adriana da Silva Vinholi Rampazo (Orientadora) (PPGA-UEL); Prof. Dr. Fabio Luiz Zabardi Coltro (PPGA-UEL); Prof. Dr. Luiz Alex Silva Saraiva (UFMG)<br><strong>Palavras-chave:&nbsp;<\/strong>Corpo, Gays, Organizing, Performatividade, Poder&nbsp;<\/p>\n<\/blockquote>\n<\/div>\n\n\n\n<div class=\"wp-block-uel-card\">\n<h4 class=\"wp-block-heading\">18\/12\/2020<\/h4>\n\n\n\n<blockquote class=\"wp-block-quote is-layout-flow wp-block-quote-is-layout-flow\">\n<h6 class=\"wp-block-heading\"><strong>T\u00edtulo:<a href=\"http:\/\/www.uel.br\/pos\/ppga\/attachments\/dissertacoes\/dissertacao%20juliana%20menezes.pdf\">&nbsp;<\/a><a href=\"https:\/\/pos.uel.br\/ppga\/wp-content\/uploads\/2025\/02\/dissertacao-renata.pdf\">A RELA\u00c7\u00c3O ENTRE CUSTOS, N\u00cdVEL SOCIOECON\u00d4MICO E ESTRUTURA ESCOLAR COM O DESEMPENHO EDUCACIONAL: UMA AN\u00c1LISE DAS ESCOLAS MUNICIPAIS DE CAMB\u00c9 \u2013 PR<\/a><\/strong><\/h6>\n\n\n\n<p><strong>Autora:&nbsp;<\/strong>Renata Depieri Viegas<br><strong>Banca:<\/strong>&nbsp;Prof. Dr.&nbsp;Saulo Fabiano Am\u00e2ncio Vieira&nbsp;(Orientador) (PPGA-UEL); Prof. Dr. Ricardo Lebbos Favoreto (PPGA-UEL); Prof. Dr. Ant\u00f4nio Carlos Vaz Lopez (UFGD\/MS)<br><strong>Palavras-chave:<\/strong>&nbsp;Custos, Desempenho Educacional, Efici\u00eancia de Recursos<\/p>\n<\/blockquote>\n<\/div>\n\n\n\n<div class=\"wp-block-uel-card\">\n<h4 class=\"wp-block-heading\">18\/12\/2020<\/h4>\n\n\n\n<blockquote class=\"wp-block-quote is-layout-flow wp-block-quote-is-layout-flow\">\n<h6 class=\"wp-block-heading\"><strong>T\u00edtulo:<a href=\"http:\/\/www.uel.br\/pos\/ppga\/attachments\/dissertacoes\/dissertacao%20juliana%20menezes.pdf\">&nbsp;<\/a><\/strong><a href=\"http:\/\/www.uel.br\/pos\/ppga\/attachments\/dissertacoes\/dissertacao%20juliana%20menezes.pdf\"><\/a><a href=\"http:\/\/www.uel.br\/pos\/ppga\/attachments\/dissertacoes\/dissertacao%20juliana%20menezes.pdf\"><strong>REDES E SUSTENTABILIDADE: RELA\u00c7\u00c3O ENTRE A ATIVIDADE DO FINANCIADOR NA CANDIDATURA E APROVA\u00c7\u00c3O DO PROJETO DE LEI DE FLEXIBILIZA\u00c7\u00c3O DOS FITOSSANIT\u00c1RIOS NA C\u00c2MARA DOS DEPUTADOS<\/strong><\/a><\/h6>\n\n\n\n<p><strong>Autora:&nbsp;<\/strong>Juliana dos Santos Menezes<br><strong>Banca:<\/strong>&nbsp;Prof. Dr.&nbsp;Saulo Fabiano Am\u00e2ncio Vieira&nbsp;(Orientador) (PPGA-UEL); Prof. Dr. Luciano Munck (PPGA-UEL); Prof. Dr. Ant\u00f4nio Carlos Vaz Lopez (UFGD\/MS)<br><strong>Palavras-chave:<\/strong>&nbsp;Sustentabilidade, Redes, La\u00e7os, Lei de Flexibiliza\u00e7\u00e3o dos Fitossanit\u00e1rios, An\u00e1lise de Redes Sociais<\/p>\n<\/blockquote>\n<\/div>\n\n\n\n<div class=\"wp-block-uel-card\">\n<h4 class=\"wp-block-heading\">17\/12\/2020<\/h4>\n\n\n\n<blockquote class=\"wp-block-quote is-layout-flow wp-block-quote-is-layout-flow\">\n<h6 class=\"wp-block-heading\"><strong>T\u00edtulo:\u00a0<\/strong><a href=\"http:\/\/www.uel.br\/pos\/ppga\/attachments\/dissertacoes\/Dissertacao%20Eduardo.pdf\"><a href=\"http:\/\/www.uel.br\/pos\/ppga\/attachments\/dissertacoes\/Dissertacao%20Eduardo.pdf\"><strong>O FARDO DA FARDA: A ADMINISTRA\u00c7\u00c3O DA MASCULINIDADE NA VIV\u00caNCIA DE POLICIAIS GAYS<\/strong><\/a><\/a><\/h6>\n\n\n\n<p><strong>Autor:<\/strong>&nbsp;Eduardo Camargo de Aguiar<br><strong>Banca:<\/strong>&nbsp;Prof. Dra. Adriana da Silva Vinholi Rampazo (Orientadora) (PPGA-UEL); Prof. Dr. Ricardo Lebbos Favoreto (PPGA-UEL); Prof. Dr. Luiz Alex Silva Saraiva (UFMG)<br><strong>Palavras-chave:<\/strong>&nbsp;Poder, Discurso, Masculinidade, Gays, Pol\u00edcia Militar (PM)<\/p>\n<\/blockquote>\n<\/div>\n\n\n\n<div class=\"wp-block-uel-card\">\n<h4 class=\"wp-block-heading\">17\/12\/2020<\/h4>\n\n\n\n<blockquote class=\"wp-block-quote is-layout-flow wp-block-quote-is-layout-flow\">\n<h6 class=\"wp-block-heading\"><strong>T\u00edtulo:\u00a0<\/strong><a href=\"http:\/\/www.uel.br\/pos\/ppga\/attachments\/dissertacoes\/Dissertacao%20sergio.pdf\"><a href=\"http:\/\/www.uel.br\/pos\/ppga\/attachments\/dissertacoes\/Dissertacao%20sergio.pdf\"><strong>SELETIVIDADE ESTATAL E O \u00caXITO DA RESIST\u00caNCIA AO FRACKING NO ESTADO DO PARAN\u00c1: UMA VIT\u00d3RIA DO AMBIENTALISMO OU DO ANTIAMBIENTALISMO?<\/strong><\/a><\/a><\/h6>\n\n\n\n<p><strong>Autor:<\/strong>&nbsp;S\u00e9rgio Ricardo Vitiello<br><strong>Banca:<\/strong>&nbsp;Prof. Dr. Benilson Borinelli (Orientador) (PPGA-UEL); Prof. Dr. Fabio Luiz Zanardi Coltro (PPGA-UEL); Prof. Dr. Edilson Luis de Oliveira (UEL)<br><strong>Palavras-chave:<\/strong>&nbsp;Seletividade Estrutural do Estado Capitalista, Fracking, Agroneg\u00f3cio, Movimento Ambiental, Estado do Paran\u00e1-Brasil&nbsp;<\/p>\n<\/blockquote>\n<\/div>\n\n\n\n<div class=\"wp-block-uel-card\">\n<h4 class=\"wp-block-heading\">07\/12\/2020<\/h4>\n\n\n\n<blockquote class=\"wp-block-quote is-layout-flow wp-block-quote-is-layout-flow\">\n<h6 class=\"wp-block-heading\"><strong>T\u00edtulo:<\/strong>\u00a0<strong><a href=\"http:\/\/www.uel.br\/pos\/ppga\/attachments\/dissertacoes\/dissertacao%20janaina.pdf\">QUAL A RELA\u00c7\u00c3O DO ESTRESSE E SATISFA\u00c7\u00c3O COM O CURSO NO RENDIMENTO ACAD\u00caMICO? UMA AN\u00c1LISE EM UM PROGRAMA DE P\u00d3S-GRADUA\u00c7\u00c3O EM ADMINISTRA\u00c7\u00c3O NO PARAN\u00c1<\/a><\/strong><\/h6>\n\n\n\n<p><strong>Autora:<\/strong>&nbsp;Janaina Rufini Ferreira<br><strong>Banca:<\/strong>&nbsp;Prof. Dra. Thais Accioly Baccaro (Orientadora) (PPGA-UEL); Prof. Dr. Saulo Fabiano Am\u00e2ncio Vieira (PPGA-UEL); Prof. Dr. Daniel Ramos Nogueira (UEL)<br><strong>Palavras-chave:<\/strong>&nbsp;Estresse, Satisfa\u00e7\u00e3o, Rendimento Acad\u00eamico, P\u00f3s-Gradua\u00e7\u00e3o Stricto Sensu, Mestrado<\/p>\n<\/blockquote>\n<\/div>\n\n\n\n<div class=\"wp-block-uel-card\">\n<h4 class=\"wp-block-heading\">02\/12\/2020<\/h4>\n\n\n\n<blockquote class=\"wp-block-quote is-layout-flow wp-block-quote-is-layout-flow\">\n<h6 class=\"wp-block-heading\"><strong>T\u00edtulo:<\/strong>\u00a0<a href=\"http:\/\/www.uel.br\/pos\/ppga\/attachments\/dissertacoes\/Dissertacao%20Paula.pdf\"><a href=\"http:\/\/www.uel.br\/pos\/ppga\/attachments\/dissertacoes\/Dissertacao%20Paula.pdf\"><strong>A DOMINA\u00c7\u00c3O MASCULINA EM NARRATIVAS DA E REFERENTES \u00c0 SAMARCO MINERA\u00c7\u00d5ES S.A. QUE ENVOLVAM SUSTENTABILIDADE: UMA CONSTRU\u00c7\u00c3O ANAL\u00cdTICA ORIENTADA PELA SOCIOLOGIA BOURDIEUSIANA<\/strong><\/a><\/a><\/h6>\n\n\n\n<p><strong>Autora:<\/strong>&nbsp;Paula Piassa das Neves&nbsp;<br><strong>Banca:<\/strong>&nbsp;Prof. Dr. Rafael Borim de Souza (Orientador) (PPGA-UEL); Profa. Dra. Thais Accioly Baccaro (PPGA-UEL); Profa. Dra. Lisiane Freitas de Freitas (UEL)<br><strong>Palavras-chave:<\/strong>&nbsp;Domina\u00e7\u00e3o Masculina, Narrativa, Sustentabilidade, Ecoc\u00eddio, Organiza\u00e7\u00f5es<\/p>\n<\/blockquote>\n<\/div>\n\n\n\n<div class=\"wp-block-uel-card\">\n<h4 class=\"wp-block-heading\">23\/11\/2020<\/h4>\n\n\n\n<blockquote class=\"wp-block-quote is-layout-flow wp-block-quote-is-layout-flow\">\n<h6 class=\"wp-block-heading\"><strong>T\u00edtulo:<\/strong><a href=\"http:\/\/www.uel.br\/pos\/ppga\/attachments\/dissertacoes\/Dissertacao%20Monica.pdf\">\u00a0<a href=\"http:\/\/www.uel.br\/pos\/ppga\/attachments\/dissertacoes\/Dissertacao%20Monica.pdf\"><strong>GEST\u00c3O POR COMPET\u00caNCIAS: COMPREENDENDO O PROCESSO DE IMPLEMENTA\u00c7\u00c3O EM UMA IND\u00daSTRIA DO NORTE DO PARAN\u00c1<\/strong><\/a><\/a><\/h6>\n\n\n\n<p><strong>Autora:<\/strong>&nbsp;M\u00f4nica de C\u00e1ssia Borges da Silva<br><strong>Banca:<\/strong>&nbsp;Prof. Dr. Luciano Munck (Orientador) (PPGA-UEL); Profa. Dra. Thais Accioly Baccaro (PPGA-UEL); Prof. Dr. Roberto Lima Ruas (UNINOVE)<br><strong>Palavras-chave:<\/strong>&nbsp;Gest\u00e3o Estrat\u00e9gica, Gest\u00e3o por Compet\u00eancias, Relato de Experi\u00eancia<\/p>\n<\/blockquote>\n<\/div>\n\n\n\n<div class=\"wp-block-uel-card\">\n<h4 class=\"wp-block-heading\">11\/11\/2020<\/h4>\n\n\n\n<blockquote class=\"wp-block-quote is-layout-flow wp-block-quote-is-layout-flow\">\n<h6 class=\"wp-block-heading\"><strong>T\u00edtulo:<\/strong>\u00a0<a href=\"http:\/\/www.uel.br\/pos\/ppga\/attachments\/dissertacoes\/Dissertacao%20wagner.pdf\"><a href=\"http:\/\/www.uel.br\/pos\/ppga\/attachments\/dissertacoes\/Dissertacao%20wagner.pdf\"><strong>DESVELANDO AGIRES ORGANIZACIONAIS SOBRE A SUSTENTABILIDADE EM UMA ORGANIZA\u00c7\u00c3O HOSPITALAR: ENTRE REFLEX\u00d5ES E PROPOSI\u00c7\u00d5ES<\/strong><\/a><\/a><\/h6>\n\n\n\n<p><strong>Autor:<\/strong>&nbsp;Wagner Rodrigues<br><strong>Banca:<\/strong>&nbsp;Prof. Dr. Luciano Munck (Orientador) (PPGA-UEL); Prof. Dr. Saulo Fabiano Am\u00e2ncio Vieira (PPGA-UEL); Profa. Dra. B\u00e1rbara Galleli Dias (UFPR)<br><strong>Palavras-chave:<\/strong>&nbsp;Sustentabilidade Organizacional, Compet\u00eancias, Gest\u00e3o da Sustentabilidade Organizacional, Agires Organizacionais<\/p>\n<\/blockquote>\n<\/div>\n\n\n\n<div class=\"wp-block-uel-card\">\n<h4 class=\"wp-block-heading\">31\/08\/2020<\/h4>\n\n\n\n<blockquote class=\"wp-block-quote is-layout-flow wp-block-quote-is-layout-flow\">\n<h6 class=\"wp-block-heading\"><strong>T\u00edtulo:<\/strong>\u00a0<a href=\"http:\/\/www.uel.br\/pos\/ppga\/attachments\/dissertacoes\/Dissertacao%20Cesar.pdf\"><a href=\"http:\/\/www.uel.br\/pos\/ppga\/attachments\/dissertacoes\/Dissertacao%20Cesar.pdf\"><strong>A EXPERI\u00caNCIA DA ECONOMIA SOLID\u00c1RIA DA UNIFORJA: ENTRE O IDEALISMO E A REALIDADE<\/strong><\/a><\/a><\/h6>\n\n\n\n<p><strong>Autor:<\/strong>&nbsp;C\u00e9sar Henrique da Silva Rezende<br><strong>Banca:<\/strong>&nbsp;Prof. Dr. Lu\u00eds Miguel Luzio dos Santos (Orientador) (PPGA-UEL); Profa. Dra. Sonia Regina Vargas Mansano (PPGA-UEL); Prof. Dr. Rodolfo Rorato Londero (UEL)<br><strong>Palavras-chave:<\/strong>&nbsp;Neoliberalismo, Sustentabilidade, Economia Solid\u00e1ria ERTs, Cooperativismo<\/p>\n<\/blockquote>\n<\/div>\n\n\n\n<div class=\"wp-block-uel-card\">\n<h4 class=\"wp-block-heading\">29\/05\/2020<\/h4>\n\n\n\n<blockquote class=\"wp-block-quote is-layout-flow wp-block-quote-is-layout-flow\">\n<h6 class=\"wp-block-heading\"><strong>T\u00edtulo:\u00a0<\/strong><a href=\"http:\/\/www.uel.br\/pos\/ppga\/attachments\/dissertacoes\/Dissertacao%20-%20Jefferson%20Henrique%20Correa.pdf\"><a href=\"http:\/\/www.uel.br\/pos\/ppga\/attachments\/dissertacoes\/Dissertacao%20-%20Jefferson%20Henrique%20Correa.pdf\"><strong>A DISTIN\u00c7\u00c3O CULTURAL NA CONSTRU\u00c7\u00c3O DA SUSTENTABILIDADE AMBIENTAL ORGANIZACIONAL: UMA AN\u00c1LISE BOURDIEUSIANA DE NARRATIVAS REFERENTES \u00c0 E DA SAMARCO MINERA\u00c7\u00c3O S.A. E VALE S.A<\/strong><\/a><strong>.<\/strong><\/a><\/h6>\n\n\n\n<p><strong>Autor:<\/strong>&nbsp;Jefferson Henrique Correa<br><strong>Banca:&nbsp;<\/strong>Prof. Dr.<strong>&nbsp;<\/strong>Rafael Borim de Souza (Orientador) (PPGA-UEL); Prof. Dr. Lu\u00eds Miguel Luzio dos Santos (PPGA-UEL); Prof. Dr. Jo\u00e3o Luiz Gilberto de Carvalho (IAPAR-EMATER)<br><strong>Palavras-chave:&nbsp;<\/strong>Sustentabilidade Ambiental, Distin\u00e7\u00e3o Cultural, Capitais, Sociologia Bourdieusiana&nbsp;<\/p>\n<\/blockquote>\n<\/div>\n\n\n\n<div class=\"wp-block-uel-card\">\n<h4 class=\"wp-block-heading\">23\/03\/2020<\/h4>\n\n\n\n<blockquote class=\"wp-block-quote is-layout-flow wp-block-quote-is-layout-flow\">\n<h6 class=\"wp-block-heading\"><strong>T\u00edtulo:\u00a0<\/strong><a href=\"http:\/\/www.uel.br\/pos\/ppga\/attachments\/dissertacoes\/Dissertacao%20Isabeli.pdf\"><a href=\"http:\/\/www.uel.br\/pos\/ppga\/attachments\/dissertacoes\/Dissertacao%20Isabeli.pdf\"><strong>MULHER NEGRA NO MERCADO DE TRABALHO: EFEITOS DAS DISCRIMINA\u00c7\u00d5ES DE RA\u00c7A, G\u00caNERO E CLASSE<\/strong><\/a><\/a><\/h6>\n\n\n\n<p><strong>Autora:<\/strong>&nbsp;Isabeli Ramos Neves<br><strong>Banca:&nbsp;<\/strong>Prof. Dr. Luis Miguel Luzio dos Santos&nbsp;(Orientador) (PPGA-UEL); Profa. Dra. Sonia Regina Vargas Mansano (PPGA-UEL); Profa. Dra. Cl\u00e9lia R. S. Prestes (USP)&nbsp;<br><strong>Palavras-chave:&nbsp;<\/strong>Trabalho, Mulher Negra, Marginaliza\u00e7\u00e3o, Contexto Socio-hist\u00f3rico<\/p>\n<\/blockquote>\n<\/div>\n","protected":false},"excerpt":{"rendered":"<p>retornar ao \u00edndice de disserta\u00e7\u00f5es defendidas<\/p>\n","protected":false},"author":8,"featured_media":0,"parent":0,"menu_order":0,"comment_status":"closed","ping_status":"closed","template":"","meta":{"footnotes":""},"class_list":["post-596","page","type-page","status-publish","hentry"],"acf":[],"_links":{"self":[{"href":"https:\/\/pos.uel.br\/ppga\/wp-json\/wp\/v2\/pages\/596","targetHints":{"allow":["GET"]}}],"collection":[{"href":"https:\/\/pos.uel.br\/ppga\/wp-json\/wp\/v2\/pages"}],"about":[{"href":"https:\/\/pos.uel.br\/ppga\/wp-json\/wp\/v2\/types\/page"}],"author":[{"embeddable":true,"href":"https:\/\/pos.uel.br\/ppga\/wp-json\/wp\/v2\/users\/8"}],"replies":[{"embeddable":true,"href":"https:\/\/pos.uel.br\/ppga\/wp-json\/wp\/v2\/comments?post=596"}],"version-history":[{"count":7,"href":"https:\/\/pos.uel.br\/ppga\/wp-json\/wp\/v2\/pages\/596\/revisions"}],"predecessor-version":[{"id":2136,"href":"https:\/\/pos.uel.br\/ppga\/wp-json\/wp\/v2\/pages\/596\/revisions\/2136"}],"wp:attachment":[{"href":"https:\/\/pos.uel.br\/ppga\/wp-json\/wp\/v2\/media?parent=596"}],"curies":[{"name":"wp","href":"https:\/\/api.w.org\/{rel}","templated":true}]}}