{"id":2508,"date":"2026-04-06T15:27:34","date_gmt":"2026-04-06T18:27:34","guid":{"rendered":"https:\/\/pos.uel.br\/ppga\/?page_id=2508"},"modified":"2026-04-06T15:27:34","modified_gmt":"2026-04-06T18:27:34","slug":"dissertacoes-defendidas-em-2026","status":"publish","type":"page","link":"https:\/\/pos.uel.br\/ppga\/dissertacoes-defendidas-em-2026\/","title":{"rendered":"Disserta\u00e7\u00f5es defendidas em 2026"},"content":{"rendered":"\n<p><a href=\"https:\/\/pos.uel.br\/ppga\/dissertacoes-defendidas\/\">retornar ao \u00edndice de disserta\u00e7\u00f5es defendidas<\/a><\/p>\n\n\n\n<div class=\"wp-block-uel-card\">\n<h4 class=\"wp-block-heading\">30\/03\/2026<\/h4>\n\n\n\n<blockquote class=\"wp-block-quote is-layout-flow wp-block-quote-is-layout-flow\">\n<h6 class=\"wp-block-heading\">T\u00edtulo: IMPACTOS ECON\u00d4MICOS, SOCIAIS E AMBIENTAIS DOS GASTOS GOVERNAMENTAIS: UM ESTUDO PARA 76 PA\u00cdSES SELECIONADOS (EM BREVE)<\/h6>\n\n\n\n<p><strong>Autora:\u00a0<\/strong>Gracieli de Abreu Simpl\u00edcio<br><strong>Banca:\u00a0<\/strong>Dr. UMBERTO ANTONIO SESSO FILHO (orientador) (PPGA-UEL), Dr. EDUARDO AUGUSTO DO ROSARIO CONTANI (PPGA-UEL), Dr. CARLOS ALBERTO GON\u00c7ALVES JUNIOR (<a href=\"https:\/\/www.unioeste.br\/portal\/\">UNIOESTE<\/a>)<strong><br>Palavras-chave:\u00a0<\/strong>.<\/p>\n<\/blockquote>\n<\/div>\n\n\n\n<div class=\"wp-block-uel-card\">\n<h4 class=\"wp-block-heading\">03\/02\/2026<\/h4>\n\n\n\n<blockquote class=\"wp-block-quote is-layout-flow wp-block-quote-is-layout-flow\">\n<h6 class=\"wp-block-heading\">T\u00edtulo: INOVA\u00c7\u00c3O P\u00daBLICA EM MOVIMENTO: ESTRUTURAS, FOMENTO E DESAFIOS NA ATUA\u00c7\u00c3O DOS N\u00daCLEOS DE INOVA\u00c7\u00c3O TECNOL\u00d3GICA DAS INSTITUI\u00c7\u00d5ES CIENT\u00cdFICAS, TECNOL\u00d3GICAS E DE INOVA\u00c7\u00c3O EM LONDRINA (EM BREVE)<\/h6>\n\n\n\n<p><strong>Autora:\u00a0<\/strong>Majeane Ara\u00fajo da Silva Menezes<br><strong>Banca:\u00a0<\/strong>Dra. LUANA MAIA WOIDA (orientadora) (PPGA-UEL), Dra. ELAINE MARIA DOS SANTOS (PPGA-UEL), Dra. PATR\u00cdCIA VILLAR MARTINS (<a href=\"https:\/\/www.ufscar.br\/\" data-type=\"link\" data-id=\"https:\/\/www.ufscar.br\/\">UFSCAR<\/a>)<strong><br>Palavras-chave:\u00a0<\/strong>.<\/p>\n<\/blockquote>\n<\/div>\n","protected":false},"excerpt":{"rendered":"<p>retornar ao \u00edndice de disserta\u00e7\u00f5es defendidas<\/p>\n","protected":false},"author":8,"featured_media":0,"parent":0,"menu_order":0,"comment_status":"closed","ping_status":"closed","template":"","meta":{"footnotes":""},"class_list":["post-2508","page","type-page","status-publish","hentry"],"acf":[],"_links":{"self":[{"href":"https:\/\/pos.uel.br\/ppga\/wp-json\/wp\/v2\/pages\/2508","targetHints":{"allow":["GET"]}}],"collection":[{"href":"https:\/\/pos.uel.br\/ppga\/wp-json\/wp\/v2\/pages"}],"about":[{"href":"https:\/\/pos.uel.br\/ppga\/wp-json\/wp\/v2\/types\/page"}],"author":[{"embeddable":true,"href":"https:\/\/pos.uel.br\/ppga\/wp-json\/wp\/v2\/users\/8"}],"replies":[{"embeddable":true,"href":"https:\/\/pos.uel.br\/ppga\/wp-json\/wp\/v2\/comments?post=2508"}],"version-history":[{"count":1,"href":"https:\/\/pos.uel.br\/ppga\/wp-json\/wp\/v2\/pages\/2508\/revisions"}],"predecessor-version":[{"id":2509,"href":"https:\/\/pos.uel.br\/ppga\/wp-json\/wp\/v2\/pages\/2508\/revisions\/2509"}],"wp:attachment":[{"href":"https:\/\/pos.uel.br\/ppga\/wp-json\/wp\/v2\/media?parent=2508"}],"curies":[{"name":"wp","href":"https:\/\/api.w.org\/{rel}","templated":true}]}}