{"id":1412,"date":"2024-09-19T20:05:07","date_gmt":"2024-09-19T23:05:07","guid":{"rendered":"https:\/\/pos.uel.br\/ppga\/?page_id=1412"},"modified":"2024-09-19T20:05:07","modified_gmt":"2024-09-19T23:05:07","slug":"errata-processo-seletivo-turma-2025","status":"publish","type":"page","link":"https:\/\/pos.uel.br\/ppga\/errata-processo-seletivo-turma-2025\/","title":{"rendered":"ERRATA (Processo Seletivo &#8211; Turma 2025)"},"content":{"rendered":"\n<p><\/p>\n\n\n\n<figure class=\"wp-block-table\"><table class=\"has-fixed-layout\"><tbody><tr><td><strong>Ao final da p\u00e1gina 9 do edital, onde se l\u00ea:<\/strong><\/td><td><strong>Leia-se:<\/strong><\/td><\/tr><tr><td>&#8220;Aten\u00e7\u00e3o: O candidato que apresentar documento que n\u00e3o o diploma deve ter ci\u00eancia de que [&#8230;] seja anterior ao in\u00edcio do semestre letivo na UEL (06\/04\/2024), sem o qual n\u00e3o poder\u00e1 efetuar a matr\u00edcula e perder\u00e1 o direito \u00e0 vaga, sem restitui\u00e7\u00e3o do valor do pre\u00e7o p\u00fablico de inscri\u00e7\u00e3o.&#8221;<\/td><td>&#8220;Aten\u00e7\u00e3o: O candidato que apresentar documento que n\u00e3o o diploma deve ter ci\u00eancia de que [&#8230;] seja anterior ao in\u00edcio do semestre letivo na UEL (<strong>10\/03\/2025<\/strong>), sem o qual n\u00e3o poder\u00e1 efetuar a matr\u00edcula e perder\u00e1 o direito \u00e0 vaga, sem restitui\u00e7\u00e3o do valor do pre\u00e7o p\u00fablico de inscri\u00e7\u00e3o.&#8221;<\/td><\/tr><\/tbody><\/table><figcaption class=\"wp-element-caption\">Nota da coordena\u00e7\u00e3o: a data correta de in\u00edcio do semestre letivo na UEL \u00e9 10\/03\/2025<\/figcaption><\/figure>\n\n\n\n<figure class=\"wp-block-table\"><table class=\"has-fixed-layout\"><tbody><tr><td><strong>Na p\u00e1gina 14 do edital, onde se l\u00ea:<\/strong><\/td><td><strong>Leia-se<\/strong><\/td><\/tr><tr><td>&#8220;<strong>Estrutura obrigat\u00f3ria do Projeto de Pesquisa:<\/strong><br>&#8211; Na primeira p\u00e1gina deve constar apenas o seguinte:<br>&#8211; T\u00edtulo<br>&#8211; N\u00famero de inscri\u00e7\u00e3o da\/o autora\/autor<br>&#8211; Indica\u00e7\u00e3o da linha de pesquisa do PPGA-UEL escolhida&#8221;<\/td><td>&#8220;<strong>Estrutura obrigat\u00f3ria do Projeto de Pesquisa:<\/strong><br>&#8211; Na primeira p\u00e1gina deve constar apenas o seguinte:<br>&#8211; T\u00edtulo<br>&#8211; Indica\u00e7\u00e3o da linha de pesquisa do PPGA-UEL escolhida&#8221;<\/td><\/tr><\/tbody><\/table><figcaption class=\"wp-element-caption\">Nota da coordena\u00e7\u00e3o: n\u00e3o h\u00e1 necessidade de colocar &#8220;n\u00famero de inscri\u00e7\u00e3o da\/o autora\/autor&#8221;<\/figcaption><\/figure>\n\n\n\n<p><\/p>\n\n\n\n<p><\/p>\n","protected":false},"excerpt":{"rendered":"<p>Ao final da p\u00e1gina 9 do edital, onde se l\u00ea: Leia-se: &#8220;Aten\u00e7\u00e3o: O candidato que apresentar documento que n\u00e3o o diploma deve ter ci\u00eancia de que [&#8230;] seja anterior ao in\u00edcio do semestre letivo na UEL (06\/04\/2024), sem o qual n\u00e3o poder\u00e1 efetuar a matr\u00edcula e perder\u00e1 o direito \u00e0 vaga, sem restitui\u00e7\u00e3o do valor [&hellip;]<\/p>\n","protected":false},"author":8,"featured_media":0,"parent":0,"menu_order":0,"comment_status":"closed","ping_status":"closed","template":"","meta":{"footnotes":""},"class_list":["post-1412","page","type-page","status-publish","hentry"],"acf":[],"_links":{"self":[{"href":"https:\/\/pos.uel.br\/ppga\/wp-json\/wp\/v2\/pages\/1412","targetHints":{"allow":["GET"]}}],"collection":[{"href":"https:\/\/pos.uel.br\/ppga\/wp-json\/wp\/v2\/pages"}],"about":[{"href":"https:\/\/pos.uel.br\/ppga\/wp-json\/wp\/v2\/types\/page"}],"author":[{"embeddable":true,"href":"https:\/\/pos.uel.br\/ppga\/wp-json\/wp\/v2\/users\/8"}],"replies":[{"embeddable":true,"href":"https:\/\/pos.uel.br\/ppga\/wp-json\/wp\/v2\/comments?post=1412"}],"version-history":[{"count":2,"href":"https:\/\/pos.uel.br\/ppga\/wp-json\/wp\/v2\/pages\/1412\/revisions"}],"predecessor-version":[{"id":1415,"href":"https:\/\/pos.uel.br\/ppga\/wp-json\/wp\/v2\/pages\/1412\/revisions\/1415"}],"wp:attachment":[{"href":"https:\/\/pos.uel.br\/ppga\/wp-json\/wp\/v2\/media?parent=1412"}],"curies":[{"name":"wp","href":"https:\/\/api.w.org\/{rel}","templated":true}]}}

<p></p>



<figure class="wp-block-table"><table class="has-fixed-layout"><tbody><tr><td><strong>Ao final da página 9 do edital, onde se lê:</strong></td><td><strong>Leia-se:</strong></td></tr><tr><td>&#8220;Atenção: O candidato que apresentar documento que não o diploma deve ter ciência de que [&#8230;] seja anterior ao início do semestre letivo na UEL (06/04/2024), sem o qual não poderá efetuar a matrícula e perderá o direito à vaga, sem restituição do valor do preço público de inscrição.&#8221;</td><td>&#8220;Atenção: O candidato que apresentar documento que não o diploma deve ter ciência de que [&#8230;] seja anterior ao início do semestre letivo na UEL (<strong>10/03/2025</strong>), sem o qual não poderá efetuar a matrícula e perderá o direito à vaga, sem restituição do valor do preço público de inscrição.&#8221;</td></tr></tbody></table><figcaption class="wp-element-caption">Nota da coordenação: a data correta de início do semestre letivo na UEL é 10/03/2025</figcaption></figure>



<figure class="wp-block-table"><table class="has-fixed-layout"><tbody><tr><td><strong>Na página 14 do edital, onde se lê:</strong></td><td><strong>Leia-se</strong></td></tr><tr><td>&#8220;<strong>Estrutura obrigatória do Projeto de Pesquisa:</strong><br>&#8211; Na primeira página deve constar apenas o seguinte:<br>&#8211; Título<br>&#8211; Número de inscrição da/o autora/autor<br>&#8211; Indicação da linha de pesquisa do PPGA-UEL escolhida&#8221;</td><td>&#8220;<strong>Estrutura obrigatória do Projeto de Pesquisa:</strong><br>&#8211; Na primeira página deve constar apenas o seguinte:<br>&#8211; Título<br>&#8211; Indicação da linha de pesquisa do PPGA-UEL escolhida&#8221;</td></tr></tbody></table><figcaption class="wp-element-caption">Nota da coordenação: não há necessidade de colocar &#8220;número de inscrição da/o autora/autor&#8221;</figcaption></figure>



<p></p>



<p></p>

<p>Ao final da página 9 do edital, onde se lê: Leia-se: &#8220;Atenção: O candidato que apresentar documento que não o diploma deve ter ciência de que [&#8230;] seja anterior ao início do semestre letivo na UEL (06/04/2024), sem o qual não poderá efetuar a matrícula e perderá o direito à vaga, sem restituição do valor [&hellip;]</p>
