{"id":1308,"date":"2024-04-17T17:16:14","date_gmt":"2024-04-17T20:16:14","guid":{"rendered":"https:\/\/pos.uel.br\/ppga\/?page_id=1308"},"modified":"2025-03-12T02:51:08","modified_gmt":"2025-03-12T05:51:08","slug":"dissertacoes-defendidas-em-2024","status":"publish","type":"page","link":"https:\/\/pos.uel.br\/ppga\/dissertacoes-defendidas-em-2024\/","title":{"rendered":"Disserta\u00e7\u00f5es defendidas em 2024"},"content":{"rendered":"\n<p><a href=\"https:\/\/pos.uel.br\/ppga\/dissertacoes-defendidas\/\">retornar ao \u00edndice de disserta\u00e7\u00f5es defendidas<\/a><\/p>\n\n\n\n<div class=\"wp-block-uel-card\">\n<h4 class=\"wp-block-heading\">27\/02\/2024<\/h4>\n\n\n\n<blockquote class=\"wp-block-quote is-layout-flow wp-block-quote-is-layout-flow\">\n<h6 class=\"wp-block-heading\"><strong>T\u00edtulo:\u00a0<a href=\"https:\/\/pos.uel.br\/ppga\/wp-content\/uploads\/2025\/03\/Defesayamaji.pdf\">MULTICRITERIA DECISION-MAKING IN BIOGAS PROJECTS<\/a><\/strong><\/h6>\n\n\n\n<p><strong>Autora:&nbsp;<\/strong>&nbsp;DANIELA MAYUMI YAMAJI<br><strong>Banca:&nbsp;&nbsp;<\/strong>Dr. SAULO FABIANO AMANCIO VIEIRA (orientador) (PPGA-UEL), Dr. MARCO ANTONIO FERREIRA (UTFPR), Dr. REGINALDO FIDELIS (UTFPR)<strong><br>Palavras-chave:&nbsp;<\/strong>Distor\u00e7\u00e3o Comunicativa; Agir Comunicativo; Relat\u00f3rio de sustentabilidade; Sustentabilidade; Estudos Organizacionais.<\/p>\n<\/blockquote>\n<\/div>\n\n\n\n<div class=\"wp-block-uel-card\">\n<h4 class=\"wp-block-heading\">11\/04\/2024<\/h4>\n\n\n\n<blockquote class=\"wp-block-quote is-layout-flow wp-block-quote-is-layout-flow\">\n<h6 class=\"wp-block-heading\"><strong>T\u00edtulo:&nbsp;<a href=\"https:\/\/pos.uel.br\/ppga\/wp-content\/uploads\/2024\/04\/DISSERTACAO-GIOVANA-MARQUES-SOBRINHO.pdf\">DISTOR\u00c7\u00d5ES COMUNICATIVAS NOS RELAT\u00d3RIOS DE SUSTENTABILIDADE DE UMA MINERADORA BRASILEIRA: UMA APRECIA\u00c7\u00c3O PAUTADA NO PENSAMENTO HABERMASIANO<\/a><\/strong><\/h6>\n\n\n\n<p><strong>Autora:&nbsp;<\/strong>&nbsp;GIOVANA MARQUES SOBRINHO<br><strong>Banca:&nbsp;&nbsp;<\/strong>Dr. RICARDO LEBBOS FAVORETO (orientador) (PPGA-UEL), Dr. PAULO MARCELO FERRARESE PEGINO (PPGA-UEL), Dr. ELVE MIGUEL CENCI (PPGDN\/UEL)<strong><br>Palavras-chave:&nbsp;<\/strong>Distor\u00e7\u00e3o Comunicativa; Agir Comunicativo; Relat\u00f3rio de sustentabilidade; Sustentabilidade; Estudos Organizacionais.<\/p>\n<\/blockquote>\n<\/div>\n\n\n\n<div class=\"wp-block-uel-card\">\n<h4 class=\"wp-block-heading\">11\/04\/2024<\/h4>\n\n\n\n<blockquote class=\"wp-block-quote is-layout-flow wp-block-quote-is-layout-flow\">\n<h6 class=\"wp-block-heading\"><strong><strong>T\u00edtulo:&nbsp;<a href=\"https:\/\/pos.uel.br\/ppga\/wp-content\/uploads\/2024\/05\/DISSERTACAO-YASMIN-SHAWANI-FERNANDES.pdf\">A FALA, O DIZER E A DOXA SOBRE O ECOC\u00cdDIO DE MARIANA (MG): PARADOXOS ENTRE AS NARRATIVAS EMITIDAS PELA SAMARCO E PELA M\u00cdDIA INTERNACIONAL<\/a><\/strong><\/strong><\/h6>\n\n\n\n<p><strong>Autora:&nbsp;<\/strong> YASMIN SHAWANI FERNANDES<br><strong>Banca:&nbsp; <\/strong>Dr. PAULO MARCELO FERRARESE PEGINO (orientador) (PPGA-UEL), Dr. RICARDO LEBBOS FAVORETO (PPGA-UEL), Dra. NATALIA RESE (UFPR)<strong><br>Palavras-chave:&nbsp;<\/strong>Falar; Dizer; Doxa; Samarco Minera\u00e7\u00e3o S.A.; M\u00eddia Internacional; Ecoc\u00eddio.<\/p>\n<\/blockquote>\n<\/div>\n\n\n\n<div class=\"wp-block-uel-card\">\n<h4 class=\"wp-block-heading\">09\/08\/2024<\/h4>\n\n\n\n<blockquote class=\"wp-block-quote is-layout-flow wp-block-quote-is-layout-flow\">\n<h6 class=\"wp-block-heading\"><strong><strong><strong>T\u00edtulo:&nbsp;<a href=\"https:\/\/pos.uel.br\/ppga\/wp-content\/uploads\/2024\/08\/DISSERTACAO-VANIA-ANTUNES.pdf\">O PODER DA IMAGEM CORPORAL: MODA E FORMA\u00c7\u00d5ES DISCURSIVAS EM DESTAQUE<\/a><\/strong><\/strong><\/strong><\/h6>\n\n\n\n<p><strong>Autora:&nbsp;<\/strong> VANIA ANTUNES DOMINGUES DA COSTA<br><strong>Banca:&nbsp; <\/strong>Dra. ADRIANA DA SILVA VINHOLI RAMPAZO (orientadora), Dr. PAULO MARCELO FERRARESE PEGINO (PPGA-UEL), Dr. RAFAEL FERNANDES DE MESQUITA (IFPI)<strong><br>Palavras-chave:&nbsp;<\/strong>normatividade corporal; performatiza\u00e7\u00e3o; representa\u00e7\u00e3o visual; interdiscursividade; regimes de verdade.<\/p>\n<\/blockquote>\n<\/div>\n\n\n\n<div class=\"wp-block-uel-card\">\n<h4 class=\"wp-block-heading\">10\/12\/2024<\/h4>\n\n\n\n<blockquote class=\"wp-block-quote is-layout-flow wp-block-quote-is-layout-flow\">\n<h6 class=\"wp-block-heading\"><strong><strong><strong><strong>T\u00edtulo:&nbsp;<a href=\"https:\/\/pos.uel.br\/ppga\/wp-content\/uploads\/2025\/02\/DISSERTACAO-TALES-SANCHES.pdf\">O MOVIMENTO DOS TRABALHADORES RURAIS SEM TERRA E O PODER EXTRAPARLAMENTAR: FINAPOP E A CONTRADI\u00c7\u00c3O CAPITALISTA<\/a><\/strong><\/strong><\/strong><\/strong><\/h6>\n\n\n\n<p><strong>Autor:&nbsp;<\/strong> TALES LEON BIAZAO SANCHES<br><strong>Banca:&nbsp; <\/strong>Dr. PAULO MARCELO FERRARESE PEGINO (orientador), Dr. LUIS MIGUEL LUZIO DOS SANTOS (PPGA-UEL), Dra. PRISCILLA BORGONHONI CHAGAS (PPA-UEM)<strong><br>Palavras-chave:&nbsp;<\/strong>reforma agr\u00e1ria; Movimento dos Trabalhadores Rurais Sem Terra (MST); economia pol\u00edtica; agente extraparlamentar; mercado de capitais.<\/p>\n<\/blockquote>\n<\/div>\n","protected":false},"excerpt":{"rendered":"<p>retornar ao \u00edndice de disserta\u00e7\u00f5es defendidas<\/p>\n","protected":false},"author":8,"featured_media":0,"parent":0,"menu_order":0,"comment_status":"closed","ping_status":"closed","template":"","meta":{"footnotes":""},"class_list":["post-1308","page","type-page","status-publish","hentry"],"acf":[],"_links":{"self":[{"href":"https:\/\/pos.uel.br\/ppga\/wp-json\/wp\/v2\/pages\/1308","targetHints":{"allow":["GET"]}}],"collection":[{"href":"https:\/\/pos.uel.br\/ppga\/wp-json\/wp\/v2\/pages"}],"about":[{"href":"https:\/\/pos.uel.br\/ppga\/wp-json\/wp\/v2\/types\/page"}],"author":[{"embeddable":true,"href":"https:\/\/pos.uel.br\/ppga\/wp-json\/wp\/v2\/users\/8"}],"replies":[{"embeddable":true,"href":"https:\/\/pos.uel.br\/ppga\/wp-json\/wp\/v2\/comments?post=1308"}],"version-history":[{"count":11,"href":"https:\/\/pos.uel.br\/ppga\/wp-json\/wp\/v2\/pages\/1308\/revisions"}],"predecessor-version":[{"id":2138,"href":"https:\/\/pos.uel.br\/ppga\/wp-json\/wp\/v2\/pages\/1308\/revisions\/2138"}],"wp:attachment":[{"href":"https:\/\/pos.uel.br\/ppga\/wp-json\/wp\/v2\/media?parent=1308"}],"curies":[{"name":"wp","href":"https:\/\/api.w.org\/{rel}","templated":true}]}}

Dissertações defendidas em 2024

<p><a href="https://pos.uel.br/ppga/dissertacoes-defendidas/">retornar ao índice de dissertações defendidas</a></p>



<div class="wp-block-uel-card">
<h4 class="wp-block-heading">27/02/2024</h4>



<blockquote class="wp-block-quote is-layout-flow wp-block-quote-is-layout-flow">
<h6 class="wp-block-heading"><strong>Título: <a href="https://pos.uel.br/ppga/wp-content/uploads/2025/03/Defesayamaji.pdf">MULTICRITERIA DECISION-MAKING IN BIOGAS PROJECTS</a></strong></h6>



<p><strong>Autora:&nbsp;</strong>&nbsp;DANIELA MAYUMI YAMAJI<br><strong>Banca:&nbsp;&nbsp;</strong>Dr. SAULO FABIANO AMANCIO VIEIRA (orientador) (PPGA-UEL), Dr. MARCO ANTONIO FERREIRA (UTFPR), Dr. REGINALDO FIDELIS (UTFPR)<strong><br>Palavras-chave:&nbsp;</strong>Distorção Comunicativa; Agir Comunicativo; Relatório de sustentabilidade; Sustentabilidade; Estudos Organizacionais.</p>
</blockquote>
</div>



<div class="wp-block-uel-card">
<h4 class="wp-block-heading">11/04/2024</h4>



<blockquote class="wp-block-quote is-layout-flow wp-block-quote-is-layout-flow">
<h6 class="wp-block-heading"><strong>Título:&nbsp;<a href="https://pos.uel.br/ppga/wp-content/uploads/2024/04/DISSERTACAO-GIOVANA-MARQUES-SOBRINHO.pdf">DISTORÇÕES COMUNICATIVAS NOS RELATÓRIOS DE SUSTENTABILIDADE DE UMA MINERADORA BRASILEIRA: UMA APRECIAÇÃO PAUTADA NO PENSAMENTO HABERMASIANO</a></strong></h6>



<p><strong>Autora:&nbsp;</strong>&nbsp;GIOVANA MARQUES SOBRINHO<br><strong>Banca:&nbsp;&nbsp;</strong>Dr. RICARDO LEBBOS FAVORETO (orientador) (PPGA-UEL), Dr. PAULO MARCELO FERRARESE PEGINO (PPGA-UEL), Dr. ELVE MIGUEL CENCI (PPGDN/UEL)<strong><br>Palavras-chave:&nbsp;</strong>Distorção Comunicativa; Agir Comunicativo; Relatório de sustentabilidade; Sustentabilidade; Estudos Organizacionais.</p>
</blockquote>
</div>



<div class="wp-block-uel-card">
<h4 class="wp-block-heading">11/04/2024</h4>



<blockquote class="wp-block-quote is-layout-flow wp-block-quote-is-layout-flow">
<h6 class="wp-block-heading"><strong><strong>Título:&nbsp;<a href="https://pos.uel.br/ppga/wp-content/uploads/2024/05/DISSERTACAO-YASMIN-SHAWANI-FERNANDES.pdf">A FALA, O DIZER E A DOXA SOBRE O ECOCÍDIO DE MARIANA (MG): PARADOXOS ENTRE AS NARRATIVAS EMITIDAS PELA SAMARCO E PELA MÍDIA INTERNACIONAL</a></strong></strong></h6>



<p><strong>Autora:&nbsp;</strong> YASMIN SHAWANI FERNANDES<br><strong>Banca:&nbsp; </strong>Dr. PAULO MARCELO FERRARESE PEGINO (orientador) (PPGA-UEL), Dr. RICARDO LEBBOS FAVORETO (PPGA-UEL), Dra. NATALIA RESE (UFPR)<strong><br>Palavras-chave:&nbsp;</strong>Falar; Dizer; Doxa; Samarco Mineração S.A.; Mídia Internacional; Ecocídio.</p>
</blockquote>
</div>



<div class="wp-block-uel-card">
<h4 class="wp-block-heading">09/08/2024</h4>



<blockquote class="wp-block-quote is-layout-flow wp-block-quote-is-layout-flow">
<h6 class="wp-block-heading"><strong><strong><strong>Título:&nbsp;<a href="https://pos.uel.br/ppga/wp-content/uploads/2024/08/DISSERTACAO-VANIA-ANTUNES.pdf">O PODER DA IMAGEM CORPORAL: MODA E FORMAÇÕES DISCURSIVAS EM DESTAQUE</a></strong></strong></strong></h6>



<p><strong>Autora:&nbsp;</strong> VANIA ANTUNES DOMINGUES DA COSTA<br><strong>Banca:&nbsp; </strong>Dra. ADRIANA DA SILVA VINHOLI RAMPAZO (orientadora), Dr. PAULO MARCELO FERRARESE PEGINO (PPGA-UEL), Dr. RAFAEL FERNANDES DE MESQUITA (IFPI)<strong><br>Palavras-chave:&nbsp;</strong>normatividade corporal; performatização; representação visual; interdiscursividade; regimes de verdade.</p>
</blockquote>
</div>



<div class="wp-block-uel-card">
<h4 class="wp-block-heading">10/12/2024</h4>



<blockquote class="wp-block-quote is-layout-flow wp-block-quote-is-layout-flow">
<h6 class="wp-block-heading"><strong><strong><strong><strong>Título:&nbsp;<a href="https://pos.uel.br/ppga/wp-content/uploads/2025/02/DISSERTACAO-TALES-SANCHES.pdf">O MOVIMENTO DOS TRABALHADORES RURAIS SEM TERRA E O PODER EXTRAPARLAMENTAR: FINAPOP E A CONTRADIÇÃO CAPITALISTA</a></strong></strong></strong></strong></h6>



<p><strong>Autor:&nbsp;</strong> TALES LEON BIAZAO SANCHES<br><strong>Banca:&nbsp; </strong>Dr. PAULO MARCELO FERRARESE PEGINO (orientador), Dr. LUIS MIGUEL LUZIO DOS SANTOS (PPGA-UEL), Dra. PRISCILLA BORGONHONI CHAGAS (PPA-UEM)<strong><br>Palavras-chave:&nbsp;</strong>reforma agrária; Movimento dos Trabalhadores Rurais Sem Terra (MST); economia política; agente extraparlamentar; mercado de capitais.</p>
</blockquote>
</div>

<p>retornar ao índice de dissertações defendidas</p>
