{"id":1201,"date":"2023-12-11T14:21:52","date_gmt":"2023-12-11T17:21:52","guid":{"rendered":"https:\/\/pos.uel.br\/ppga\/?page_id=1201"},"modified":"2024-02-19T16:45:12","modified_gmt":"2024-02-19T19:45:12","slug":"regulamento-de-bolsas-do-ppga","status":"publish","type":"page","link":"https:\/\/pos.uel.br\/ppga\/regulamento-de-bolsas-do-ppga\/","title":{"rendered":"Regulamento de Bolsas do PPGA"},"content":{"rendered":"\n<h3 class=\"wp-block-heading\">Texto extra\u00eddo do <a href=\"https:\/\/pos.uel.br\/ppga\/regimento-resolucoes-e-normas\/\" data-type=\"link\" data-id=\"https:\/\/pos.uel.br\/ppga\/regimento-resolucoes-e-normas\/\">REGIMENTO DO PROGRAMA DE P\u00d3S-GRADUA\u00c7\u00c3O EM ADMINISTRA\u00c7\u00c3O<\/a> (<em>artigos 127 \u00e0 133<\/em>)<\/h3>\n\n\n\n<ol class=\"wp-block-list\">\n<li>Considera-se como Bolsa de Estudos, todo e qualquer benef\u00edcio em forma de remunera\u00e7\u00e3o financeira designado a membros do corpo discente do PPGA-UEL, independente da natureza e da fonte de financiamento\/fomento.<\/li>\n\n\n\n<li>As bolsas ser\u00e3o concedidas conforme disponibilidades a alunos regulares matriculados no programa que atendam aos requisitos estabelecidos pela Comiss\u00e3o de Bolsas e observadas as normas das ag\u00eancias concedentes.<\/li>\n\n\n\n<li>Sobre a Comiss\u00e3o de Bolsas do PPGA-UEL:\n<ul class=\"wp-block-list\">\n<li>Obrigatoriamente, a Comiss\u00e3o de Bolsas do PPGA-UEL ser\u00e1 composta por 4 (quatro) membros, sendo eles:\n<ul class=\"wp-block-list\">\n<li>O presidente da comiss\u00e3o, representado pelo docente que estiver respons\u00e1vel pela coordena\u00e7\u00e3o do programa.<\/li>\n\n\n\n<li>Docente da linha de pesquisa Gest\u00e3o de Organiza\u00e7\u00f5es, representado pelo docente que estiver respons\u00e1vel pela coordena\u00e7\u00e3o desta linha.<\/li>\n\n\n\n<li>Docente da linha de pesquisa Organiza\u00e7\u00f5es, Poder e Sociedade, representado pelo docente que estiver respons\u00e1vel pela coordena\u00e7\u00e3o desta linha.<\/li>\n\n\n\n<li>Representa\u00e7\u00e3o discente eleita pelo corpo discente do PPGA-UEL.<\/li>\n<\/ul>\n<\/li>\n<\/ul>\n<\/li>\n\n\n\n<li>Disposi\u00e7\u00f5es gerais sobre o processo seletivo para concess\u00e3o ou de cadastro reserva para concess\u00e3o de bolsas de estudo:\n<ul class=\"wp-block-list\">\n<li>Para conceder a bolsa, a Comiss\u00e3o de Bolsas utiliza normas e crit\u00e9rios deliberados pelo \u00f3rg\u00e3o m\u00e1ximo do PPGA-UEL, o colegiado pleno, que considera, para a distribui\u00e7\u00e3o das bolsas, as necessidades das linhas de pesquisa, a dedica\u00e7\u00e3o ao curso, o m\u00e9rito e a condi\u00e7\u00e3o socioecon\u00f4mica dos candidatos.<\/li>\n\n\n\n<li>A oferta de bolsas para as linhas de pesquisa segue o princ\u00edpio de equidade, definida e em fun\u00e7\u00e3o dos saldos hist\u00f3ricos de concess\u00f5es entre as duas linhas de pesquisa e por meio de sistema de compensa\u00e7\u00e3o.<\/li>\n<\/ul>\n<\/li>\n\n\n\n<li>Sobre as condi\u00e7\u00f5es de elegibilidade:\n<ul class=\"wp-block-list\">\n<li>S\u00e3o condi\u00e7\u00f5es de elegibilidade para a concess\u00e3o e manuten\u00e7\u00e3o das bolsas de estudo:\n<ul class=\"wp-block-list\">\n<li>Que o discente tenha, preferencialmente, endere\u00e7o fixo comprovado em conta de luz ou \u00e1gua na Regi\u00e3o Metropolitana de Londrina \u2013 RMLO.\n<ul class=\"wp-block-list\">\n<li>A RMLO foi institu\u00edda pela Lei Complementar Estadual do Paran\u00e1 81\/1998 e leis complementares dos anos seguintes, contando atualmente com 24 munic\u00edpios.<\/li>\n\n\n\n<li>O discente deve morar no endere\u00e7o comprovado ao menos 5 (cinco) dias da semana.<\/li>\n\n\n\n<li>O discente ter\u00e1 60 (sessenta) dias, contados a partir da data de concess\u00e3o da bolsa, para protocolar na Secretaria dos Mestrados do CESA, a comprova\u00e7\u00e3o, que dever\u00e1 ser destinada ao presidente da Comiss\u00e3o de Bolsas.<\/li>\n<\/ul>\n<\/li>\n\n\n\n<li>Que o discente se dedique integralmente ao curso.<\/li>\n\n\n\n<li>Que o discente dedique 4 (quatro) horas semanais \u00e0s atividades de comiss\u00f5es e outras exclusivas do programa.<\/li>\n\n\n\n<li>Que o discente dedique 4 (quatro) horas semanais \u00e0s atividades do grupo de pesquisa ou projeto de pesquisa do orientador.<\/li>\n\n\n\n<li>Que o discente realize est\u00e1gio de doc\u00eancia na gradua\u00e7\u00e3o, conforme decis\u00e3o do orientador e aprova\u00e7\u00e3o da coordena\u00e7\u00e3o do PPGA-UEL.<\/li>\n\n\n\n<li>Que o discente tenha conta no banco oficial exigido pela Institui\u00e7\u00e3o.<\/li>\n\n\n\n<li>Outros requisitos assinalados no Termo de Compromisso.<\/li>\n<\/ul>\n<\/li>\n<\/ul>\n<\/li>\n<\/ol>\n\n\n\n<p>Par\u00e1grafo \u00danico. Perder\u00e1 o direito \u00e0 bolsa o discente que n\u00e3o atender aos itens citados anteriormente ou n\u00e3o cumprir o termo de compromisso do bolsista. O bolsista que n\u00e3o defender a disserta\u00e7\u00e3o dever\u00e1 devolver os valores recebidos junto \u00e0 ag\u00eancia de fomento.<\/p>\n\n\n\n<ol class=\"wp-block-list\" start=\"6\">\n<li>\u00c9 permitido o ac\u00famulo de bolsa com atividade remunerada ou outros rendimentos, com exce\u00e7\u00e3o do ac\u00famulo de bolsas de mestrado, doutorado e p\u00f3s-doutorado com outras bolsas, nacionais ou internacionais, de mesmo n\u00edvel, financiadas com recursos p\u00fablicos federais.\n<ul class=\"wp-block-list\">\n<li>A permiss\u00e3o prevista neste inciso n\u00e3o exime o bolsista de cumprir com suas obriga\u00e7\u00f5es junto ao PPGA e \u00e0 ag\u00eancia, \u00f3rg\u00e3o ou institui\u00e7\u00e3o concedente da bolsa.<\/li>\n\n\n\n<li><strong>A permiss\u00e3o prevista neste inciso fica automaticamente revogada em caso de exig\u00eancia de dedica\u00e7\u00e3o exclusiva, sem ac\u00famulo de bolsa com atividade remunerada ou outros rendimentos, por parte da ag\u00eancia, \u00f3rg\u00e3o ou institui\u00e7\u00e3o concedente.<\/strong><\/li>\n<\/ul>\n<\/li>\n\n\n\n<li>A avalia\u00e7\u00e3o para a sele\u00e7\u00e3o dos bolsistas ser\u00e1 feita segundo os seguintes crit\u00e9rios e pesos:\n<ul class=\"wp-block-list\">\n<li>Dedica\u00e7\u00e3o ao curso, 40%. A dedica\u00e7\u00e3o ao curso ser\u00e1 definida de acordo com os seguintes crit\u00e9rios:\n<ul class=\"wp-block-list\">\n<li>Dedica\u00e7\u00e3o exclusiva, quando a\/o discente se dedicar exclusivamente ao curso, sem ac\u00famulo de atividades remuneradas e outros rendimentos.<\/li>\n\n\n\n<li>Dedica\u00e7\u00e3o parcial concomitante com atividades afins, quando a\/o discente dedicar, ao menos, 20 (vinte) horas semanais ao curso concomitante com outras atividades remuneradas e outros rendimentos cujas naturezas sejam complementares \u00e0 forma\u00e7\u00e3o da\/do discente no Programa.<\/li>\n\n\n\n<li>Dedica\u00e7\u00e3o parcial concomitante com outras atividades, quando a\/o discente dedicar, ao menos, 20 (vinte) horas semanais ao curso concomitante com outras atividades remuneradas e outros rendimentos cujas naturezas n\u00e3o sejam alinhadas ao Programa.<\/li>\n<\/ul>\n<\/li>\n\n\n\n<li>Condi\u00e7\u00e3o socioecon\u00f4mica, 30%. A condi\u00e7\u00e3o socioecon\u00f4mica do candidato ser\u00e1 avaliada com base nos itens apresentados em Anexo pr\u00f3prio disponibilizado no edital.<\/li>\n\n\n\n<li>M\u00e9rito acad\u00eamico, 30%. O m\u00e9rito acad\u00eamico ser\u00e1 definido pela classifica\u00e7\u00e3o geral no processo seletivo para o preenchimento de vagas regulares do curso de mestrado em administra\u00e7\u00e3o.<\/li>\n<\/ul>\n<\/li>\n<\/ol>\n\n\n\n<p>Par\u00e1grafo \u00fanico. \u00c9 de inteira responsabilidade do bolsista manter junto \u00e0 Comiss\u00e3o de Bolsas e \u00e0 Coordena\u00e7\u00e3o informa\u00e7\u00f5es atualizadas sobre altera\u00e7\u00f5es que impactem em sua remunera\u00e7\u00e3o e\/ou outros rendimentos.<\/p>\n","protected":false},"excerpt":{"rendered":"<p>Texto extra\u00eddo do REGIMENTO DO PROGRAMA DE P\u00d3S-GRADUA\u00c7\u00c3O EM ADMINISTRA\u00c7\u00c3O (artigos 127 \u00e0 133) Par\u00e1grafo \u00danico. Perder\u00e1 o direito \u00e0 bolsa o discente que n\u00e3o atender aos itens citados anteriormente ou n\u00e3o cumprir o termo de compromisso do bolsista. O bolsista que n\u00e3o defender a disserta\u00e7\u00e3o dever\u00e1 devolver os valores recebidos junto \u00e0 ag\u00eancia de [&hellip;]<\/p>\n","protected":false},"author":8,"featured_media":0,"parent":0,"menu_order":0,"comment_status":"closed","ping_status":"closed","template":"","meta":{"footnotes":""},"class_list":["post-1201","page","type-page","status-publish","hentry"],"acf":[],"_links":{"self":[{"href":"https:\/\/pos.uel.br\/ppga\/wp-json\/wp\/v2\/pages\/1201","targetHints":{"allow":["GET"]}}],"collection":[{"href":"https:\/\/pos.uel.br\/ppga\/wp-json\/wp\/v2\/pages"}],"about":[{"href":"https:\/\/pos.uel.br\/ppga\/wp-json\/wp\/v2\/types\/page"}],"author":[{"embeddable":true,"href":"https:\/\/pos.uel.br\/ppga\/wp-json\/wp\/v2\/users\/8"}],"replies":[{"embeddable":true,"href":"https:\/\/pos.uel.br\/ppga\/wp-json\/wp\/v2\/comments?post=1201"}],"version-history":[{"count":5,"href":"https:\/\/pos.uel.br\/ppga\/wp-json\/wp\/v2\/pages\/1201\/revisions"}],"predecessor-version":[{"id":1267,"href":"https:\/\/pos.uel.br\/ppga\/wp-json\/wp\/v2\/pages\/1201\/revisions\/1267"}],"wp:attachment":[{"href":"https:\/\/pos.uel.br\/ppga\/wp-json\/wp\/v2\/media?parent=1201"}],"curies":[{"name":"wp","href":"https:\/\/api.w.org\/{rel}","templated":true}]}}