{"id":1188,"date":"2023-12-05T17:20:03","date_gmt":"2023-12-05T20:20:03","guid":{"rendered":"https:\/\/pos.uel.br\/ppga\/?page_id=1188"},"modified":"2025-02-21T14:58:48","modified_gmt":"2025-02-21T17:58:48","slug":"auxilios-para-docentes","status":"publish","type":"page","link":"https:\/\/pos.uel.br\/ppga\/auxilios-para-docentes\/","title":{"rendered":"Aux\u00edlios para Docentes"},"content":{"rendered":"\n<div class=\"wp-block-uel-card\">\n<p>O PPGA possui pol\u00edtica de apoio \u00e0 produ\u00e7\u00e3o docente, conforme disponibilidade or\u00e7ament\u00e1ria e regulada por editais internos espec\u00edficos, nas seguintes categorias:<\/p>\n\n\n\n<ul class=\"wp-block-list\">\n<li>Apoio \u00e0 tradu\u00e7\u00e3o de manuscritos<\/li>\n\n\n\n<li>Apoio ao pagamento de taxas de publica\u00e7\u00e3o de peri\u00f3dicos de alto impacto<\/li>\n\n\n\n<li>Apoio \u00e0 participa\u00e7\u00e3o em eventos nacionais e internacionais<\/li>\n<\/ul>\n<\/div>\n\n\n\n<div class=\"wp-block-uel-card\">\n<h2 class=\"wp-block-heading\">Editais de Apoio Financeiro do PPGA<\/h2>\n\n\n<div class=\"editais-block\"><a class=\"editais-block__item-block\" href=\"https:\/\/pos.uel.br\/ppga\/wp-content\/uploads\/2024\/03\/EDITAL_PPGA_005_2024_-_Chamada_Apoio_a_Publicacao_de_Artigos_assinado.pdf\"><div class=\"editais-block__titulo\"><span>APOIO AO PAGAMENTO DE TAXA DE PUBLICA\u00c7\u00c3O EM PERI\u00d3DICOS<\/span><\/div><div class=\"editais-block__resumo\"><span>A Comiss\u00e3o Coordenadora do Programa de P\u00f3s-Gradua\u00e7\u00e3o em Administra\u00e7\u00e3o, da Universidade Estadual de Londrina-UEL, no uso de suas atribui\u00e7\u00f5es, TORNA P\u00daBLICO \u00e0s\/aos interessados(as) a chamada para apoio ao pagamento de taxa de publica\u00e7\u00e3o em peri\u00f3dicos cient\u00edficos nacionais e internacionais <\/span><\/div><div class=\"editais-block__publicado\"><span>2 anos atr\u00e1s<\/span><\/div><\/a><a class=\"editais-block__item-block\" href=\"https:\/\/pos.uel.br\/ppga\/wp-content\/uploads\/2023\/11\/0162023_Edital_PPGA-UEL_Chamada_Apoio_a_Traducao_assinado.pdf\"><div class=\"editais-block__titulo\"><span>APOIO \u00c0 TRADU\u00c7\u00c3O DE TEXTOS PARA PUBLICA\u00c7\u00c3O EM INGL\u00caS<\/span><\/div><div class=\"editais-block__resumo\"><span>A Comiss\u00e3o Coordenadora do Programa de P\u00f3s-Gradua\u00e7\u00e3o em Administra\u00e7\u00e3o, da Universidade Estadual de Londrina-UEL, no uso de suas atribui\u00e7\u00f5es administrativas, TORNA P\u00daBLICO \u00e0s\/aos interessados as normas e condi\u00e7\u00f5es para submiss\u00e3o de propostas para concess\u00e3o de apoio \u00e0 tradu\u00e7\u00e3o de textos acad\u00eamicos para publica\u00e7\u00e3o em l\u00edngua inglesa <\/span><\/div><div class=\"editais-block__publicado\"><span>2 anos atr\u00e1s<\/span><\/div><\/a><a class=\"editais-block__item-block\" href=\"https:\/\/pos.uel.br\/ppga\/wp-content\/uploads\/2023\/03\/0062023-Edital-PPGA-UEL-Chamada-traduc\u0327a\u0303o.pdf\"><div class=\"editais-block__titulo\"><span>APOIO \u00c0 TRADU\u00c7\u00c3O DE TEXTOS PARA PUBLICA\u00c7\u00c3O EM INGL\u00caS<\/span><\/div><div class=\"editais-block__resumo\"><span>O Edital objetiva auxiliar docentes credenciados no PPGA a acelerar o tempo me\u0301dio necessa\u0301rio para a efetivac\u0327\u00e3o de suas\r\npublicac\u0327\u00f5es em perio\u0301dicos cienti\u0301ficos.<\/span><\/div><div class=\"editais-block__publicado\"><span>3 anos atr\u00e1s<\/span><\/div><\/a><\/div><\/div>\n\n\n\n<div class=\"wp-block-uel-card\">\n<h2 class=\"wp-block-heading\">Montantes disponibilizados<\/h2>\n\n\n\n<figure class=\"wp-block-table is-style-regular\"><table class=\"has-fixed-layout\"><tbody><tr><td><strong>Edital<\/strong><\/td><td><strong>Tipo de Apoio<\/strong><\/td><td class=\"has-text-align-center\" data-align=\"center\"><strong>Montante Total Disponibilizado no Apoio<\/strong><\/td><td class=\"has-text-align-center\" data-align=\"center\"><strong>Vig\u00eancia<\/strong><\/td><\/tr><tr><td><strong><a href=\"https:\/\/pos.uel.br\/ppga\/wp-content\/uploads\/2024\/03\/EDITAL_PPGA_005_2024_-_Chamada_Apoio_a_Publicacao_de_Artigos_assinado.pdf\">EDITAL PPGA 005\/2024<\/a><\/strong><\/td><td>Pagamento de Taxas de Publica\u00e7\u00e3o<\/td><td class=\"has-text-align-center\" data-align=\"center\">R$ 7.500,00<\/td><td class=\"has-text-align-center\" data-align=\"center\">2024<\/td><\/tr><tr><td><a href=\"https:\/\/pos.uel.br\/ppga\/wp-content\/uploads\/2023\/11\/0162023_Edital_PPGA-UEL_Chamada_Apoio_a_Traducao_assinado.pdf\"><strong>EDITAL PPGA 016\/2023<\/strong><\/a><\/td><td>Tradu\u00e7\u00e3o de Manuscritos<\/td><td class=\"has-text-align-center\" data-align=\"center\">R$ 7.000,00<\/td><td class=\"has-text-align-center\" data-align=\"center\">2023\/2024<\/td><\/tr><tr><td><a href=\"https:\/\/pos.uel.br\/ppga\/wp-content\/uploads\/2023\/12\/0062023-Edital-PPGA-UEL-Chamada-traduc%CC%A7a%CC%83o.pdf\"><strong>EDITAL PPGA 006\/2023<\/strong><\/a><\/td><td>Tradu\u00e7\u00e3o de Manuscritos<\/td><td class=\"has-text-align-center\" data-align=\"center\">R$ 10.500,00<\/td><td class=\"has-text-align-center\" data-align=\"center\">2023<\/td><\/tr><\/tbody><\/table><\/figure>\n<\/div>\n","protected":false},"excerpt":{"rendered":"","protected":false},"author":8,"featured_media":0,"parent":0,"menu_order":0,"comment_status":"closed","ping_status":"closed","template":"","meta":{"footnotes":""},"class_list":["post-1188","page","type-page","status-publish","hentry"],"acf":[],"_links":{"self":[{"href":"https:\/\/pos.uel.br\/ppga\/wp-json\/wp\/v2\/pages\/1188","targetHints":{"allow":["GET"]}}],"collection":[{"href":"https:\/\/pos.uel.br\/ppga\/wp-json\/wp\/v2\/pages"}],"about":[{"href":"https:\/\/pos.uel.br\/ppga\/wp-json\/wp\/v2\/types\/page"}],"author":[{"embeddable":true,"href":"https:\/\/pos.uel.br\/ppga\/wp-json\/wp\/v2\/users\/8"}],"replies":[{"embeddable":true,"href":"https:\/\/pos.uel.br\/ppga\/wp-json\/wp\/v2\/comments?post=1188"}],"version-history":[{"count":8,"href":"https:\/\/pos.uel.br\/ppga\/wp-json\/wp\/v2\/pages\/1188\/revisions"}],"predecessor-version":[{"id":1876,"href":"https:\/\/pos.uel.br\/ppga\/wp-json\/wp\/v2\/pages\/1188\/revisions\/1876"}],"wp:attachment":[{"href":"https:\/\/pos.uel.br\/ppga\/wp-json\/wp\/v2\/media?parent=1188"}],"curies":[{"name":"wp","href":"https:\/\/api.w.org\/{rel}","templated":true}]}}