{"id":1114,"date":"2023-12-04T14:27:01","date_gmt":"2023-12-04T17:27:01","guid":{"rendered":"https:\/\/pos.uel.br\/ppga\/?page_id=1114"},"modified":"2025-02-28T19:14:59","modified_gmt":"2025-02-28T22:14:59","slug":"dissertacoes-defendidas-em-2013","status":"publish","type":"page","link":"https:\/\/pos.uel.br\/ppga\/dissertacoes-defendidas-em-2013\/","title":{"rendered":"Disserta\u00e7\u00f5es defendidas em 2013"},"content":{"rendered":"\n<p><a href=\"https:\/\/pos.uel.br\/ppga\/dissertacoes-defendidas\/\">retornar ao \u00edndice de disserta\u00e7\u00f5es defendidas<\/a><\/p>\n\n\n\n<div class=\"wp-block-uel-card\">\n<h4 class=\"wp-block-heading\">13\/09\/2013<\/h4>\n\n\n\n<blockquote class=\"wp-block-quote is-layout-flow wp-block-quote-is-layout-flow\">\n<h6 class=\"wp-block-heading\"><strong>T\u00edtulo:&nbsp;<a href=\"https:\/\/sucupira.capes.gov.br\/sucupira\/public\/consultas\/coleta\/trabalhoConclusao\/viewTrabalhoConclusao.jsf?popup=true&amp;id_trabalho=1296268#\">GASTO P\u00daBLICO AMBIENTAL: UMA AN\u00c1LISE DOS MUNIC\u00cdPIOS PARANAENSES NO PER\u00cdODO DE 2002 A 2011<\/a><\/strong><\/h6>\n\n\n\n<p><strong>Autor:<\/strong>\u00a0WELLINGTON BUENO<br><strong>Banca:<\/strong>\u00a0Dr. BENILSON BORINELLI (orientador) (PPGA-UEL), Dr. JOSE CARLOS DALMAS (UEL), Dra. MARIA DE FATIMA SALES WESTEREN (UEL)<br><strong>Palavras-chave:\u00a0<\/strong>Gest\u00e3o ambiental, Administra\u00e7\u00e3o p\u00fablica, Pol\u00edticas p\u00fablicas &#8211; Aspectos ambientais, Pol\u00edtica ambiental, Meio ambiente &#8211; Aspectos econ\u00f4micos<\/p>\n<\/blockquote>\n<\/div>\n\n\n\n<div class=\"wp-block-uel-card\">\n<h4 class=\"wp-block-heading\">07\/08\/2013<\/h4>\n\n\n\n<blockquote class=\"wp-block-quote is-layout-flow wp-block-quote-is-layout-flow\">\n<h6 class=\"wp-block-heading\"><strong>T\u00edtulo:&nbsp;<a href=\"https:\/\/sucupira.capes.gov.br\/sucupira\/public\/consultas\/coleta\/trabalhoConclusao\/viewTrabalhoConclusao.jsf?popup=true&amp;id_trabalho=107846#\">OS IMPACTOS SOCIAIS E AMBIENTAIS DA INDUSTRIALIZA\u00c7\u00c3O: UM ESTUDO DE CASO NO MUNIC\u00cdPIO DE SAB\u00c1UDIA &#8211; PARAN\u00c1<\/a><\/strong><\/h6>\n\n\n\n<p><strong>Autor:<\/strong>\u00a0PAULO PARDO<br><strong>Banca:<\/strong>\u00a0Dr. PAULO BASSANI (orientador) (PPGA-UEL), Dr. BENILSON BORINELLI (PPGA-UEL), Dra. WANIA REZENDE SILVA (UEM)<br><strong>Palavras-chave:\u00a0<\/strong>Industrializa\u00e7\u00e3o, Impacto social, Impacto ambiental, Objetivos do Mil\u00eanio, Agir municipal<\/p>\n<\/blockquote>\n<\/div>\n\n\n\n<div class=\"wp-block-uel-card\">\n<h4 class=\"wp-block-heading\">29\/07\/2013<\/h4>\n\n\n\n<blockquote class=\"wp-block-quote is-layout-flow wp-block-quote-is-layout-flow\">\n<h6 class=\"wp-block-heading\"><strong>T\u00edtulo:&nbsp;<a href=\"https:\/\/sucupira.capes.gov.br\/sucupira\/public\/consultas\/coleta\/trabalhoConclusao\/viewTrabalhoConclusao.jsf?popup=true&amp;id_trabalho=107848#\">COMPLEXIDADE E ECONOMIA SOLIDARIA: A CONSTRU\u00c7\u00c3O DE NOVAS CONCEP\u00c7\u00d5ES DE PRODU\u00c7AO E SOCIABILIDADE: UM ESTUDO DE CASO DE EMPREENDIMENTO SOLID\u00c1RIO<\/a><\/strong><\/h6>\n\n\n\n<p><strong>Autora:<\/strong>\u00a0EDNA MARTA PELOSI<br><strong>Banca:<\/strong>\u00a0Dr. LUIS MIGUEL LUZIO DOS SANTOS (orientador) (PPGA-UEL), Dra. SONIA REGINA VARGAS MANSANO (PPGA-UEL), Dr. LUIS ARTUR BERNARDES DA ROSA (UEL)<br><strong>Palavras-chave:\u00a0<\/strong>Crise Paradigm\u00e1tica, Novo paradigma de Sociabilidade, Complexidade, Economia Solid\u00e1ria<\/p>\n<\/blockquote>\n<\/div>\n\n\n\n<div class=\"wp-block-uel-card\">\n<h4 class=\"wp-block-heading\">05\/07\/2013<\/h4>\n\n\n\n<blockquote class=\"wp-block-quote is-layout-flow wp-block-quote-is-layout-flow\">\n<h6 class=\"wp-block-heading\"><strong>T\u00edtulo:&nbsp;<a href=\"https:\/\/sucupira.capes.gov.br\/sucupira\/public\/consultas\/coleta\/trabalhoConclusao\/viewTrabalhoConclusao.jsf?popup=true&amp;id_trabalho=107847#\">ESTRAT\u00c9GIA COMO PR\u00c1TICA E SUSTENTABILIDADE: POSS\u00cdVEIS APROXIMA\u00c7\u00d5ES<\/a><\/strong><\/h6>\n\n\n\n<p><strong>Autor:<\/strong>\u00a0MARCOS RUBO<br><strong>Banca:<\/strong>\u00a0Dr. MARIO NEI PACAGNAN (orientador) (PPGA-UEL), Dr. LUIS MIGUEL LUZIO DOS SANTOS (PPGA-UEL), Dr. RONALDO BALTAR (UEL)<br><strong>Palavras-chave:\u00a0<\/strong>Estrat\u00e9gia como pr\u00e1tica, Sustentabilidade, Miss\u00e3o, vis\u00e3o e valores, Teoria da estrutura\u00e7\u00e3o<\/p>\n<\/blockquote>\n<\/div>\n\n\n\n<div class=\"wp-block-uel-card\">\n<h4 class=\"wp-block-heading\">24\/06\/2013<\/h4>\n\n\n\n<blockquote class=\"wp-block-quote is-layout-flow wp-block-quote-is-layout-flow\">\n<h6 class=\"wp-block-heading\"><strong>T\u00edtulo:&nbsp;<a href=\"https:\/\/sucupira.capes.gov.br\/sucupira\/public\/consultas\/coleta\/trabalhoConclusao\/viewTrabalhoConclusao.jsf?popup=true&amp;id_trabalho=107845#\">STAKEHOLDERS E SETOR TUR\u00cdSTICO BRASILEIRO: UMA INVESTIGA\u00c7\u00c3O NA CIDADE DE LONDRINA-PR<\/a><\/strong><\/h6>\n\n\n\n<p><strong>Autor:<\/strong>\u00a0RENATO FABIANO CINTRA<br><strong>Banca:<\/strong>\u00a0Dr. SAULO FABIANO AMANCIO VIEIRA (orientador) (PPGA-UEL), Dr. LUCIANO MUNCK (PPGA-UEL), Dra. ELISA YOSHIE ICHIKAWA (UEM)<br><strong>Palavras-chave:\u00a0<\/strong>Teoria dos Stakeholders, Teoria Neo-Institucional, Institucionalismo Sociol\u00f3gico, Turismo Local, Gove<\/p>\n<\/blockquote>\n<\/div>\n\n\n\n<div class=\"wp-block-uel-card\">\n<h4 class=\"wp-block-heading\">09\/04\/2013<\/h4>\n\n\n\n<blockquote class=\"wp-block-quote is-layout-flow wp-block-quote-is-layout-flow\">\n<h6 class=\"wp-block-heading\"><strong>T\u00edtulo:&nbsp;<a href=\"https:\/\/sucupira.capes.gov.br\/sucupira\/public\/consultas\/coleta\/trabalhoConclusao\/viewTrabalhoConclusao.jsf?popup=true&amp;id_trabalho=126301#\">A PERCEP\u00c7\u00c3O DE IMPEDIMENTO E EMANCIPA\u00c7\u00c3O: UM ESTUDO COM PROFESSORES EM UMA ESCOLA DA REDE P\u00daBLICA ESTADUAL NA CIDADE DE LONDRINA-PR<\/a><\/strong><\/h6>\n\n\n\n<p><strong>Autora:<\/strong>\u00a0VIVIAN CAROLINA JACOB COSTA GAGLIARDI<br><strong>Banca:<\/strong>\u00a0Dr. SAULO FABIANO AMANCIO VIEIRA (orientador) (PPGA-UEL), Dr. BENILSON BORINELLI (PPGA-UEL), Dra. FABIULA MENEGUETE VIDES DA SILVA (<a href=\"https:\/\/portal.ufgd.edu.br\/\">UFGD<\/a>)<br><strong>Palavras-chave:\u00a0<\/strong>Emancipa\u00e7\u00e3o, Impedimento, Professor, Percep\u00e7\u00e3o<\/p>\n<\/blockquote>\n<\/div>\n\n\n\n<div class=\"wp-block-uel-card\">\n<h4 class=\"wp-block-heading\">05\/04\/2013<\/h4>\n\n\n\n<blockquote class=\"wp-block-quote is-layout-flow wp-block-quote-is-layout-flow\">\n<h6 class=\"wp-block-heading\"><strong>T\u00edtulo:\u00a0<a href=\"https:\/\/pos.uel.br\/ppga\/wp-content\/uploads\/2025\/02\/2633.pdf\">ECONOMIA SOLID\u00c1RIA EM LONDRINA: ENTRE OS PRINC\u00cdPIOS E A PR\u00c1XIS<\/a><\/strong><\/h6>\n\n\n\n<p><strong>Autora:<\/strong>\u00a0SIRLEI ROSE MARTOS<br><strong>Banca:<\/strong>\u00a0Dr. LUIS MIGUEL LUZIO DOS SANTOS (orientador) (PPGA-UEL), Dra. SONIA REGINA VARGAS MANSANO (PPGA-UEL), Dr. LUIS ARTUR BERNARDES DA ROSA (UEL)<br><strong>Palavras-chave:\u00a0<\/strong>Economia solid\u00e1ria, Emancipa\u00e7\u00e3o, Pr\u00e1xis vivenciada<\/p>\n<\/blockquote>\n<\/div>\n\n\n\n<div class=\"wp-block-uel-card\">\n<h4 class=\"wp-block-heading\">12\/03\/2013<\/h4>\n\n\n\n<blockquote class=\"wp-block-quote is-layout-flow wp-block-quote-is-layout-flow\">\n<h6 class=\"wp-block-heading\"><strong>T\u00edtulo:&nbsp;<\/strong><a href=\"https:\/\/sucupira.capes.gov.br\/sucupira\/public\/consultas\/coleta\/trabalhoConclusao\/viewTrabalhoConclusao.jsf?popup=true&amp;id_trabalho=107850#\"><strong>VALIDADE DA SUSTENTABILIDADE SOCIAL ENQUANTO UMA COMPET\u00caNCIA ORGANIZACIONAL<\/strong><\/a><\/h6>\n\n\n\n<p><strong>Autora:<\/strong>\u00a0ANA CLAUDIA BANSI<br><strong>Banca:<\/strong>\u00a0Dr.\u00a0LUCIANO MUNCK (orientador) (PPGA-UEL), Dr. MARIO NEI PACAGNAN (PPGA-UEL), Dr. CARLOS ALBERTO CIOCE SAMPAIO (<a href=\"https:\/\/www.furb.br\/pt\">Funda\u00e7\u00e3o Universidade Regional de Blumenau &#8211; FURB<\/a>)<br><strong>Palavras-chave:\u00a0<\/strong>sustentabilidade organizacional; sustentabilidade social; compet\u00eancias organizacionais, validade.<\/p>\n<\/blockquote>\n<\/div>\n\n\n\n<div class=\"wp-block-uel-card\">\n<h4 class=\"wp-block-heading\">25\/01\/2013<\/h4>\n\n\n\n<blockquote class=\"wp-block-quote is-layout-flow wp-block-quote-is-layout-flow\">\n<h6 class=\"wp-block-heading\"><strong>T\u00edtulo:&nbsp;<a href=\"https:\/\/sucupira.capes.gov.br\/sucupira\/public\/consultas\/coleta\/trabalhoConclusao\/viewTrabalhoConclusao.jsf?popup=true&amp;id_trabalho=107849#\">A AN\u00c1LISE DA VALIDADE DA SUSTENTABILIDADE AMBIENTAL ENQUANTO UMA COMPET\u00caNCIA ORGANIZACIONAL<\/a><\/strong><\/h6>\n\n\n\n<p><strong>Autora:<\/strong>\u00a0BARBARA GALLELI DIAS<br><strong>Banca:<\/strong> Dr.\u00a0LUCIANO MUNCK (orientador) (PPGA-UEL), Dra. SONIA REGINA VARGAS MANSANO (PPGA-UEL), Dr. HAMILTON LUIZ CORREA (USP)<br><strong>Palavras-chave:\u00a0<\/strong>Sustentabilidade Ambiental, Compet\u00eancias Organizacionais, Validade<\/p>\n<\/blockquote>\n<\/div>\n","protected":false},"excerpt":{"rendered":"<p>retornar ao \u00edndice de disserta\u00e7\u00f5es defendidas<\/p>\n","protected":false},"author":8,"featured_media":0,"parent":0,"menu_order":0,"comment_status":"closed","ping_status":"closed","template":"","meta":{"footnotes":""},"class_list":["post-1114","page","type-page","status-publish","hentry"],"acf":[],"_links":{"self":[{"href":"https:\/\/pos.uel.br\/ppga\/wp-json\/wp\/v2\/pages\/1114","targetHints":{"allow":["GET"]}}],"collection":[{"href":"https:\/\/pos.uel.br\/ppga\/wp-json\/wp\/v2\/pages"}],"about":[{"href":"https:\/\/pos.uel.br\/ppga\/wp-json\/wp\/v2\/types\/page"}],"author":[{"embeddable":true,"href":"https:\/\/pos.uel.br\/ppga\/wp-json\/wp\/v2\/users\/8"}],"replies":[{"embeddable":true,"href":"https:\/\/pos.uel.br\/ppga\/wp-json\/wp\/v2\/comments?post=1114"}],"version-history":[{"count":16,"href":"https:\/\/pos.uel.br\/ppga\/wp-json\/wp\/v2\/pages\/1114\/revisions"}],"predecessor-version":[{"id":2106,"href":"https:\/\/pos.uel.br\/ppga\/wp-json\/wp\/v2\/pages\/1114\/revisions\/2106"}],"wp:attachment":[{"href":"https:\/\/pos.uel.br\/ppga\/wp-json\/wp\/v2\/media?parent=1114"}],"curies":[{"name":"wp","href":"https:\/\/api.w.org\/{rel}","templated":true}]}}

Dissertações defendidas em 2013

<p><a href="https://pos.uel.br/ppga/dissertacoes-defendidas/">retornar ao índice de dissertações defendidas</a></p>



<div class="wp-block-uel-card">
<h4 class="wp-block-heading">13/09/2013</h4>



<blockquote class="wp-block-quote is-layout-flow wp-block-quote-is-layout-flow">
<h6 class="wp-block-heading"><strong>Título:&nbsp;<a href="https://sucupira.capes.gov.br/sucupira/public/consultas/coleta/trabalhoConclusao/viewTrabalhoConclusao.jsf?popup=true&amp;id_trabalho=1296268#">GASTO PÚBLICO AMBIENTAL: UMA ANÁLISE DOS MUNICÍPIOS PARANAENSES NO PERÍODO DE 2002 A 2011</a></strong></h6>



<p><strong>Autor:</strong> WELLINGTON BUENO<br><strong>Banca:</strong> Dr. BENILSON BORINELLI (orientador) (PPGA-UEL), Dr. JOSE CARLOS DALMAS (UEL), Dra. MARIA DE FATIMA SALES WESTEREN (UEL)<br><strong>Palavras-chave: </strong>Gestão ambiental, Administração pública, Políticas públicas &#8211; Aspectos ambientais, Política ambiental, Meio ambiente &#8211; Aspectos econômicos</p>
</blockquote>
</div>



<div class="wp-block-uel-card">
<h4 class="wp-block-heading">07/08/2013</h4>



<blockquote class="wp-block-quote is-layout-flow wp-block-quote-is-layout-flow">
<h6 class="wp-block-heading"><strong>Título:&nbsp;<a href="https://sucupira.capes.gov.br/sucupira/public/consultas/coleta/trabalhoConclusao/viewTrabalhoConclusao.jsf?popup=true&amp;id_trabalho=107846#">OS IMPACTOS SOCIAIS E AMBIENTAIS DA INDUSTRIALIZAÇÃO: UM ESTUDO DE CASO NO MUNICÍPIO DE SABÁUDIA &#8211; PARANÁ</a></strong></h6>



<p><strong>Autor:</strong> PAULO PARDO<br><strong>Banca:</strong> Dr. PAULO BASSANI (orientador) (PPGA-UEL), Dr. BENILSON BORINELLI (PPGA-UEL), Dra. WANIA REZENDE SILVA (UEM)<br><strong>Palavras-chave: </strong>Industrialização, Impacto social, Impacto ambiental, Objetivos do Milênio, Agir municipal</p>
</blockquote>
</div>



<div class="wp-block-uel-card">
<h4 class="wp-block-heading">29/07/2013</h4>



<blockquote class="wp-block-quote is-layout-flow wp-block-quote-is-layout-flow">
<h6 class="wp-block-heading"><strong>Título:&nbsp;<a href="https://sucupira.capes.gov.br/sucupira/public/consultas/coleta/trabalhoConclusao/viewTrabalhoConclusao.jsf?popup=true&amp;id_trabalho=107848#">COMPLEXIDADE E ECONOMIA SOLIDARIA: A CONSTRUÇÃO DE NOVAS CONCEPÇÕES DE PRODUÇAO E SOCIABILIDADE: UM ESTUDO DE CASO DE EMPREENDIMENTO SOLIDÁRIO</a></strong></h6>



<p><strong>Autora:</strong> EDNA MARTA PELOSI<br><strong>Banca:</strong> Dr. LUIS MIGUEL LUZIO DOS SANTOS (orientador) (PPGA-UEL), Dra. SONIA REGINA VARGAS MANSANO (PPGA-UEL), Dr. LUIS ARTUR BERNARDES DA ROSA (UEL)<br><strong>Palavras-chave: </strong>Crise Paradigmática, Novo paradigma de Sociabilidade, Complexidade, Economia Solidária</p>
</blockquote>
</div>



<div class="wp-block-uel-card">
<h4 class="wp-block-heading">05/07/2013</h4>



<blockquote class="wp-block-quote is-layout-flow wp-block-quote-is-layout-flow">
<h6 class="wp-block-heading"><strong>Título:&nbsp;<a href="https://sucupira.capes.gov.br/sucupira/public/consultas/coleta/trabalhoConclusao/viewTrabalhoConclusao.jsf?popup=true&amp;id_trabalho=107847#">ESTRATÉGIA COMO PRÁTICA E SUSTENTABILIDADE: POSSÍVEIS APROXIMAÇÕES</a></strong></h6>



<p><strong>Autor:</strong> MARCOS RUBO<br><strong>Banca:</strong> Dr. MARIO NEI PACAGNAN (orientador) (PPGA-UEL), Dr. LUIS MIGUEL LUZIO DOS SANTOS (PPGA-UEL), Dr. RONALDO BALTAR (UEL)<br><strong>Palavras-chave: </strong>Estratégia como prática, Sustentabilidade, Missão, visão e valores, Teoria da estruturação</p>
</blockquote>
</div>



<div class="wp-block-uel-card">
<h4 class="wp-block-heading">24/06/2013</h4>



<blockquote class="wp-block-quote is-layout-flow wp-block-quote-is-layout-flow">
<h6 class="wp-block-heading"><strong>Título:&nbsp;<a href="https://sucupira.capes.gov.br/sucupira/public/consultas/coleta/trabalhoConclusao/viewTrabalhoConclusao.jsf?popup=true&amp;id_trabalho=107845#">STAKEHOLDERS E SETOR TURÍSTICO BRASILEIRO: UMA INVESTIGAÇÃO NA CIDADE DE LONDRINA-PR</a></strong></h6>



<p><strong>Autor:</strong> RENATO FABIANO CINTRA<br><strong>Banca:</strong> Dr. SAULO FABIANO AMANCIO VIEIRA (orientador) (PPGA-UEL), Dr. LUCIANO MUNCK (PPGA-UEL), Dra. ELISA YOSHIE ICHIKAWA (UEM)<br><strong>Palavras-chave: </strong>Teoria dos Stakeholders, Teoria Neo-Institucional, Institucionalismo Sociológico, Turismo Local, Gove</p>
</blockquote>
</div>



<div class="wp-block-uel-card">
<h4 class="wp-block-heading">09/04/2013</h4>



<blockquote class="wp-block-quote is-layout-flow wp-block-quote-is-layout-flow">
<h6 class="wp-block-heading"><strong>Título:&nbsp;<a href="https://sucupira.capes.gov.br/sucupira/public/consultas/coleta/trabalhoConclusao/viewTrabalhoConclusao.jsf?popup=true&amp;id_trabalho=126301#">A PERCEPÇÃO DE IMPEDIMENTO E EMANCIPAÇÃO: UM ESTUDO COM PROFESSORES EM UMA ESCOLA DA REDE PÚBLICA ESTADUAL NA CIDADE DE LONDRINA-PR</a></strong></h6>



<p><strong>Autora:</strong> VIVIAN CAROLINA JACOB COSTA GAGLIARDI<br><strong>Banca:</strong> Dr. SAULO FABIANO AMANCIO VIEIRA (orientador) (PPGA-UEL), Dr. BENILSON BORINELLI (PPGA-UEL), Dra. FABIULA MENEGUETE VIDES DA SILVA (<a href="https://portal.ufgd.edu.br/">UFGD</a>)<br><strong>Palavras-chave: </strong>Emancipação, Impedimento, Professor, Percepção</p>
</blockquote>
</div>



<div class="wp-block-uel-card">
<h4 class="wp-block-heading">05/04/2013</h4>



<blockquote class="wp-block-quote is-layout-flow wp-block-quote-is-layout-flow">
<h6 class="wp-block-heading"><strong>Título: <a href="https://pos.uel.br/ppga/wp-content/uploads/2025/02/2633.pdf">ECONOMIA SOLIDÁRIA EM LONDRINA: ENTRE OS PRINCÍPIOS E A PRÁXIS</a></strong></h6>



<p><strong>Autora:</strong> SIRLEI ROSE MARTOS<br><strong>Banca:</strong> Dr. LUIS MIGUEL LUZIO DOS SANTOS (orientador) (PPGA-UEL), Dra. SONIA REGINA VARGAS MANSANO (PPGA-UEL), Dr. LUIS ARTUR BERNARDES DA ROSA (UEL)<br><strong>Palavras-chave: </strong>Economia solidária, Emancipação, Práxis vivenciada</p>
</blockquote>
</div>



<div class="wp-block-uel-card">
<h4 class="wp-block-heading">12/03/2013</h4>



<blockquote class="wp-block-quote is-layout-flow wp-block-quote-is-layout-flow">
<h6 class="wp-block-heading"><strong>Título:&nbsp;</strong><a href="https://sucupira.capes.gov.br/sucupira/public/consultas/coleta/trabalhoConclusao/viewTrabalhoConclusao.jsf?popup=true&amp;id_trabalho=107850#"><strong>VALIDADE DA SUSTENTABILIDADE SOCIAL ENQUANTO UMA COMPETÊNCIA ORGANIZACIONAL</strong></a></h6>



<p><strong>Autora:</strong> ANA CLAUDIA BANSI<br><strong>Banca:</strong> Dr. LUCIANO MUNCK (orientador) (PPGA-UEL), Dr. MARIO NEI PACAGNAN (PPGA-UEL), Dr. CARLOS ALBERTO CIOCE SAMPAIO (<a href="https://www.furb.br/pt">Fundação Universidade Regional de Blumenau &#8211; FURB</a>)<br><strong>Palavras-chave: </strong>sustentabilidade organizacional; sustentabilidade social; competências organizacionais, validade.</p>
</blockquote>
</div>



<div class="wp-block-uel-card">
<h4 class="wp-block-heading">25/01/2013</h4>



<blockquote class="wp-block-quote is-layout-flow wp-block-quote-is-layout-flow">
<h6 class="wp-block-heading"><strong>Título:&nbsp;<a href="https://sucupira.capes.gov.br/sucupira/public/consultas/coleta/trabalhoConclusao/viewTrabalhoConclusao.jsf?popup=true&amp;id_trabalho=107849#">A ANÁLISE DA VALIDADE DA SUSTENTABILIDADE AMBIENTAL ENQUANTO UMA COMPETÊNCIA ORGANIZACIONAL</a></strong></h6>



<p><strong>Autora:</strong> BARBARA GALLELI DIAS<br><strong>Banca:</strong> Dr. LUCIANO MUNCK (orientador) (PPGA-UEL), Dra. SONIA REGINA VARGAS MANSANO (PPGA-UEL), Dr. HAMILTON LUIZ CORREA (USP)<br><strong>Palavras-chave: </strong>Sustentabilidade Ambiental, Competências Organizacionais, Validade</p>
</blockquote>
</div>

<p>retornar ao índice de dissertações defendidas</p>
