{"id":1074,"date":"2023-12-04T11:01:43","date_gmt":"2023-12-04T14:01:43","guid":{"rendered":"https:\/\/pos.uel.br\/ppga\/?page_id=1074"},"modified":"2025-02-28T14:39:53","modified_gmt":"2025-02-28T17:39:53","slug":"dissertacoes-defendidas-em-2012","status":"publish","type":"page","link":"https:\/\/pos.uel.br\/ppga\/dissertacoes-defendidas-em-2012\/","title":{"rendered":"Disserta\u00e7\u00f5es defendidas em 2012"},"content":{"rendered":"\n<p><a href=\"https:\/\/pos.uel.br\/ppga\/dissertacoes-defendidas\/\">retornar ao \u00edndice de disserta\u00e7\u00f5es defendidas<\/a><\/p>\n\n\n\n<div class=\"wp-block-uel-card\">\n<h4 class=\"wp-block-heading\">20\/12\/2012<\/h4>\n\n\n\n<blockquote class=\"wp-block-quote is-layout-flow wp-block-quote-is-layout-flow\">\n<h6 class=\"wp-block-heading\"><strong>T\u00edtulo:&nbsp;<a href=\"https:\/\/pos.uel.br\/ppga\/wp-content\/uploads\/2023\/12\/Carvalho_Ana_CV_Me_2012.pdf\">COMPET\u00caNCIAS VOLTADAS \u00c0 SUSTENTABILIDADE NA GEST\u00c3O INTERMEDI\u00c1RIA: UM ESTUDO DE CASO NA IND\u00daSTRIA ALIMENT\u00cdCIA<\/a><\/strong><\/h6>\n\n\n\n<p><strong>Autora:<\/strong>\u00a0ANA CAROLINA VILELA DE CARVALHO<br><strong>Banca:<\/strong>\u00a0Dr. SILVIO ROBERTO STEFANO (orientador) (PPGA-UEL), Dr. LUCIANO MUNCK (PPGA-UEL), Dr. EMERSON ANTONIO MACCARI (USP)<br><strong>Palavras-chave:\u00a0<\/strong>Sustentabilidade organizacional, Tripple Bottom Line, Compet\u00eancias individuais<\/p>\n<\/blockquote>\n<\/div>\n\n\n\n<div class=\"wp-block-uel-card\">\n<h4 class=\"wp-block-heading\">11\/12\/2012<\/h4>\n\n\n\n<blockquote class=\"wp-block-quote is-layout-flow wp-block-quote-is-layout-flow\">\n<h6 class=\"wp-block-heading\"><strong>T\u00edtulo:&nbsp;<a href=\"https:\/\/pos.uel.br\/ppga\/wp-content\/uploads\/2023\/12\/Goncalves_Dayanne_M_Me_2012.pdf\">AS RELA\u00c7\u00d5ES SOCIAIS PELA G\u00caNESE DE UMA COOPERATIVA DE CATADORES DE RES\u00cdDUOS S\u00d3LIDOS URBANO DO NORTE PARANAENSE SOB A PERSPECTIVA DA IMERS\u00c3O SOCIAL DE GRANOVETTER (2007, 1992, 1973)<\/a><\/strong><\/h6>\n\n\n\n<p><strong>Autora:<\/strong>\u00a0DAYANNE MARCIANE GONCALVES<br><strong>Banca:<\/strong>\u00a0Dr. IVAN DE SOUZA DUTRA (orientador) (PPGA-UEL), Dr. LUIS MIGUEL LUZIO DOS SANTOS (PPGA-UEL), Dr. MAURICIO REINERT DO NASCIMENTO (UEM)<br><strong>Palavras-chave:\u00a0<\/strong>Imers\u00e3o Social, Economia Solid\u00e1ria, Rela\u00e7\u00f5es Sociais<\/p>\n<\/blockquote>\n<\/div>\n\n\n\n<div class=\"wp-block-uel-card\">\n<h4 class=\"wp-block-heading\">27\/11\/2012<\/h4>\n\n\n\n<blockquote class=\"wp-block-quote is-layout-flow wp-block-quote-is-layout-flow\">\n<h6 class=\"wp-block-heading\"><strong>T\u00edtulo:&nbsp;<a href=\"https:\/\/pos.uel.br\/ppga\/wp-content\/uploads\/2023\/12\/Oliveira_Julimari_AB_Me_2012.pdf\">ECONOMIA SOLID\u00c1RIA: UMA ALTERNATIVA A RENDA PARA OS CATADORES DE RES\u00cdDUOS S\u00d3LIDOS DE MARING\u00c1<\/a><\/strong><\/h6>\n\n\n\n<p><strong>Autora:<\/strong>\u00a0JULIMARI APARECIDA BONVECHIO DE OLIVEIRA<br><strong>Banca:<\/strong> Dr.\u00a0LUIS MIGUEL LUZIO DOS SANTOS (orientador) (PPGA-UEL), Dr. BENILSON BORINELLI (PPGA-UEL), Dr. FABIO LANZA (<a href=\"https:\/\/www.uel.br\/grupo-pesquisa\/socreligioes\/\">UEL<\/a>)<br><strong>Palavras-chave:\u00a0<\/strong>Economia Solid\u00e1ria, princ\u00edpios solid\u00e1rios, emancipa\u00e7\u00e3o\/ domina\u00e7\u00e3o<\/p>\n<\/blockquote>\n<\/div>\n\n\n\n<div class=\"wp-block-uel-card\">\n<h4 class=\"wp-block-heading\">29\/06\/2012<\/h4>\n\n\n\n<blockquote class=\"wp-block-quote is-layout-flow wp-block-quote-is-layout-flow\">\n<h6 class=\"wp-block-heading\"><strong>T\u00edtulo:&nbsp;<a href=\"https:\/\/pos.uel.br\/ppga\/wp-content\/uploads\/2023\/12\/Capela_Mauro_GM_Me_2012.pdf\">RELA\u00c7\u00d5ES DE PODER E REGULA\u00c7\u00c3O AMBIENTAL: UM ESTUDO DA KLABIN-PR (1970-2002)<\/a><\/strong><\/h6>\n\n\n\n<p><strong>Autor:<\/strong>\u00a0MAURO GUILHERME MAIDANA CAPELARI<br><strong>Banca:<\/strong>\u00a0Dr. BENILSON BORINELLI (orientador) (PPGA-UEL), Dr.\u00a0LUIS MIGUEL LUZIO DOS SANTOS (PPGA-UEL), Dr. ERNI JOSE SEIBEL (<a href=\"https:\/\/cfh.ufsc.br\/2022\/02\/nota-de-pesar-erni-jose-seibel\/\">UFSC<\/a>)<br><strong>Palavras-chave:\u00a0<\/strong>Gest\u00e3o ambiental, Ind\u00fastria do papel, Aspectos ambientais, Licen\u00e7as ambientais, Pol\u00edtica ambiental<\/p>\n<\/blockquote>\n<\/div>\n\n\n\n<div class=\"wp-block-uel-card\">\n<h4 class=\"wp-block-heading\">02\/04\/2012<\/h4>\n\n\n\n<blockquote class=\"wp-block-quote is-layout-flow wp-block-quote-is-layout-flow\">\n<h6 class=\"wp-block-heading\"><strong>T\u00edtulo:&nbsp;<a href=\"https:\/\/pos.uel.br\/ppga\/wp-content\/uploads\/2023\/12\/Oliveira_Bernardo_CSCM_Me_2012.pdf\">CONSUMO SUSTENT\u00c1VEL, O DILEMA AMBIENTAL E DESENVOLVIMENTO SUSTENT\u00c1VEL: UM ESTUDO COM PROFISSIONAIS DE COMUNICA\u00c7\u00c3O E MARKETING DE LONDRINA &#8211; PR<\/a><\/strong><\/h6>\n\n\n\n<p><strong>Autor:<\/strong>\u00a0BERNARDO CARLOS SPAULONCI CHIACHIA MATOS DE OLIVEIRA<br><strong>Banca:<\/strong> Dr.\u00a0LUIS MIGUEL LUZIO DOS SANTOS (orientador) (PPGA-UEL), Dr. BENILSON BORINELLI (PPGA-UEL), Dr. FABIO VIZEU FERREIRA (Universidade Positivo &#8211; UP)<br><strong>Palavras-chave:\u00a0<\/strong>Comportamento do consumidor, Consumo (Economia), Aspectos ambientais, Desenvolvimento sustent\u00e1vel, Sociedade de consumo &#8211; Percep\u00e7\u00e3o temporal<\/p>\n<\/blockquote>\n<\/div>\n\n\n\n<div class=\"wp-block-uel-card\">\n<h4 class=\"wp-block-heading\">24\/02\/2012<\/h4>\n\n\n\n<blockquote class=\"wp-block-quote is-layout-flow wp-block-quote-is-layout-flow\">\n<h6 class=\"wp-block-heading\"><strong>T\u00edtulo:&nbsp;<a href=\"https:\/\/pos.uel.br\/ppga\/wp-content\/uploads\/2023\/12\/Santos_Livia_M_Me_2012.pdf\">O IMPACTO SOBRE CIRCULA\u00c7\u00c3O DE MERCADORIAS E SERVI\u00c7OS ECOL\u00d3GICO NA REGI\u00c3O DE LONDRINA: RESULTADOS, LIMITES E AVAN\u00c7OS<\/a><\/strong><\/h6>\n\n\n\n<p><strong>Autora:<\/strong>\u00a0LIVIA MARIA DOS SANTOS<br><strong>Banca:<\/strong>\u00a0Dr. BENILSON BORINELLI (orientador) (PPGA-UEL), Dr. LUIS MIGUEL LUZIO DOS SANTOS (PPGA-UEL), Dra. IRENE DOMENES ZAPPAROLI (UEL)<br><strong>Palavras-chave:\u00a0<\/strong>Economia ambiental, Gest\u00e3o ambiental, Pol\u00edtica ambiental, Desenvolvimento econ\u00f4mico &#8211; Aspectos ambientais<\/p>\n<\/blockquote>\n<\/div>\n\n\n\n<div class=\"wp-block-uel-card\">\n<h4 class=\"wp-block-heading\">31\/01\/2012<\/h4>\n\n\n\n<blockquote class=\"wp-block-quote is-layout-flow wp-block-quote-is-layout-flow\">\n<h6 class=\"wp-block-heading\"><strong>T\u00edtulo:&nbsp;<a href=\"https:\/\/pos.uel.br\/ppga\/wp-content\/uploads\/2023\/12\/Oliveira_Flavio_AC_Me_2012.pdf\">ECOEFICI\u00caNCIA: COMPET\u00caNCIA PARA A SUSTENTABILIDADE ORGANIZACIONAL: UM ESTUDO DE CASO NA IND\u00daSTRIA DE ACUMULADORES DE ENERGIA<\/a><\/strong><\/h6>\n\n\n\n<p><strong>Autor:<\/strong>\u00a0FLAVIO AUGUSTO CELLA DE OLIVEIRA<br><strong>Banca:<\/strong>\u00a0Dr. LUCIANO MUNCK (orientador) (PPGA-UEL), Dra. LILIAN MARA ALIGLERI (UEL), Dr. CHARBEL JOSE CHIAPPETTA JABBOUR (USP)<br><strong>Palavras-chave:\u00a0<\/strong>Empresas &#8211; Aspectos ambientais, Compet\u00eancia e desempenho, Teoria da organiza\u00e7\u00e3o, Acumuladores &#8211; Ind\u00fastria, Gest\u00e3o ambiental<\/p>\n<\/blockquote>\n<\/div>\n\n\n\n<div class=\"wp-block-uel-card\">\n<h4 class=\"wp-block-heading\">31\/01\/2012<\/h4>\n\n\n\n<blockquote class=\"wp-block-quote is-layout-flow wp-block-quote-is-layout-flow\">\n<h6 class=\"wp-block-heading\"><strong>T\u00edtulo:&nbsp;<a href=\"https:\/\/pos.uel.br\/ppga\/wp-content\/uploads\/2023\/12\/Batistella_Morgana_LMO_Me_2012.pdf\">PROCESSOS COMUNICACIONAIS E SUSTENTABILIDADE NA CIA. ALFA DE ALIMENTOS<\/a><\/strong><\/h6>\n\n\n\n<p><strong>Autora:<\/strong>\u00a0MORGANA LEMOS MONTEIRO DE OLIVEIRA BATISTELLA<br><strong>Banca:<\/strong>\u00a0Dra. MARLENE REGINA MARCHIORI (orientadora) (PPGA-UEL), Dr. BENILSON BORINELLI (PPGA-UEL), Dr. FABIO VIZEU FERREIRA (Universidade Positivo &#8211; UP)<br><strong>Palavras-chave:\u00a0<\/strong>Comunica\u00e7\u00e3o nas organiza\u00e7\u00f5es, Empresas &#8211; Aspectos ambientais, Desenvolvimento sustent\u00e1vel, Gest\u00e3o ambiental<\/p>\n<\/blockquote>\n<\/div>\n","protected":false},"excerpt":{"rendered":"<p>retornar ao \u00edndice de disserta\u00e7\u00f5es defendidas<\/p>\n","protected":false},"author":8,"featured_media":0,"parent":0,"menu_order":0,"comment_status":"closed","ping_status":"closed","template":"","meta":{"footnotes":""},"class_list":["post-1074","page","type-page","status-publish","hentry"],"acf":[],"_links":{"self":[{"href":"https:\/\/pos.uel.br\/ppga\/wp-json\/wp\/v2\/pages\/1074","targetHints":{"allow":["GET"]}}],"collection":[{"href":"https:\/\/pos.uel.br\/ppga\/wp-json\/wp\/v2\/pages"}],"about":[{"href":"https:\/\/pos.uel.br\/ppga\/wp-json\/wp\/v2\/types\/page"}],"author":[{"embeddable":true,"href":"https:\/\/pos.uel.br\/ppga\/wp-json\/wp\/v2\/users\/8"}],"replies":[{"embeddable":true,"href":"https:\/\/pos.uel.br\/ppga\/wp-json\/wp\/v2\/comments?post=1074"}],"version-history":[{"count":17,"href":"https:\/\/pos.uel.br\/ppga\/wp-json\/wp\/v2\/pages\/1074\/revisions"}],"predecessor-version":[{"id":2016,"href":"https:\/\/pos.uel.br\/ppga\/wp-json\/wp\/v2\/pages\/1074\/revisions\/2016"}],"wp:attachment":[{"href":"https:\/\/pos.uel.br\/ppga\/wp-json\/wp\/v2\/media?parent=1074"}],"curies":[{"name":"wp","href":"https:\/\/api.w.org\/{rel}","templated":true}]}}

Dissertações defendidas em 2012

<p><a href="https://pos.uel.br/ppga/dissertacoes-defendidas/">retornar ao índice de dissertações defendidas</a></p>



<div class="wp-block-uel-card">
<h4 class="wp-block-heading">20/12/2012</h4>



<blockquote class="wp-block-quote is-layout-flow wp-block-quote-is-layout-flow">
<h6 class="wp-block-heading"><strong>Título:&nbsp;<a href="https://pos.uel.br/ppga/wp-content/uploads/2023/12/Carvalho_Ana_CV_Me_2012.pdf">COMPETÊNCIAS VOLTADAS À SUSTENTABILIDADE NA GESTÃO INTERMEDIÁRIA: UM ESTUDO DE CASO NA INDÚSTRIA ALIMENTÍCIA</a></strong></h6>



<p><strong>Autora:</strong> ANA CAROLINA VILELA DE CARVALHO<br><strong>Banca:</strong> Dr. SILVIO ROBERTO STEFANO (orientador) (PPGA-UEL), Dr. LUCIANO MUNCK (PPGA-UEL), Dr. EMERSON ANTONIO MACCARI (USP)<br><strong>Palavras-chave: </strong>Sustentabilidade organizacional, Tripple Bottom Line, Competências individuais</p>
</blockquote>
</div>



<div class="wp-block-uel-card">
<h4 class="wp-block-heading">11/12/2012</h4>



<blockquote class="wp-block-quote is-layout-flow wp-block-quote-is-layout-flow">
<h6 class="wp-block-heading"><strong>Título:&nbsp;<a href="https://pos.uel.br/ppga/wp-content/uploads/2023/12/Goncalves_Dayanne_M_Me_2012.pdf">AS RELAÇÕES SOCIAIS PELA GÊNESE DE UMA COOPERATIVA DE CATADORES DE RESÍDUOS SÓLIDOS URBANO DO NORTE PARANAENSE SOB A PERSPECTIVA DA IMERSÃO SOCIAL DE GRANOVETTER (2007, 1992, 1973)</a></strong></h6>



<p><strong>Autora:</strong> DAYANNE MARCIANE GONCALVES<br><strong>Banca:</strong> Dr. IVAN DE SOUZA DUTRA (orientador) (PPGA-UEL), Dr. LUIS MIGUEL LUZIO DOS SANTOS (PPGA-UEL), Dr. MAURICIO REINERT DO NASCIMENTO (UEM)<br><strong>Palavras-chave: </strong>Imersão Social, Economia Solidária, Relações Sociais</p>
</blockquote>
</div>



<div class="wp-block-uel-card">
<h4 class="wp-block-heading">27/11/2012</h4>



<blockquote class="wp-block-quote is-layout-flow wp-block-quote-is-layout-flow">
<h6 class="wp-block-heading"><strong>Título:&nbsp;<a href="https://pos.uel.br/ppga/wp-content/uploads/2023/12/Oliveira_Julimari_AB_Me_2012.pdf">ECONOMIA SOLIDÁRIA: UMA ALTERNATIVA A RENDA PARA OS CATADORES DE RESÍDUOS SÓLIDOS DE MARINGÁ</a></strong></h6>



<p><strong>Autora:</strong> JULIMARI APARECIDA BONVECHIO DE OLIVEIRA<br><strong>Banca:</strong> Dr. LUIS MIGUEL LUZIO DOS SANTOS (orientador) (PPGA-UEL), Dr. BENILSON BORINELLI (PPGA-UEL), Dr. FABIO LANZA (<a href="https://www.uel.br/grupo-pesquisa/socreligioes/">UEL</a>)<br><strong>Palavras-chave: </strong>Economia Solidária, princípios solidários, emancipação/ dominação</p>
</blockquote>
</div>



<div class="wp-block-uel-card">
<h4 class="wp-block-heading">29/06/2012</h4>



<blockquote class="wp-block-quote is-layout-flow wp-block-quote-is-layout-flow">
<h6 class="wp-block-heading"><strong>Título:&nbsp;<a href="https://pos.uel.br/ppga/wp-content/uploads/2023/12/Capela_Mauro_GM_Me_2012.pdf">RELAÇÕES DE PODER E REGULAÇÃO AMBIENTAL: UM ESTUDO DA KLABIN-PR (1970-2002)</a></strong></h6>



<p><strong>Autor:</strong> MAURO GUILHERME MAIDANA CAPELARI<br><strong>Banca:</strong> Dr. BENILSON BORINELLI (orientador) (PPGA-UEL), Dr. LUIS MIGUEL LUZIO DOS SANTOS (PPGA-UEL), Dr. ERNI JOSE SEIBEL (<a href="https://cfh.ufsc.br/2022/02/nota-de-pesar-erni-jose-seibel/">UFSC</a>)<br><strong>Palavras-chave: </strong>Gestão ambiental, Indústria do papel, Aspectos ambientais, Licenças ambientais, Política ambiental</p>
</blockquote>
</div>



<div class="wp-block-uel-card">
<h4 class="wp-block-heading">02/04/2012</h4>



<blockquote class="wp-block-quote is-layout-flow wp-block-quote-is-layout-flow">
<h6 class="wp-block-heading"><strong>Título:&nbsp;<a href="https://pos.uel.br/ppga/wp-content/uploads/2023/12/Oliveira_Bernardo_CSCM_Me_2012.pdf">CONSUMO SUSTENTÁVEL, O DILEMA AMBIENTAL E DESENVOLVIMENTO SUSTENTÁVEL: UM ESTUDO COM PROFISSIONAIS DE COMUNICAÇÃO E MARKETING DE LONDRINA &#8211; PR</a></strong></h6>



<p><strong>Autor:</strong> BERNARDO CARLOS SPAULONCI CHIACHIA MATOS DE OLIVEIRA<br><strong>Banca:</strong> Dr. LUIS MIGUEL LUZIO DOS SANTOS (orientador) (PPGA-UEL), Dr. BENILSON BORINELLI (PPGA-UEL), Dr. FABIO VIZEU FERREIRA (Universidade Positivo &#8211; UP)<br><strong>Palavras-chave: </strong>Comportamento do consumidor, Consumo (Economia), Aspectos ambientais, Desenvolvimento sustentável, Sociedade de consumo &#8211; Percepção temporal</p>
</blockquote>
</div>



<div class="wp-block-uel-card">
<h4 class="wp-block-heading">24/02/2012</h4>



<blockquote class="wp-block-quote is-layout-flow wp-block-quote-is-layout-flow">
<h6 class="wp-block-heading"><strong>Título:&nbsp;<a href="https://pos.uel.br/ppga/wp-content/uploads/2023/12/Santos_Livia_M_Me_2012.pdf">O IMPACTO SOBRE CIRCULAÇÃO DE MERCADORIAS E SERVIÇOS ECOLÓGICO NA REGIÃO DE LONDRINA: RESULTADOS, LIMITES E AVANÇOS</a></strong></h6>



<p><strong>Autora:</strong> LIVIA MARIA DOS SANTOS<br><strong>Banca:</strong> Dr. BENILSON BORINELLI (orientador) (PPGA-UEL), Dr. LUIS MIGUEL LUZIO DOS SANTOS (PPGA-UEL), Dra. IRENE DOMENES ZAPPAROLI (UEL)<br><strong>Palavras-chave: </strong>Economia ambiental, Gestão ambiental, Política ambiental, Desenvolvimento econômico &#8211; Aspectos ambientais</p>
</blockquote>
</div>



<div class="wp-block-uel-card">
<h4 class="wp-block-heading">31/01/2012</h4>



<blockquote class="wp-block-quote is-layout-flow wp-block-quote-is-layout-flow">
<h6 class="wp-block-heading"><strong>Título:&nbsp;<a href="https://pos.uel.br/ppga/wp-content/uploads/2023/12/Oliveira_Flavio_AC_Me_2012.pdf">ECOEFICIÊNCIA: COMPETÊNCIA PARA A SUSTENTABILIDADE ORGANIZACIONAL: UM ESTUDO DE CASO NA INDÚSTRIA DE ACUMULADORES DE ENERGIA</a></strong></h6>



<p><strong>Autor:</strong> FLAVIO AUGUSTO CELLA DE OLIVEIRA<br><strong>Banca:</strong> Dr. LUCIANO MUNCK (orientador) (PPGA-UEL), Dra. LILIAN MARA ALIGLERI (UEL), Dr. CHARBEL JOSE CHIAPPETTA JABBOUR (USP)<br><strong>Palavras-chave: </strong>Empresas &#8211; Aspectos ambientais, Competência e desempenho, Teoria da organização, Acumuladores &#8211; Indústria, Gestão ambiental</p>
</blockquote>
</div>



<div class="wp-block-uel-card">
<h4 class="wp-block-heading">31/01/2012</h4>



<blockquote class="wp-block-quote is-layout-flow wp-block-quote-is-layout-flow">
<h6 class="wp-block-heading"><strong>Título:&nbsp;<a href="https://pos.uel.br/ppga/wp-content/uploads/2023/12/Batistella_Morgana_LMO_Me_2012.pdf">PROCESSOS COMUNICACIONAIS E SUSTENTABILIDADE NA CIA. ALFA DE ALIMENTOS</a></strong></h6>



<p><strong>Autora:</strong> MORGANA LEMOS MONTEIRO DE OLIVEIRA BATISTELLA<br><strong>Banca:</strong> Dra. MARLENE REGINA MARCHIORI (orientadora) (PPGA-UEL), Dr. BENILSON BORINELLI (PPGA-UEL), Dr. FABIO VIZEU FERREIRA (Universidade Positivo &#8211; UP)<br><strong>Palavras-chave: </strong>Comunicação nas organizações, Empresas &#8211; Aspectos ambientais, Desenvolvimento sustentável, Gestão ambiental</p>
</blockquote>
</div>

<p>retornar ao índice de dissertações defendidas</p>
