{"id":837,"date":"2022-06-27T20:21:36","date_gmt":"2022-06-27T23:21:36","guid":{"rendered":"https:\/\/pos.uel.br\/ppenf\/?page_id=837"},"modified":"2025-06-18T07:26:38","modified_gmt":"2025-06-18T10:26:38","slug":"orientacoes-seminarios-doutorado","status":"publish","type":"page","link":"https:\/\/pos.uel.br\/ppenf\/orientacoes-seminarios-doutorado\/","title":{"rendered":"Orienta\u00e7\u00f5es Semin\u00e1rios Doutorado"},"content":{"rendered":"\n<p class=\"has-medium-font-size\">No documento abaixo constam as orienta\u00e7\u00f5es para a apresenta\u00e7\u00e3o dos Semin\u00e1rios Avan\u00e7ados em Pesquisa I, II, III, IV, V e VI.<\/p>\n\n\n\n<div class=\"wp-block-buttons is-layout-flex wp-block-buttons-is-layout-flex\">\n<div class=\"wp-block-button\"><a class=\"wp-block-button__link wp-element-button\">Clique Aqui<\/a><\/div>\n<\/div>\n\n\n\n<div data-wp-interactive=\"core\/file\" class=\"wp-block-file\"><object data-wp-bind--hidden=\"!state.hasPdfPreview\" hidden class=\"wp-block-file__embed\" data=\"https:\/\/pos.uel.br\/ppenf\/wp-content\/uploads\/2025\/06\/Quadro_SEMINARIOS-AVANCADOS_D_Roteiro-Apesentacao-I_II_III_IV_V-1.pdf\" type=\"application\/pdf\" style=\"width:100%;height:600px\" aria-label=\"Incorporado de Quadro_SEMIN\u00c1RIOS AVAN\u00c7ADOS_D_Roteiro Apesenta\u00e7\u00e3o I_II_III_IV_V (1).\"><\/object><a id=\"wp-block-file--media-ac8c0901-a663-4b45-bb01-b87d8d85963a\" href=\"https:\/\/pos.uel.br\/ppenf\/wp-content\/uploads\/2025\/06\/Quadro_SEMINARIOS-AVANCADOS_D_Roteiro-Apesentacao-I_II_III_IV_V-1.pdf\">Quadro_SEMIN\u00c1RIOS AVAN\u00c7ADOS_D_Roteiro Apesenta\u00e7\u00e3o I_II_III_IV_V (1)<\/a><a href=\"https:\/\/pos.uel.br\/ppenf\/wp-content\/uploads\/2025\/06\/Quadro_SEMINARIOS-AVANCADOS_D_Roteiro-Apesentacao-I_II_III_IV_V-1.pdf\" class=\"wp-block-file__button wp-element-button\" download aria-describedby=\"wp-block-file--media-ac8c0901-a663-4b45-bb01-b87d8d85963a\">Baixar<\/a><\/div>\n","protected":false},"excerpt":{"rendered":"<p>No documento abaixo constam as orienta\u00e7\u00f5es para a apresenta\u00e7\u00e3o dos Semin\u00e1rios Avan\u00e7ados em Pesquisa I, II, III, IV, V e VI.<\/p>\n","protected":false},"author":1,"featured_media":0,"parent":0,"menu_order":0,"comment_status":"closed","ping_status":"closed","template":"","meta":{"_acf_changed":false,"footnotes":""},"class_list":["post-837","page","type-page","status-publish","hentry"],"acf":[],"_links":{"self":[{"href":"https:\/\/pos.uel.br\/ppenf\/wp-json\/wp\/v2\/pages\/837","targetHints":{"allow":["GET"]}}],"collection":[{"href":"https:\/\/pos.uel.br\/ppenf\/wp-json\/wp\/v2\/pages"}],"about":[{"href":"https:\/\/pos.uel.br\/ppenf\/wp-json\/wp\/v2\/types\/page"}],"author":[{"embeddable":true,"href":"https:\/\/pos.uel.br\/ppenf\/wp-json\/wp\/v2\/users\/1"}],"replies":[{"embeddable":true,"href":"https:\/\/pos.uel.br\/ppenf\/wp-json\/wp\/v2\/comments?post=837"}],"version-history":[{"count":4,"href":"https:\/\/pos.uel.br\/ppenf\/wp-json\/wp\/v2\/pages\/837\/revisions"}],"predecessor-version":[{"id":2983,"href":"https:\/\/pos.uel.br\/ppenf\/wp-json\/wp\/v2\/pages\/837\/revisions\/2983"}],"wp:attachment":[{"href":"https:\/\/pos.uel.br\/ppenf\/wp-json\/wp\/v2\/media?parent=837"}],"curies":[{"name":"wp","href":"https:\/\/api.w.org\/{rel}","templated":true}]}}