{"id":1529,"date":"2022-07-21T15:25:52","date_gmt":"2022-07-21T18:25:52","guid":{"rendered":"https:\/\/pos.uel.br\/ppenf\/?page_id=1529"},"modified":"2022-07-21T15:27:31","modified_gmt":"2022-07-21T18:27:31","slug":"destaques","status":"publish","type":"page","link":"https:\/\/pos.uel.br\/ppenf\/destaques\/","title":{"rendered":"Destaques"},"content":{"rendered":"\n<h4 class=\"has-primary-accent-color has-text-color has-medium-font-size wp-block-heading\">PREMIA\u00c7\u00c3O<\/h4>\n\n\n\n<p class=\"has-text-align-center\"><strong>Egresso Destaque<\/strong><\/p>\n\n\n\n<p class=\"has-text-align-center\">Dr. Leonel Alves do Nascimento<br>Enfermeiro do Hospital Zona Norte de Londrina e s\u00f3cio da startup Oazo<\/p>\n\n\n\n<p>Leonel defendeu sua tese intitulada: <strong>&#8220;Elabora\u00e7\u00e3o e valida\u00e7\u00e3o da proposi\u00e7\u00e3o do diagn\u00f3stico de enfermagem sede perioperat\u00f3ria&#8221;<\/strong> sob orienta\u00e7\u00e3o da Profa. Dra. L\u00edgia Fahl Fonseca. Sua tese foi indicada ao pr\u00eamio do Conselho Regional de Enfermagem do Paran\u00e1 (COREN-PR), na categoria: <strong>&#8220;Pr\u00eamio Inova\u00e7\u00e3o e Criatividade de Enfermagem do Paran\u00e1&#8221;.<\/strong><\/p>\n\n\n<div class=\"wp-block-image\">\n<figure class=\"aligncenter size-large is-resized\"><img loading=\"lazy\" decoding=\"async\" src=\"https:\/\/pos.uel.br\/ppenf\/wp-content\/uploads\/2022\/06\/WhatsApp-Image-2022-06-24-at-13.01.36-1024x784.jpeg\" alt=\"\" class=\"wp-image-679\" width=\"268\" height=\"203\"\/><\/figure>\n<\/div>\n\n\n\n\n<hr class=\"wp-block-separator has-alpha-channel-opacity is-style-wide\"\/>\n\n\n\n<h4 class=\"is-style-highlighted-heading wp-block-heading\">50 ANOS DO CURSO DE ENFERMAGEM<\/h4>\n\n\n\n<div class=\"wp-block-media-text alignwide is-stacked-on-mobile\" style=\"grid-template-columns:34% auto\"><figure class=\"wp-block-media-text__media\"><img loading=\"lazy\" decoding=\"async\" width=\"1024\" height=\"1024\" src=\"https:\/\/pos.uel.br\/ppenf\/wp-content\/uploads\/2022\/07\/d1700312-2c36-4f22-858d-5451a9e0b5ec-1024x1024.jpg\" alt=\"\" class=\"wp-image-1523 size-full\" srcset=\"https:\/\/pos.uel.br\/ppenf\/wp-content\/uploads\/2022\/07\/d1700312-2c36-4f22-858d-5451a9e0b5ec.jpg 1024w, https:\/\/pos.uel.br\/ppenf\/wp-content\/uploads\/2022\/07\/d1700312-2c36-4f22-858d-5451a9e0b5ec-300x300.jpg 300w, https:\/\/pos.uel.br\/ppenf\/wp-content\/uploads\/2022\/07\/d1700312-2c36-4f22-858d-5451a9e0b5ec-150x150.jpg 150w, https:\/\/pos.uel.br\/ppenf\/wp-content\/uploads\/2022\/07\/d1700312-2c36-4f22-858d-5451a9e0b5ec-768x768.jpg 768w\" sizes=\"auto, (max-width: 1024px) 100vw, 1024px\" \/><\/figure><div class=\"wp-block-media-text__content\">\n<p class=\"has-text-align-center\">Ocorreu no dia 13 de maio de 2022 a comemora\u00e7\u00e3o dos 50 anos do curso de Enfermagem da Universidade Estadual de Londrina (UEL). <\/p>\n\n\n\n<p class=\"has-text-align-center\">O evento aconteceu no Cine Teatro Ouro Verde na cidade de Londrina.<\/p>\n\n\n\n<p class=\"has-text-align-center\">A homenagem retratada em v\u00eddeo conta a hist\u00f3ria do curso de Enfermagem da UEL, denominado:<\/p>\n\n\n\n<p class=\"has-text-align-center has-medium-font-size\"> <strong>Quem \u00e9 voc\u00ea?<\/strong> <\/p>\n\n\n\n<p class=\"has-text-align-center\">Confira a homenagem abaixo:<\/p>\n\n\n\n<div class=\"wp-block-buttons alignwide is-content-justification-center is-layout-flex wp-container-core-buttons-is-layout-16018d1d wp-block-buttons-is-layout-flex\">\n<div class=\"wp-block-button\"><a class=\"wp-block-button__link has-secondary-accent-color has-text-color has-background\" href=\"https:\/\/www.youtube.com\/watch?v=lqiJrsSJbKo\" style=\"background:linear-gradient(135deg,rgb(202,248,128) 42%,rgb(113,206,126) 100%)\"><strong>Acesse aqui o v\u00eddeo na \u00edntegra<\/strong><\/a><\/div>\n<\/div>\n<\/div><\/div>\n\n\n\n<p class=\"has-text-align-center\">Desde 1972, o curso de Enfermagem da UEL j\u00e1 formou 2.316 alunos de gradua\u00e7\u00e3o, 432 residentes e especialistas em 9 \u00e1reas, sendo os Cursos de Especializa\u00e7\u00e3o Lato Sensu em Sa\u00fade Mental, Enfermagem em Centro Cir\u00fargico e Tratamento de Feridas. Desde 2010, j\u00e1 titulou 203 Mestres e Doutores em Enfermagem. Possui 8 ligas acad\u00eamicas, 13 Grupos de pesquisa cadastrados no CNPQ, al\u00e9m de diversas publica\u00e7\u00f5es por meio artigos, livros, palestras, cursos e participa\u00e7\u00f5es em eventos cient\u00edficos os quais resultaram em premia\u00e7\u00f5es em diversas \u00e1reas da sa\u00fade. Foi considerada refer\u00eancia pela Implanta\u00e7\u00e3o de seu Curr\u00edculo Integrado no ano de 2000. Det\u00e9m o selo do Sistema de Acredita\u00e7\u00e3o Regional de Cursos de Gradua\u00e7\u00e3o do Mercosul (ARCU-SUL), que garante o n\u00edvel acad\u00eamico e cient\u00edfico de cursos universit\u00e1rios.<\/p>\n\n\n\n<p>O curso de Enfermagem da UEL, tem o compromisso de formar profissionais com amor e excel\u00eancia, capacitados para atuar nas mais diversas \u00e1reas da sa\u00fade.<\/p>\n\n\n\n<hr class=\"wp-block-separator has-alpha-channel-opacity is-style-wide\"\/>\n\n\n\n<h4 class=\"is-style-highlighted-heading wp-block-heading\">PREMIA\u00c7\u00c3O<\/h4>\n\n\n\n<p class=\"has-text-align-center\"><strong>Egresso Destaque<\/strong><\/p>\n\n\n\n<p class=\"has-text-align-center\">Dra. VIvian Biazon El Reda Feij\u00f3 <\/p>\n\n\n\n<p class=\"has-text-align-center\">Superintendente do HU-UEL<\/p>\n\n\n\n<p class=\"has-text-align-center\"><strong>Ganhadora da premia\u00e7\u00e3o realizada pelo COREN-PR, na categoria: &#8220;Pr\u00eamio Inova\u00e7\u00e3o e Criatividade da Enfermagem do Paran\u00e1&#8221;<\/strong><\/p>\n\n\n\n<p>Vivian \u00e9 enfermeira, superintendente do Hospital Universit\u00e1rio de Londrina (HU) e egressa do Programa de P\u00f3s- Gradua\u00e7\u00e3o em Enfermagem da UEL (PPGENF-UEL), na qual, defendeu a tese intitulada:<strong> \u201cImplanta\u00e7\u00e3o do N\u00facleo Interno de Regula\u00e7\u00e3o e suas repercuss\u00f5es nos indicadores de um hospital universit\u00e1rio p\u00fablico\u201d<\/strong> sob orienta\u00e7\u00e3o da Prof\u00aa. Dr\u00aa. Maria do Carmo Fernandez Louren\u00e7o Haddad.<br><br>Sua tese foi indicada ao pr\u00eamio do Conselho Regional de Enfermagem do Paran\u00e1 (COREN-PR), na categoria: &#8220;Pr\u00eamio Inova\u00e7\u00e3o e Criatividade da Enfermagem do Paran\u00e1&#8221;.<\/p>\n\n\n<div class=\"wp-block-image\">\n<figure class=\"aligncenter size-large is-resized\"><img loading=\"lazy\" decoding=\"async\" src=\"https:\/\/pos.uel.br\/ppenf\/wp-content\/uploads\/2022\/06\/WhatsApp-Image-2022-06-24-at-13.01.35-1-1024x799.jpeg\" alt=\"\" class=\"wp-image-680\" width=\"273\" height=\"213\" srcset=\"https:\/\/pos.uel.br\/ppenf\/wp-content\/uploads\/2022\/06\/WhatsApp-Image-2022-06-24-at-13.01.35-1-1024x799.jpeg 1024w, https:\/\/pos.uel.br\/ppenf\/wp-content\/uploads\/2022\/06\/WhatsApp-Image-2022-06-24-at-13.01.35-1-300x234.jpeg 300w, https:\/\/pos.uel.br\/ppenf\/wp-content\/uploads\/2022\/06\/WhatsApp-Image-2022-06-24-at-13.01.35-1-768x599.jpeg 768w, https:\/\/pos.uel.br\/ppenf\/wp-content\/uploads\/2022\/06\/WhatsApp-Image-2022-06-24-at-13.01.35-1.jpeg 1500w\" sizes=\"auto, (max-width: 273px) 100vw, 273px\" \/><\/figure>\n<\/div>\n\n\n<hr class=\"wp-block-separator has-alpha-channel-opacity is-style-wide\"\/>\n\n\n\n<h3 class=\"is-style-highlighted-heading has-medium-font-size wp-block-heading\">PREMIA\u00c7\u00c3O<\/h3>\n\n\n\n<p class=\"has-text-align-center\"><strong>Aluna Destaque <\/strong><\/p>\n\n\n\n<p class=\"has-text-align-center\">Me. Carla Brand\u00e3o de Oliveira<br>Secretaria Municipal de Sa\u00fade de Bela Vista do Para\u00edso<\/p>\n\n\n\n<p><\/p>\n\n\n\n<p class=\"has-text-align-left\">Carla participou do XIV Simp\u00f3sio Projeto Acerto, o qual aconteceu nos dias 29 e 30 de abril de 2022, coordenado pelo Dr. Jos\u00e9 Eduardo de Aguilar Siqueira do Nascimento, e sob orienta\u00e7\u00e3o da Professora Dra. PhD. L\u00edgia Falh Fonseca apresentando o trabalho intitulado:<strong> &#8220;Efeitos da utiliza\u00e7\u00e3o do carboidrato sobre a sede no pr\u00e9-operat\u00f3rio: Ensaio cl\u00ednico randomizado&#8221;.<\/strong> Dentre os cinco colocados na premia\u00e7\u00e3o, Carla ficou em segundo lugar.<\/p>\n\n\n<div class=\"wp-block-image\">\n<figure class=\"aligncenter size-large is-resized\"><img loading=\"lazy\" decoding=\"async\" src=\"https:\/\/pos.uel.br\/ppenf\/wp-content\/uploads\/2022\/06\/WhatsApp-Image-2022-06-24-at-13.01.35-1024x795.jpeg\" alt=\"\" class=\"wp-image-682\" width=\"267\" height=\"207\" srcset=\"https:\/\/pos.uel.br\/ppenf\/wp-content\/uploads\/2022\/06\/WhatsApp-Image-2022-06-24-at-13.01.35-1024x795.jpeg 1024w, https:\/\/pos.uel.br\/ppenf\/wp-content\/uploads\/2022\/06\/WhatsApp-Image-2022-06-24-at-13.01.35-300x233.jpeg 300w, https:\/\/pos.uel.br\/ppenf\/wp-content\/uploads\/2022\/06\/WhatsApp-Image-2022-06-24-at-13.01.35-768x596.jpeg 768w, https:\/\/pos.uel.br\/ppenf\/wp-content\/uploads\/2022\/06\/WhatsApp-Image-2022-06-24-at-13.01.35.jpeg 1500w\" sizes=\"auto, (max-width: 267px) 100vw, 267px\" \/><\/figure>\n<\/div>\n\n\n<hr class=\"wp-block-separator has-alpha-channel-opacity is-style-wide\"\/>\n\n\n\n<div class=\"wp-block-columns is-layout-flex wp-container-core-columns-is-layout-9d6595d7 wp-block-columns-is-layout-flex\">\n<div class=\"wp-block-column is-layout-flow wp-block-column-is-layout-flow\" style=\"flex-basis:100%\">\n<h3 class=\"is-style-highlighted-heading has-medium-font-size wp-block-heading\">INOVA\u00c7\u00c3O: APLICATIVO AMAMENTA <em>COACH<\/em><\/h3>\n\n\n\n<p class=\"has-text-align-center\"><strong>Aluna Destaque<\/strong><\/p>\n\n\n\n<p class=\"has-text-align-center\">Me. Gabriela Ramos Curan<\/p>\n\n\n\n<p class=\"has-text-align-center\">Bolsista CAPES<\/p>\n\n\n\n<blockquote class=\"wp-block-quote is-layout-flow wp-block-quote-is-layout-flow\"><p><b><strong><strong><strong>O aplicativo<\/strong><\/strong><\/strong> faz parte da tese de doutorado  da  discente Gabriela Ramos Curan, Doutoranda em Enfermagem pelo Programa de P\u00f3s-Gradua\u00e7\u00e3o em<\/b> <span style=\"\"><b> <\/b><\/span><strong>Enfermagem da UEL,<\/strong> sob orienta\u00e7\u00e3o da Professora Dra. Edilaine Giovanini Rosseto (Universidade Estadual de Londrina- Brasil) e Co-orientada Professora Dra. Cindy-Lee (Universidade de Toronto- Canad\u00e1).<\/p><\/blockquote>\n\n\n\n<div class=\"wp-block-group\"><div class=\"wp-block-group__inner-container is-layout-flow wp-block-group-is-layout-flow\">\n<figure class=\"wp-block-embed aligncenter is-type-wp-embed is-provider-o-perobal wp-block-embed-o-perobal\"><div class=\"wp-block-embed__wrapper\">\nhttps:\/\/operobal.uel.br\/ccs\/2022\/01\/18\/aplicativo-amamentacao-bebes-prematuros\/\n<\/div><\/figure>\n\n\n<div class=\"wp-block-image\">\n<figure class=\"aligncenter size-large is-resized\"><img loading=\"lazy\" decoding=\"async\" src=\"https:\/\/pos.uel.br\/ppenf\/wp-content\/uploads\/2022\/06\/WhatsApp-Image-2022-06-24-at-13.01.34-1024x800.jpeg\" alt=\"\" class=\"wp-image-683\" width=\"270\" height=\"211\" srcset=\"https:\/\/pos.uel.br\/ppenf\/wp-content\/uploads\/2022\/06\/WhatsApp-Image-2022-06-24-at-13.01.34-1024x800.jpeg 1024w, https:\/\/pos.uel.br\/ppenf\/wp-content\/uploads\/2022\/06\/WhatsApp-Image-2022-06-24-at-13.01.34-300x234.jpeg 300w, https:\/\/pos.uel.br\/ppenf\/wp-content\/uploads\/2022\/06\/WhatsApp-Image-2022-06-24-at-13.01.34-768x600.jpeg 768w, https:\/\/pos.uel.br\/ppenf\/wp-content\/uploads\/2022\/06\/WhatsApp-Image-2022-06-24-at-13.01.34.jpeg 1500w\" sizes=\"auto, (max-width: 270px) 100vw, 270px\" \/><\/figure>\n<\/div><\/div><\/div>\n<\/div>\n<\/div>\n","protected":false},"excerpt":{"rendered":"<p>PREMIA\u00c7\u00c3O Egresso Destaque Dr. Leonel Alves do NascimentoEnfermeiro do Hospital Zona Norte de Londrina e s\u00f3cio da startup Oazo Leonel defendeu sua tese intitulada: &#8220;Elabora\u00e7\u00e3o e valida\u00e7\u00e3o da proposi\u00e7\u00e3o do diagn\u00f3stico de enfermagem sede perioperat\u00f3ria&#8221; sob orienta\u00e7\u00e3o da Profa. Dra. L\u00edgia Fahl Fonseca. Sua tese foi indicada ao pr\u00eamio do Conselho Regional de Enfermagem do [&hellip;]<\/p>\n","protected":false},"author":1,"featured_media":0,"parent":0,"menu_order":0,"comment_status":"closed","ping_status":"closed","template":"","meta":{"_acf_changed":false,"footnotes":""},"class_list":["post-1529","page","type-page","status-publish","hentry"],"acf":[],"_links":{"self":[{"href":"https:\/\/pos.uel.br\/ppenf\/wp-json\/wp\/v2\/pages\/1529","targetHints":{"allow":["GET"]}}],"collection":[{"href":"https:\/\/pos.uel.br\/ppenf\/wp-json\/wp\/v2\/pages"}],"about":[{"href":"https:\/\/pos.uel.br\/ppenf\/wp-json\/wp\/v2\/types\/page"}],"author":[{"embeddable":true,"href":"https:\/\/pos.uel.br\/ppenf\/wp-json\/wp\/v2\/users\/1"}],"replies":[{"embeddable":true,"href":"https:\/\/pos.uel.br\/ppenf\/wp-json\/wp\/v2\/comments?post=1529"}],"version-history":[{"count":3,"href":"https:\/\/pos.uel.br\/ppenf\/wp-json\/wp\/v2\/pages\/1529\/revisions"}],"predecessor-version":[{"id":1535,"href":"https:\/\/pos.uel.br\/ppenf\/wp-json\/wp\/v2\/pages\/1529\/revisions\/1535"}],"wp:attachment":[{"href":"https:\/\/pos.uel.br\/ppenf\/wp-json\/wp\/v2\/media?parent=1529"}],"curies":[{"name":"wp","href":"https:\/\/api.w.org\/{rel}","templated":true}]}}