{"id":1178,"date":"2022-07-11T14:44:37","date_gmt":"2022-07-11T17:44:37","guid":{"rendered":"https:\/\/pos.uel.br\/ppenf\/?page_id=1178"},"modified":"2024-05-06T12:04:47","modified_gmt":"2024-05-06T15:04:47","slug":"avalie-as-disciplinas-e-o-ppgenf","status":"publish","type":"page","link":"https:\/\/pos.uel.br\/ppenf\/avalie-as-disciplinas-e-o-ppgenf\/","title":{"rendered":"Avalie as Disciplinas e o PPGEnf"},"content":{"rendered":"\n<div class=\"wp-block-buttons is-layout-flex wp-block-buttons-is-layout-flex\">\n<div class=\"wp-block-button\"><a class=\"wp-block-button__link has-primary-accent-background-color has-background wp-element-button\" href=\"https:\/\/forms.gle\/Gw9vhjkQvAusEPi98\" target=\"_blank\" rel=\"noreferrer noopener\">Formul\u00e1rio de Avalia\u00e7\u00e3o de Disciplina\/Professor PPGENF<\/a><\/div>\n<\/div>\n","protected":false},"excerpt":{"rendered":"","protected":false},"author":1,"featured_media":0,"parent":0,"menu_order":0,"comment_status":"closed","ping_status":"closed","template":"","meta":{"_acf_changed":false,"footnotes":""},"class_list":["post-1178","page","type-page","status-publish","hentry"],"acf":[],"_links":{"self":[{"href":"https:\/\/pos.uel.br\/ppenf\/wp-json\/wp\/v2\/pages\/1178","targetHints":{"allow":["GET"]}}],"collection":[{"href":"https:\/\/pos.uel.br\/ppenf\/wp-json\/wp\/v2\/pages"}],"about":[{"href":"https:\/\/pos.uel.br\/ppenf\/wp-json\/wp\/v2\/types\/page"}],"author":[{"embeddable":true,"href":"https:\/\/pos.uel.br\/ppenf\/wp-json\/wp\/v2\/users\/1"}],"replies":[{"embeddable":true,"href":"https:\/\/pos.uel.br\/ppenf\/wp-json\/wp\/v2\/comments?post=1178"}],"version-history":[{"count":7,"href":"https:\/\/pos.uel.br\/ppenf\/wp-json\/wp\/v2\/pages\/1178\/revisions"}],"predecessor-version":[{"id":2600,"href":"https:\/\/pos.uel.br\/ppenf\/wp-json\/wp\/v2\/pages\/1178\/revisions\/2600"}],"wp:attachment":[{"href":"https:\/\/pos.uel.br\/ppenf\/wp-json\/wp\/v2\/media?parent=1178"}],"curies":[{"name":"wp","href":"https:\/\/api.w.org\/{rel}","templated":true}]}}