{"id":59,"date":"2025-09-11T14:48:54","date_gmt":"2025-09-11T17:48:54","guid":{"rendered":"https:\/\/pos.uel.br\/politicaegestao\/?page_id=59"},"modified":"2025-09-11T16:13:43","modified_gmt":"2025-09-11T19:13:43","slug":"da-inscricao","status":"publish","type":"page","link":"https:\/\/pos.uel.br\/politicaegestao\/da-inscricao\/","title":{"rendered":"Da inscri\u00e7\u00e3o"},"content":{"rendered":"\n<p>A inscri\u00e7\u00e3o implicar\u00e1 na aceita\u00e7\u00e3o t\u00e1cita das normas estabelecidas neste Edital, e em outros editais que forem publicados durante a realiza\u00e7\u00e3o do Processo Seletivo, cujas regras, normas, crit\u00e9rios e condi\u00e7\u00f5es os candidatos se obrigam a cumprir.<\/p>\n\n\n\n<p>Ao efetuar a inscri\u00e7\u00e3o, o\/a candidato\/a estar\u00e1 concordando que os seus dados pessoais, sens\u00edveis ou n\u00e3o, sejam tratados e processados de forma a possibilitar a efetiva execu\u00e7\u00e3o do processo seletivo, com a aplica\u00e7\u00e3o dos crit\u00e9rios de avalia\u00e7\u00e3o e sele\u00e7\u00e3o, autorizando a divulga\u00e7\u00e3o de seu nome completo, n\u00famero de inscri\u00e7\u00e3o, op\u00e7\u00e3o por isen\u00e7\u00e3o, notas e outras informa\u00e7\u00f5es fundamentais ao processo de sele\u00e7\u00e3o, em observ\u00e2ncia aos princ\u00edpios da publicidade e da transpar\u00eancia que regem a Administra\u00e7\u00e3o P\u00fablica e nos termos da Lei n\u00ba 13.709, de 14 de agosto de 2018 \u2013 Lei Geral de Prote\u00e7\u00e3o de Dados Pessoais (LGPD).<\/p>\n\n\n\n<p>A inscri\u00e7\u00e3o poder\u00e1 ser efetuada, somente via sistema de inscri\u00e7\u00e3o online, no endere\u00e7o eletr\u00f4nico&nbsp;<a href=\"https:\/\/sites.uel.br\/proppg\/inscricoes\/\">https:\/\/sites.uel.br\/proppg\/inscricoes\/<\/a>. Antes de iniciar a inscri\u00e7\u00e3o, os documentos exigidos neste Edital dever\u00e3o ser digitalizados (escaneado) em pdf, gerando um arquivo \u00fanico para&nbsp;<strong>cada tipo de documento&nbsp;<\/strong>no formato PDF com tamanho m\u00e1ximo de 10 MB para o curr\u00edculo, 5 Mb para o diploma e 1 MB para os demais documentos. O documento digitalizado deve conter todas as p\u00e1ginas ou a frente e o verso conforme o original, com todas as informa\u00e7\u00f5es leg\u00edveis, caso contr\u00e1rio, o candidato ser\u00e1 automaticamente exclu\u00eddo do processo seletivo.<\/p>\n\n\n\n<p>\u00c9 imprescind\u00edvel o recolhimento do pre\u00e7o p\u00fablico de inscri\u00e7\u00e3o correspondente ao valor de R$ 81,00 (oitenta e um reais) \u2013&nbsp;<strong>conforme instru\u00e7\u00f5es no boleto banc\u00e1rio e hor\u00e1rios das Institui\u00e7\u00f5es Financeiras. A Universidade e Coordena\u00e7\u00e3o do Curso n\u00e3o se responsabilizam por recolhimento efetuado em banco diferente do indicado no boleto.<\/strong><\/p>\n\n\n\n<p>N\u00e3o haver\u00e1 entrega f\u00edsica de documenta\u00e7\u00e3o.&nbsp;<strong>O envio \u00e9 exclusivamente via sistema online de inscri\u00e7\u00e3o, fazendo upload dos documentos digitalizados\/escaneado em PDF no momento da inscri\u00e7\u00e3o.<\/strong><\/p>\n\n\n\n<p>Ap\u00f3s o hor\u00e1rio de encerramento das inscri\u00e7\u00f5es, indicado neste edital, n\u00e3o ser\u00e1 mais poss\u00edvel o envio da documenta\u00e7\u00e3o e a inscri\u00e7\u00e3o n\u00e3o ser\u00e1 conclu\u00edda. Portanto, verifique a configura\u00e7\u00e3o do seu e-mail, computador e\/ou celular e fa\u00e7a o ajuste para o hor\u00e1rio de Bras\u00edlia.<\/p>\n\n\n\n<p>N\u00e3o ser\u00e3o aceitos arquivos compartilhados em Google Drive ou compactados, apenas anexados<\/p>\n\n\n\n<p><a><strong>DOCUMENTOS PARA INSCRI\u00c7\u00c3O<\/strong><\/a><\/p>\n\n\n\n<p>A documenta\u00e7\u00e3o deve estar completa, caso contr\u00e1rio, o\/a candidato\/a ser\u00e1 automaticamente exclu\u00eddo do processo seletivo.<\/p>\n\n\n\n<p><br>a) C\u00e9dula de Identidade (frente e verso) ou Carteira de Identidade Nacional (modelo novo \u2013 um \u00fanico documento para RG e CPF) \u2013 Obrigat\u00f3rio para fins acad\u00eamicos.<strong>&nbsp;N\u00e3o ser\u00e1 aceito carteira de habilita\u00e7\u00e3o (CNH) como documento comprobat\u00f3rio do RG;<\/strong><br>b) Cadastro de Pessoa F\u00edsica \u2013 CPF (frente e verso). Quando na C\u00e9dula de Identidade n\u00e3o constar o n\u00ba do CPF, fica obrigat\u00f3rio a apresenta\u00e7\u00e3o do Cadastro de Pessoas F\u00edsicas ou Comprovante de Situa\u00e7\u00e3o Cadastral no CPF, retirado do site da Receita Federal.&nbsp;<strong>N\u00e3o ser\u00e1 aceito carteira de<br>habilita\u00e7\u00e3o (CNH) como documento comprobat\u00f3rio do CPF;<\/strong><br>c) documento Militar (M \u2013 frente e verso), para os que possuem at\u00e9 45 anos de idade;<br>d) certid\u00e3o de Nascimento ou Casamento (frente e verso, sem tarja ou marcas de dobras);<br>e) diploma do curso de gradua\u00e7\u00e3o \u2013 Licenciatura em Pedagogia \u2013 (frente e verso), assinado pelo diplomado quando dispon\u00edvel espa\u00e7o de assinatura.<br>Caso o\/a candidato\/a ainda n\u00e3o possua o diploma, dever\u00e1 apresentar Certificado de cola\u00e7\u00e3o de grau. Caso o\/a candidato\/a ainda n\u00e3o possua o Certificado, apresentar atestado que demonstre estar matriculado no \u00faltimo semestre do curso de gradua\u00e7\u00e3o com t\u00e9rmino previsto at\u00e9 o in\u00edcio do per\u00edodo letivo (11\/08\/2025);<br>f) hist\u00f3rico escolar da gradua\u00e7\u00e3o em Licenciatura em Pedagogia completo;<br>g) curr\u00edculo documentado (dos \u00faltimos 5 anos);<br>h) carta de Inten\u00e7\u00e3o (A Carta de Inten\u00e7\u00e3o \u00e9 compreendida por um texto que relate brevemente as inten\u00e7\u00f5es para a realiza\u00e7\u00e3o do curso de especializa\u00e7\u00e3o, v\u00ednculo profissional e ou educacional. Experi\u00eancias diversas (educativas, gest\u00e3o, pesquisa) no campo da educa\u00e7\u00e3o formal e n\u00e3o formal).<\/p>\n\n\n\n<p><strong>Candidatos estrangeiros<\/strong>&nbsp;dever\u00e3o apresentar, via upload: 1. passaporte; 2. diploma de gradua\u00e7\u00e3o (idioma de origem); 3. tradu\u00e7\u00e3o juramentada do diploma de gradua\u00e7\u00e3o; 4. Certid\u00e3o de Nascimento ou Casamento (idioma de origem); 5. tradu\u00e7\u00e3o juramentada da Certid\u00e3o de Nascimento ou Casamento; 6. c\u00f3pia doCPF; 7. visto de perman\u00eancia no pa\u00eds, atualizado.<\/p>\n\n\n\n<p><strong>Aten\u00e7\u00e3o<\/strong>: O\/a candidato\/a que apresentar documento que n\u00e3o o diploma deve ter ci\u00eancia de que, se aprovado no processo seletivo, dever\u00e1 apresentar, no ato da matr\u00edcula, documento comprobat\u00f3rio no qual a data (dia\/m\u00eas\/ano) de conclus\u00e3o do curso de Gradua\u00e7\u00e3o seja anterior ao&nbsp;<strong>in\u00edcio do per\u00edodo letivo (11\/08\/2025)<\/strong>, sem o qual n\u00e3o poder\u00e1 efetuar a matr\u00edcula e perder\u00e1 o direito \u00e0 vaga,&nbsp;<strong>sem restitui\u00e7\u00e3o do valor do pre\u00e7o p\u00fablico referente \u00e0 inscri\u00e7\u00e3o.<\/strong>&nbsp;E ainda, realizar o envio da<strong>&nbsp;c\u00f3pia do Diploma de Gradua\u00e7\u00e3o<\/strong>, t\u00e3o logo ingresse no Curso de Especializa\u00e7\u00e3o.<\/p>\n\n\n\n<p><br><strong>Aten\u00e7\u00e3o<\/strong>: O\/a candidato\/a que enviar documenta\u00e7\u00e3o incompleta ser\u00e1 automaticamente exclu\u00eddo do processo. Em caso de desist\u00eancia do processo seletivo ou em qualquer outra situa\u00e7\u00e3o, n\u00e3o haver\u00e1 restitui\u00e7\u00e3o do valor do pre\u00e7o p\u00fablico de inscri\u00e7\u00e3o.<\/p>\n\n\n\n<div class=\"wp-block-columns is-layout-flex wp-container-core-columns-is-layout-9d6595d7 wp-block-columns-is-layout-flex\">\n<div class=\"wp-block-column is-layout-flow wp-block-column-is-layout-flow\"><\/div>\n<\/div>\n","protected":false},"excerpt":{"rendered":"<p>A inscri\u00e7\u00e3o implicar\u00e1 na aceita\u00e7\u00e3o t\u00e1cita das normas estabelecidas neste Edital, e em outros editais que forem publicados durante a realiza\u00e7\u00e3o do Processo Seletivo, cujas regras, normas, crit\u00e9rios e condi\u00e7\u00f5es os candidatos se obrigam a cumprir. Ao efetuar a inscri\u00e7\u00e3o, o\/a candidato\/a estar\u00e1 concordando que os seus dados pessoais, sens\u00edveis ou n\u00e3o, sejam tratados e [&hellip;]<\/p>\n","protected":false},"author":6,"featured_media":0,"parent":0,"menu_order":0,"comment_status":"closed","ping_status":"closed","template":"","meta":{"_acf_changed":false,"_themeisle_gutenberg_block_has_review":false,"footnotes":""},"class_list":["post-59","page","type-page","status-publish","hentry"],"acf":[],"_links":{"self":[{"href":"https:\/\/pos.uel.br\/politicaegestao\/wp-json\/wp\/v2\/pages\/59","targetHints":{"allow":["GET"]}}],"collection":[{"href":"https:\/\/pos.uel.br\/politicaegestao\/wp-json\/wp\/v2\/pages"}],"about":[{"href":"https:\/\/pos.uel.br\/politicaegestao\/wp-json\/wp\/v2\/types\/page"}],"author":[{"embeddable":true,"href":"https:\/\/pos.uel.br\/politicaegestao\/wp-json\/wp\/v2\/users\/6"}],"replies":[{"embeddable":true,"href":"https:\/\/pos.uel.br\/politicaegestao\/wp-json\/wp\/v2\/comments?post=59"}],"version-history":[{"count":3,"href":"https:\/\/pos.uel.br\/politicaegestao\/wp-json\/wp\/v2\/pages\/59\/revisions"}],"predecessor-version":[{"id":90,"href":"https:\/\/pos.uel.br\/politicaegestao\/wp-json\/wp\/v2\/pages\/59\/revisions\/90"}],"wp:attachment":[{"href":"https:\/\/pos.uel.br\/politicaegestao\/wp-json\/wp\/v2\/media?parent=59"}],"curies":[{"name":"wp","href":"https:\/\/api.w.org\/{rel}","templated":true}]}}