{"id":57,"date":"2025-09-11T14:48:37","date_gmt":"2025-09-11T17:48:37","guid":{"rendered":"https:\/\/pos.uel.br\/politicaegestao\/?page_id=57"},"modified":"2025-09-11T16:13:18","modified_gmt":"2025-09-11T19:13:18","slug":"isencao-taxa-de-inscricao","status":"publish","type":"page","link":"https:\/\/pos.uel.br\/politicaegestao\/isencao-taxa-de-inscricao\/","title":{"rendered":"Isen\u00e7\u00e3o taxa de inscri\u00e7\u00e3o"},"content":{"rendered":"\n<p><strong>Isen\u00e7\u00e3o \u2013 Lei 19.196<\/strong>&nbsp;\u2013 26 de outubro 2017, Justi\u00e7a Eleitoral do Paran\u00e1 \u2013 eleitores convocados e nomeados pela Justi\u00e7a Eleitoral do Paran\u00e1 que prestarem servi\u00e7os no per\u00edodo eleitoral.<\/p>\n\n\n\n<p>Haver\u00e1 isen\u00e7\u00e3o do valor total do pre\u00e7o p\u00fablico de inscri\u00e7\u00e3o para eleitores\/as convocados\/as e nomeados\/as pela Justi\u00e7a Eleitoral do Paran\u00e1 que prestaram servi\u00e7os no per\u00edodo eleitoral visando \u00e0 prepara\u00e7\u00e3o, execu\u00e7\u00e3o e apura\u00e7\u00e3o de elei\u00e7\u00f5es oficiais, plebiscitos ou referendos em dois eventos eleitorais consecutivos ou n\u00e3o, v\u00e1lido por um per\u00edodo de 2 (dois) anos, conforme<br>Lei 19196- 26 de outubro 2017;<\/p>\n\n\n\n<p>O\/a requerente dever\u00e1 preencher,&nbsp;<strong>digitalmente<\/strong>, o Requerimento de Isen\u00e7\u00e3o dispon\u00edvel em&nbsp;<a href=\"https:\/\/sites.uel.br\/proppg\/formularios-da-pos-graduacao\">https:\/\/sites.uel.br\/proppg\/formularios-da-pos-graduacao<\/a>, informando o nome do curso que pretende se inscrever, juntamente com a c\u00f3pia da comprova\u00e7\u00e3o do servi\u00e7o prestado, expedido pela Justi\u00e7a Eleitoral, encaminhar no per\u00edodo de 28 a 30 de abril de 2025 para o e-mail&nbsp;<a href=\"mailto:spg.latosensu@uel.br\">spg.latosensu@uel.br<\/a>, digitalizados em&nbsp;<strong>ARQUIVO \u00daNICO, no formato PDF<\/strong>&nbsp;com o assunto \u201cIsen\u00e7\u00e3o \u2013 nome do\/a requerente \u2013 Especializa\u00e7\u00e3o em Pol\u00edtica e Gest\u00e3o da Educa\u00e7\u00e3o. (Exemplo: Isen\u00e7\u00e3o \u2013 nome do\/a requerente \u2013 Especializa\u00e7\u00e3o em Pol\u00edtica e Gest\u00e3o da Educa\u00e7\u00e3o);<\/p>\n\n\n\n<p>O\/a requerente com pedido de isen\u00e7\u00e3o deferido ou indeferido ser\u00e1 comunicado via e-mail at\u00e9 o dia 06 de maio de 2025.<\/p>\n\n\n\n<p>O\/a requerente cujo pedido de isen\u00e7\u00e3o do recolhimento do valor do pre\u00e7o<br>p\u00fablico de inscri\u00e7\u00e3o tenha sido indeferido, poder\u00e1 apresentar recurso contra o indeferimento das 8h \u00e0s 23h59min do dia 07 de maio de 2025, enviando e-mail para&nbsp;<a href=\"mailto:pospogeed@uel.br\" target=\"_blank\" rel=\"noreferrer noopener\">spg.latosensu@uel.br<\/a>. O requerimento dever\u00e1 apresentar justificativa circunstanciada para fundamentar a interposi\u00e7\u00e3o do recurso e informar o item, al\u00ednea e\/ou inciso do Edital em que se baseia a interposi\u00e7\u00e3o.<\/p>\n\n\n\n<p>O resultado da an\u00e1lise de eventuais recursos apresentados ser\u00e1 divulgado na p\u00e1gina do curso (<a href=\"https:\/\/pos.uel.br\/politicaegestao\/\">https:\/\/pos.uel.br\/politicaegestao\/<\/a>) a partir das&nbsp;<strong>17h do dia 09 de maio 2025.<\/strong><\/p>\n\n\n\n<p>O\/a requerente cujo pedido de isen\u00e7\u00e3o do recolhimento do pre\u00e7o p\u00fablico de inscri\u00e7\u00e3o for deferido dever\u00e1 se inscrever no endere\u00e7o eletr\u00f4nico&nbsp;<a href=\"https:\/\/sites.uel.br\/proppg\/inscricoes\">https:\/\/sites.uel.br\/proppg\/inscricoes<\/a>, no per\u00edodo de&nbsp;<strong>13 de maio a 14 de julho de 2025<\/strong>, preencher as informa\u00e7\u00f5es solicitadas no momento da inscri\u00e7\u00e3o e fazer upload dos documentos, digitalizados (escaneado) em pdf, exigidos.&nbsp;<strong>N\u00e3o ser\u00e1 aceito upload de fotografias de documentos. Todos os documentos dever\u00e3o ser escaneados em pdf.<\/strong><\/p>\n\n\n\n<p><br>O\/a requerente cujo pedido de isen\u00e7\u00e3o do recolhimento do pre\u00e7o p\u00fablico de inscri\u00e7\u00e3o for&nbsp;<strong>indeferido&nbsp;<\/strong>dever\u00e1, para efetivar sua inscri\u00e7\u00e3o na Sele\u00e7\u00e3o P\u00fablica, acessar o endere\u00e7o eletr\u00f4nico&nbsp;<a href=\"https:\/\/sites.uel.br\/proppg\/inscricoes\/\">https:\/\/sites.uel.br\/proppg\/inscricoes\/<\/a>, no per\u00edodo de&nbsp;<strong>13 de maio a 14 de julho de 2025<\/strong>, preencher as informa\u00e7\u00f5es solicitadas no momento da inscri\u00e7\u00e3o, fazer upload dos documentos digitalizados (escaneado) em pdf, exigidos, imprimir o boleto banc\u00e1rio e recolher do valor do pre\u00e7o p\u00fablico<br>de inscri\u00e7\u00e3o, conforme instru\u00e7\u00e3o no boleto, e hor\u00e1rio compat\u00edvel com as Intui\u00e7\u00f5es Financeiras. A Universidade e a Coordena\u00e7\u00e3o do Curso n\u00e3o se responsabilizam por recolhimento efetuado em banco diferente do indicado no boleto.&nbsp;<strong>N\u00e3o ser\u00e1 aceito upload de fotografias de documentos. Todos os documentos dever\u00e3o ser escaneados em pdf.<\/strong><\/p>\n\n\n\n<p><strong>IMPORTANTE:<\/strong><br><strong>N\u00e3o esquecer de informar no requerimento o nome do Curso<\/strong>&nbsp;(Especializa\u00e7\u00e3o em Pol\u00edtica e gest\u00e3o da Educa\u00e7\u00e3o)<strong>&nbsp;para o qual est\u00e1 requerendo a isen\u00e7\u00e3o<\/strong>.<\/p>\n\n\n\n<p><strong>N\u00e3o esquecer de informar no assunto do e-mail<\/strong>: \u201cIsen\u00e7\u00e3o \u2013 nome do\/a requerente \u2013 Especializa\u00e7\u00e3o em Pol\u00edtica e Gest\u00e3o da Educa\u00e7\u00e3o;&nbsp;<strong>N\u00e3o ser\u00e3o analisados pedidos de isen\u00e7\u00e3o com informa\u00e7\u00e3o incompleta ou fora do prazo estabelecido neste Edital.<\/strong><\/p>\n\n\n\n<p><strong>Isen\u00e7\u00e3o \u2013 Lei 19.293<\/strong>&nbsp;\u2013 13 de dezembro de 2017 (Doador de sangue a \u00f3rg\u00e3o oficial de sa\u00fade ou \u00e0 entidade credenciada pela Uni\u00e3o, Estado ou Munic\u00edpio).<\/p>\n\n\n\n<p>Haver\u00e1 isen\u00e7\u00e3o do valor total da taxa de inscri\u00e7\u00e3o para doadores de sangue realizado em \u00f3rg\u00e3o oficial ou \u00e0 entidade credenciada pela Uni\u00e3o, pelo Estado ou pelo Munic\u00edpio, conforme Lei 19.293 \u2013 13 de dezembro de 2017.<\/p>\n\n\n\n<p>O\/a requerente dever\u00e1 preencher,&nbsp;<strong>digitalmente<\/strong>, o Requerimento de Isen\u00e7\u00e3o dispon\u00edvel em<br><a href=\"https:\/\/sites.uel.br\/proppg\/formularios-da-pos-graduacao\">https:\/\/sites.uel.br\/proppg\/formularios-da-pos-graduacao<\/a>,&nbsp;informando o nome do Curso que pretende se inscrever, juntamente com documento comprovando que realizou&nbsp;<strong>duas doa\u00e7\u00f5es dentro do per\u00edodo de doze meses anterior \u00e0 data de publica\u00e7\u00e3o desde edital<\/strong>, emitida por \u00f3rg\u00e3o oficial ou entidade credenciada pela Uni\u00e3o, pelo Estado ou pelo Munic\u00edpio, encaminhar no per\u00edodo de 28 a 30 de abril de 2025 para o e-mail&nbsp;<a href=\"mailto:pospogeed@uel.br\"><\/a><a href=\"mailto:pospogeed@uel.br\" target=\"_blank\" rel=\"noreferrer noopener\">spg.latosensu@uel.br<\/a>, digitalizados em&nbsp;<strong>ARQUIVO \u00daNICO, no formato PDF<\/strong>&nbsp;com o assunto \u201cIsen\u00e7\u00e3o \u2013 nome do\/a requerente \u2013 Especializa\u00e7\u00e3o em Pol\u00edtica e Gest\u00e3o da Educa\u00e7\u00e3o. (Exemplo: Isen\u00e7\u00e3o \u2013 nome do\/a requerente \u2013 Especializa\u00e7\u00e3o em Pol\u00edtica e Gest\u00e3o da Educa\u00e7\u00e3o);<\/p>\n\n\n\n<p>O\/a requerente com pedido de isen\u00e7\u00e3o deferido ou indeferido ser\u00e1 comunicado via e-mail at\u00e9 dia 06 de maio de 2025.<\/p>\n\n\n\n<p>O\/A requerente cujo pedido de isen\u00e7\u00e3o do recolhimento do valor do pre\u00e7o p\u00fablico de inscri\u00e7\u00e3o tenha sido&nbsp;<strong>indeferido<\/strong>, poder\u00e1 apresentar recurso contra o indeferimento das&nbsp;<strong>8h \u00e0s 23h59min do dia 07de maio de 2025<\/strong>, enviando e-mail para&nbsp;<a href=\"mailto:pospogeed@uel.br\"><\/a><a href=\"mailto:pospogeed@uel.br\" target=\"_blank\" rel=\"noreferrer noopener\">spg.latosensu@uel.br<\/a>. O requerimento dever\u00e1 apresentar justificativa circunstanciada para fundamentar a interposi\u00e7\u00e3o do recurso e informar o item, al\u00ednea e\/ou inciso do Edital em que se baseia a interposi\u00e7\u00e3o<\/p>\n\n\n\n<p>O resultado da an\u00e1lise de eventuais recursos apresentados ser\u00e1 divulgado a partir das&nbsp;<strong>17h do dia 09 de maio 2025.<\/strong><\/p>\n\n\n\n<p>O\/a requerente cujo pedido de isen\u00e7\u00e3o do recolhimento do pre\u00e7o p\u00fablico de inscri\u00e7\u00e3o for deferido dever\u00e1 se inscrever no endere\u00e7o eletr\u00f4nico&nbsp;<a href=\"https:\/\/sites.uel.br\/proppg\/inscricoes\">https:\/\/sites.uel.br\/proppg\/inscricoes<\/a>\/, no per\u00edodo de&nbsp;<strong>13 de maio a 14 de julho de 2025<\/strong>, preencher as informa\u00e7\u00f5es solicitadas no momento da inscri\u00e7\u00e3o e fazer upload dos documentos, digitalizados (escaneado) em pdf, exigidos.&nbsp;<strong>N\u00e3o ser\u00e1 aceito upload de fotografias de documentos. Todos os documentos dever\u00e3o ser escaneados em pdf<\/strong>.<\/p>\n\n\n\n<p><br>O\/a requerente cujo pedido de isen\u00e7\u00e3o do recolhimento do pre\u00e7o p\u00fablico de inscri\u00e7\u00e3o for indeferido dever\u00e1, para efetivar sua inscri\u00e7\u00e3o na Sele\u00e7\u00e3o P\u00fablica, acessar o endere\u00e7o eletr\u00f4nico<br><a href=\"https:\/\/sites.uel.br\/proppg\/inscricoes\/\">https:\/\/sites.uel.br\/proppg\/inscricoes\/<\/a>, no per\u00edodo de&nbsp;<strong>13 de maio a 14 de julho de 2025<\/strong>, preencher as informa\u00e7\u00f5es solicitadas no momento da inscri\u00e7\u00e3o, fazer upload dos documentos digitalizados (escaneado) em pdf, exigidos, imprimir o boleto banc\u00e1rio e recolher do valor do pre\u00e7o p\u00fablico de inscri\u00e7\u00e3o, conforme instru\u00e7\u00e3o no boleto, e hor\u00e1rio compat\u00edvel com as Intui\u00e7\u00f5es Financeiras. A Universidade e a Coordena\u00e7\u00e3o do Curso n\u00e3o se responsabilizam por recolhimento efetuado em banco<br>diferente do indicado no boleto.<strong>&nbsp;N\u00e3o ser\u00e1 aceito upload de fotografias de documentos. Todos os documentos dever\u00e3o ser escaneados em pdf.<\/strong><\/p>\n\n\n\n<p><br><strong>IMPORTANTE:<\/strong><\/p>\n\n\n\n<ul class=\"wp-block-list\">\n<li>N\u00e3o esquecer de informar no requerimento o nome do Curso (Especializa\u00e7\u00e3o em Pol\u00edtica e Gest\u00e3o da Educa\u00e7\u00e3o) para o qual est\u00e1 requerendo a isen\u00e7\u00e3o.<\/li>\n<\/ul>\n\n\n\n<ul class=\"wp-block-list\">\n<li>N\u00e3o esquecer de informar no assunto do e-mail: \u201cIsen\u00e7\u00e3o \u2013 nome do\/a requerente \u2013 Especializa\u00e7\u00e3o em Pol\u00edtica e Gest\u00e3o da Educa\u00e7\u00e3o\u201d;<\/li>\n<\/ul>\n\n\n\n<ul class=\"wp-block-list\">\n<li>N\u00e3o ser\u00e3o analisados pedidos de isen\u00e7\u00e3o com informa\u00e7\u00e3o incompleta, ileg\u00edvel ou fora do prazo estabelecido neste Edital.<\/li>\n<\/ul>\n\n\n\n<div class=\"wp-block-columns is-layout-flex wp-container-core-columns-is-layout-9d6595d7 wp-block-columns-is-layout-flex\">\n<div class=\"wp-block-column is-layout-flow wp-block-column-is-layout-flow\"><\/div>\n<\/div>\n","protected":false},"excerpt":{"rendered":"<p>Isen\u00e7\u00e3o \u2013 Lei 19.196&nbsp;\u2013 26 de outubro 2017, Justi\u00e7a Eleitoral do Paran\u00e1 \u2013 eleitores convocados e nomeados pela Justi\u00e7a Eleitoral do Paran\u00e1 que prestarem servi\u00e7os no per\u00edodo eleitoral. Haver\u00e1 isen\u00e7\u00e3o do valor total do pre\u00e7o p\u00fablico de inscri\u00e7\u00e3o para eleitores\/as convocados\/as e nomeados\/as pela Justi\u00e7a Eleitoral do Paran\u00e1 que prestaram servi\u00e7os no per\u00edodo eleitoral visando [&hellip;]<\/p>\n","protected":false},"author":6,"featured_media":0,"parent":0,"menu_order":0,"comment_status":"closed","ping_status":"closed","template":"","meta":{"_acf_changed":false,"_themeisle_gutenberg_block_has_review":false,"footnotes":""},"class_list":["post-57","page","type-page","status-publish","hentry"],"acf":[],"_links":{"self":[{"href":"https:\/\/pos.uel.br\/politicaegestao\/wp-json\/wp\/v2\/pages\/57","targetHints":{"allow":["GET"]}}],"collection":[{"href":"https:\/\/pos.uel.br\/politicaegestao\/wp-json\/wp\/v2\/pages"}],"about":[{"href":"https:\/\/pos.uel.br\/politicaegestao\/wp-json\/wp\/v2\/types\/page"}],"author":[{"embeddable":true,"href":"https:\/\/pos.uel.br\/politicaegestao\/wp-json\/wp\/v2\/users\/6"}],"replies":[{"embeddable":true,"href":"https:\/\/pos.uel.br\/politicaegestao\/wp-json\/wp\/v2\/comments?post=57"}],"version-history":[{"count":8,"href":"https:\/\/pos.uel.br\/politicaegestao\/wp-json\/wp\/v2\/pages\/57\/revisions"}],"predecessor-version":[{"id":89,"href":"https:\/\/pos.uel.br\/politicaegestao\/wp-json\/wp\/v2\/pages\/57\/revisions\/89"}],"wp:attachment":[{"href":"https:\/\/pos.uel.br\/politicaegestao\/wp-json\/wp\/v2\/media?parent=57"}],"curies":[{"name":"wp","href":"https:\/\/api.w.org\/{rel}","templated":true}]}}