{"id":952,"date":"2025-03-24T11:23:29","date_gmt":"2025-03-24T14:23:29","guid":{"rendered":"https:\/\/pos.uel.br\/pgmac\/?page_id=952"},"modified":"2025-03-24T11:23:30","modified_gmt":"2025-03-24T14:23:30","slug":"labesc-laboratorio-escola-de-pos-graduacao","status":"publish","type":"page","link":"https:\/\/pos.uel.br\/pgmac\/labesc-laboratorio-escola-de-pos-graduacao\/","title":{"rendered":"LABESC &#8211; Laborat\u00f3rio Escola de P\u00f3s-Gradua\u00e7\u00e3o"},"content":{"rendered":"\n<p>As salas do LABESC foram concebidas para oferecer um ambiente adequado para a realiza\u00e7\u00e3o de reuni\u00f5es de pesquisa, semin\u00e1rios, workshops e simp\u00f3sios realizados pelos pesquisadores, estudantes e programas de P\u00f3s-Gradua\u00e7\u00e3o da UEL. \u00a0O LABESC tamb\u00e9m \u00e9 utilizado pelo PGMAC para defesas de disserta\u00e7\u00f5es.<\/p>\n\n\n\n<div class=\"wp-block-group alignwide\"><div class=\"wp-block-group__inner-container is-layout-constrained wp-block-group-is-layout-constrained\">\n<figure class=\"wp-block-embed aligncenter is-type-wp-embed is-provider-central-multiusu-rio-de-laborat-rios-de-pesquisa wp-block-embed-central-multiusu-rio-de-laborat-rios-de-pesquisa\"><div class=\"wp-block-embed__wrapper\">\n<blockquote class=\"wp-embedded-content\" data-secret=\"vwHdlTiFVl\"><a href=\"https:\/\/cmlp.uel.br\/laboratorios\/labesc\/\">LABESC<\/a><\/blockquote><iframe loading=\"lazy\" class=\"wp-embedded-content\" sandbox=\"allow-scripts\" security=\"restricted\" style=\"position: absolute; visibility: hidden;\" title=\"&#8220;LABESC&#8221; &#8212; Central Multiusu\u00e1rio de Laborat\u00f3rios de Pesquisa\" src=\"https:\/\/cmlp.uel.br\/laboratorios\/labesc\/embed\/#?secret=UP8L489i6j#?secret=vwHdlTiFVl\" data-secret=\"vwHdlTiFVl\" width=\"600\" height=\"338\" frameborder=\"0\" marginwidth=\"0\" marginheight=\"0\" scrolling=\"no\"><\/iframe>\n<\/div><\/figure>\n<\/div><\/div>\n\n\n\n<p><\/p>\n","protected":false},"excerpt":{"rendered":"<p>As salas do LABESC foram concebidas para oferecer um ambiente adequado para a realiza\u00e7\u00e3o de reuni\u00f5es de pesquisa, semin\u00e1rios, workshops e simp\u00f3sios realizados pelos pesquisadores, estudantes e programas de P\u00f3s-Gradua\u00e7\u00e3o da UEL. \u00a0O LABESC tamb\u00e9m \u00e9 utilizado pelo PGMAC para defesas de disserta\u00e7\u00f5es.<\/p>\n","protected":false},"author":6,"featured_media":0,"parent":0,"menu_order":0,"comment_status":"closed","ping_status":"closed","template":"","meta":{"_acf_changed":false,"footnotes":""},"class_list":["post-952","page","type-page","status-publish","hentry"],"acf":[],"_links":{"self":[{"href":"https:\/\/pos.uel.br\/pgmac\/wp-json\/wp\/v2\/pages\/952","targetHints":{"allow":["GET"]}}],"collection":[{"href":"https:\/\/pos.uel.br\/pgmac\/wp-json\/wp\/v2\/pages"}],"about":[{"href":"https:\/\/pos.uel.br\/pgmac\/wp-json\/wp\/v2\/types\/page"}],"author":[{"embeddable":true,"href":"https:\/\/pos.uel.br\/pgmac\/wp-json\/wp\/v2\/users\/6"}],"replies":[{"embeddable":true,"href":"https:\/\/pos.uel.br\/pgmac\/wp-json\/wp\/v2\/comments?post=952"}],"version-history":[{"count":1,"href":"https:\/\/pos.uel.br\/pgmac\/wp-json\/wp\/v2\/pages\/952\/revisions"}],"predecessor-version":[{"id":953,"href":"https:\/\/pos.uel.br\/pgmac\/wp-json\/wp\/v2\/pages\/952\/revisions\/953"}],"wp:attachment":[{"href":"https:\/\/pos.uel.br\/pgmac\/wp-json\/wp\/v2\/media?parent=952"}],"curies":[{"name":"wp","href":"https:\/\/api.w.org\/{rel}","templated":true}]}}