{"id":857,"date":"2025-01-23T16:03:00","date_gmt":"2025-01-23T19:03:00","guid":{"rendered":"https:\/\/pos.uel.br\/pgmac\/?page_id=857"},"modified":"2025-01-23T16:03:09","modified_gmt":"2025-01-23T19:03:09","slug":"prof-dr-arthur-henrique-caixeta","status":"publish","type":"page","link":"https:\/\/pos.uel.br\/pgmac\/prof-dr-arthur-henrique-caixeta\/","title":{"rendered":"Prof. Dr. Arthur Henrique Caixeta"},"content":{"rendered":"<div class=\"wp-block-image\">\n<figure class=\"aligncenter size-full is-resized\"><img loading=\"lazy\" decoding=\"async\" width=\"640\" height=\"640\" src=\"https:\/\/pos.uel.br\/pgmac\/wp-content\/uploads\/2025\/01\/Arthur.jpg\" alt=\"\" class=\"wp-image-858\" style=\"width:176px;height:auto\" srcset=\"https:\/\/pos.uel.br\/pgmac\/wp-content\/uploads\/2025\/01\/Arthur.jpg 640w, https:\/\/pos.uel.br\/pgmac\/wp-content\/uploads\/2025\/01\/Arthur-300x300.jpg 300w, https:\/\/pos.uel.br\/pgmac\/wp-content\/uploads\/2025\/01\/Arthur-150x150.jpg 150w\" sizes=\"auto, (max-width: 640px) 100vw, 640px\" \/><\/figure>\n<\/div>\n\n\n<p><strong>Titula\u00e7\u00e3o:<\/strong>&nbsp;Doutorado &#8211; Universidade Estadual de Maring\u00e1 &#8211; 2016<\/p>\n\n\n\n<p><strong>Cargo:<\/strong>&nbsp;Professor Temor\u00e1rio &#8211; UEL &#8211; Londrina<\/p>\n\n\n\n<p><strong>E-mail:<\/strong><a href=\"mailto:caixeta@uel.br\">caixeta@uel.br<\/a><\/p>\n\n\n\n<p><a href=\"http:\/\/lattes.cnpq.br\/5960314191976944\" target=\"_blank\" rel=\"noreferrer noopener\"><strong><u>Curr\u00edculo Lattes<\/u><\/strong><\/a><\/p>\n\n\n\n<p><a href=\"http:\/\/dgp.cnpq.br\/dgp\/espelhorh\/5960314191976944\" target=\"_blank\" rel=\"noreferrer noopener\"><strong><u>Grupos CNPq<\/u><\/strong><\/a><\/p>\n\n\n\n<p><a href=\"https:\/\/pos.uel.br\/pgmac\/prof-dr-arthur-henrique-caixeta\/\" data-type=\"page\" data-id=\"857\" target=\"_blank\" rel=\"noreferrer noopener\"><strong><u>P\u00e1gina pessoal<\/u><\/strong><\/a><\/p>\n","protected":false},"excerpt":{"rendered":"<p>Titula\u00e7\u00e3o:&nbsp;Doutorado &#8211; Universidade Estadual de Maring\u00e1 &#8211; 2016 Cargo:&nbsp;Professor Temor\u00e1rio &#8211; UEL &#8211; Londrina E-mail:caixeta@uel.br Curr\u00edculo Lattes Grupos CNPq P\u00e1gina pessoal<\/p>\n","protected":false},"author":6,"featured_media":0,"parent":0,"menu_order":0,"comment_status":"closed","ping_status":"closed","template":"","meta":{"_acf_changed":false,"footnotes":""},"class_list":["post-857","page","type-page","status-publish","hentry"],"acf":[],"_links":{"self":[{"href":"https:\/\/pos.uel.br\/pgmac\/wp-json\/wp\/v2\/pages\/857","targetHints":{"allow":["GET"]}}],"collection":[{"href":"https:\/\/pos.uel.br\/pgmac\/wp-json\/wp\/v2\/pages"}],"about":[{"href":"https:\/\/pos.uel.br\/pgmac\/wp-json\/wp\/v2\/types\/page"}],"author":[{"embeddable":true,"href":"https:\/\/pos.uel.br\/pgmac\/wp-json\/wp\/v2\/users\/6"}],"replies":[{"embeddable":true,"href":"https:\/\/pos.uel.br\/pgmac\/wp-json\/wp\/v2\/comments?post=857"}],"version-history":[{"count":2,"href":"https:\/\/pos.uel.br\/pgmac\/wp-json\/wp\/v2\/pages\/857\/revisions"}],"predecessor-version":[{"id":860,"href":"https:\/\/pos.uel.br\/pgmac\/wp-json\/wp\/v2\/pages\/857\/revisions\/860"}],"wp:attachment":[{"href":"https:\/\/pos.uel.br\/pgmac\/wp-json\/wp\/v2\/media?parent=857"}],"curies":[{"name":"wp","href":"https:\/\/api.w.org\/{rel}","templated":true}]}}