{"id":799,"date":"2025-01-23T15:25:13","date_gmt":"2025-01-23T18:25:13","guid":{"rendered":"https:\/\/pos.uel.br\/pgmac\/?page_id=799"},"modified":"2025-01-23T15:25:13","modified_gmt":"2025-01-23T18:25:13","slug":"prof-dr-marcio-antonio-jorge-da-silva","status":"publish","type":"page","link":"https:\/\/pos.uel.br\/pgmac\/prof-dr-marcio-antonio-jorge-da-silva\/","title":{"rendered":"Prof. Dr. Marcio Antonio Jorge da Silva"},"content":{"rendered":"<div class=\"wp-block-image\">\n<figure class=\"aligncenter size-full is-resized\"><img loading=\"lazy\" decoding=\"async\" width=\"773\" height=\"817\" src=\"https:\/\/pos.uel.br\/pgmac\/wp-content\/uploads\/2025\/01\/Marcio1.jpg\" alt=\"\" class=\"wp-image-801\" style=\"width:251px;height:auto\" srcset=\"https:\/\/pos.uel.br\/pgmac\/wp-content\/uploads\/2025\/01\/Marcio1.jpg 773w, https:\/\/pos.uel.br\/pgmac\/wp-content\/uploads\/2025\/01\/Marcio1-284x300.jpg 284w, https:\/\/pos.uel.br\/pgmac\/wp-content\/uploads\/2025\/01\/Marcio1-768x812.jpg 768w\" sizes=\"auto, (max-width: 773px) 100vw, 773px\" \/><\/figure>\n<\/div>\n\n\n<p><strong>Titula\u00e7\u00e3o:<\/strong>&nbsp;Doutorado \u2013 Instituto de Ci\u00eancias Matem\u00e1ticas e de Computa\u00e7\u00e3o \u2013 2012<br>&nbsp;&nbsp;&nbsp;&nbsp;&nbsp;&nbsp;&nbsp;&nbsp; &nbsp;&nbsp;&nbsp;&nbsp;&nbsp;&nbsp;&nbsp;&nbsp; P\u00f3s-Doutorado \u2013 Laborat\u00f3rio Nacional de Computa\u00e7\u00e3o Cient\u00edfica \u2013 2015<\/p>\n\n\n\n<p><strong>Cargo:<\/strong>&nbsp;Professor Adjunto C \u2013 Departamento de Matem\u00e1tica &#8211; UEL<\/p>\n\n\n\n<p><strong>Bloco\/andar\/sala:<\/strong>&nbsp;Departamento de Matem\u00e1tica\/2\u00ba andar\/sala 17<\/p>\n\n\n\n<p><strong>Telefone:<\/strong>+55 (43) 3371-4226&nbsp;<strong>Ramal:<\/strong>&nbsp;4959&nbsp;<strong>Fax:<\/strong>&nbsp;+55 (43) 3371-4216<\/p>\n\n\n\n<p><strong>E-mail:<\/strong><a href=\"mailto:marcioajs@uel.br\">&nbsp;marcioajs@uel.br<\/a>&nbsp;(<strong>alternativo:<\/strong>&nbsp;marcioajs@hotmail.com)<\/p>\n\n\n\n<p><a href=\"http:\/\/lattes.cnpq.br\/0548722142838024\" target=\"_blank\" rel=\"noreferrer noopener\"><strong><u>Curr\u00edculo Lattes<\/u><\/strong><\/a><\/p>\n\n\n\n<p><a href=\"http:\/\/dgp.cnpq.br\/dgp\/espelhorh\/0548722142838024\" target=\"_blank\" rel=\"noreferrer noopener\"><strong><u>Grupos CNPq<\/u><\/strong><\/a><\/p>\n\n\n\n<p><a href=\"http:\/\/www.uel.br\/pessoal\/marciojorge\/\" target=\"_blank\" rel=\"noreferrer noopener\"><strong><u>P\u00e1gina pessoal<\/u><\/strong><\/a><\/p>\n\n\n\n<p><\/p>\n","protected":false},"excerpt":{"rendered":"<p>Titula\u00e7\u00e3o:&nbsp;Doutorado \u2013 Instituto de Ci\u00eancias Matem\u00e1ticas e de Computa\u00e7\u00e3o \u2013 2012&nbsp;&nbsp;&nbsp;&nbsp;&nbsp;&nbsp;&nbsp;&nbsp; &nbsp;&nbsp;&nbsp;&nbsp;&nbsp;&nbsp;&nbsp;&nbsp; P\u00f3s-Doutorado \u2013 Laborat\u00f3rio Nacional de Computa\u00e7\u00e3o Cient\u00edfica \u2013 2015 Cargo:&nbsp;Professor Adjunto C \u2013 Departamento de Matem\u00e1tica &#8211; UEL Bloco\/andar\/sala:&nbsp;Departamento de Matem\u00e1tica\/2\u00ba andar\/sala 17 Telefone:+55 (43) 3371-4226&nbsp;Ramal:&nbsp;4959&nbsp;Fax:&nbsp;+55 (43) 3371-4216 E-mail:&nbsp;marcioajs@uel.br&nbsp;(alternativo:&nbsp;marcioajs@hotmail.com) Curr\u00edculo Lattes Grupos CNPq P\u00e1gina pessoal<\/p>\n","protected":false},"author":6,"featured_media":0,"parent":0,"menu_order":0,"comment_status":"closed","ping_status":"closed","template":"","meta":{"_acf_changed":false,"footnotes":""},"class_list":["post-799","page","type-page","status-publish","hentry"],"acf":[],"_links":{"self":[{"href":"https:\/\/pos.uel.br\/pgmac\/wp-json\/wp\/v2\/pages\/799","targetHints":{"allow":["GET"]}}],"collection":[{"href":"https:\/\/pos.uel.br\/pgmac\/wp-json\/wp\/v2\/pages"}],"about":[{"href":"https:\/\/pos.uel.br\/pgmac\/wp-json\/wp\/v2\/types\/page"}],"author":[{"embeddable":true,"href":"https:\/\/pos.uel.br\/pgmac\/wp-json\/wp\/v2\/users\/6"}],"replies":[{"embeddable":true,"href":"https:\/\/pos.uel.br\/pgmac\/wp-json\/wp\/v2\/comments?post=799"}],"version-history":[{"count":1,"href":"https:\/\/pos.uel.br\/pgmac\/wp-json\/wp\/v2\/pages\/799\/revisions"}],"predecessor-version":[{"id":802,"href":"https:\/\/pos.uel.br\/pgmac\/wp-json\/wp\/v2\/pages\/799\/revisions\/802"}],"wp:attachment":[{"href":"https:\/\/pos.uel.br\/pgmac\/wp-json\/wp\/v2\/media?parent=799"}],"curies":[{"name":"wp","href":"https:\/\/api.w.org\/{rel}","templated":true}]}}