{"id":770,"date":"2025-01-23T15:07:15","date_gmt":"2025-01-23T18:07:15","guid":{"rendered":"https:\/\/pos.uel.br\/pgmac\/?page_id=770"},"modified":"2025-01-23T15:12:03","modified_gmt":"2025-01-23T18:12:03","slug":"prof-dr-andre-vicente","status":"publish","type":"page","link":"https:\/\/pos.uel.br\/pgmac\/prof-dr-andre-vicente\/","title":{"rendered":"Prof. Dr. Andr\u00e9 Vicente"},"content":{"rendered":"<div class=\"wp-block-image\">\n<figure class=\"aligncenter size-full is-resized\"><img loading=\"lazy\" decoding=\"async\" width=\"512\" height=\"512\" src=\"https:\/\/pos.uel.br\/pgmac\/wp-content\/uploads\/2025\/01\/AndreVicente.jpg\" alt=\"\" class=\"wp-image-771\" style=\"width:236px;height:auto\" srcset=\"https:\/\/pos.uel.br\/pgmac\/wp-content\/uploads\/2025\/01\/AndreVicente.jpg 512w, https:\/\/pos.uel.br\/pgmac\/wp-content\/uploads\/2025\/01\/AndreVicente-300x300.jpg 300w, https:\/\/pos.uel.br\/pgmac\/wp-content\/uploads\/2025\/01\/AndreVicente-150x150.jpg 150w\" sizes=\"auto, (max-width: 512px) 100vw, 512px\" \/><\/figure>\n<\/div>\n\n\n<p><strong>Titula\u00e7\u00e3o:<\/strong>&nbsp;Doutorado em Matem\u00e1tica Aplicada &#8211; Universidade Estadual de Campinas &#8211; 2010<\/p>\n\n\n\n<p><strong>Cargo:<\/strong>&nbsp;Professor Adjunto A &#8211; Centro de Ci\u00eancias Exatas e Tecnol\u00f3gicas, Campus de Cascavel &#8211; Universidade Estadual do Oeste do Paran\u00e1<\/p>\n\n\n\n<p><strong>Sala:<\/strong>&nbsp;Sala: 52 do bloco de salas de aula &#8211; Campus de Cascavel &#8211; Unioeste<\/p>\n\n\n\n<p><strong>Telefone:<\/strong>+55 (45) 3220-3164<\/p>\n\n\n\n<p><strong>E-mail:<\/strong><a href=\"mailto:andre.vicente@unioeste.br\">andre.vicente@unioeste.br<\/a><\/p>\n\n\n\n<p><a href=\"http:\/\/lattes.cnpq.br\/5363258579893221\" target=\"_blank\" rel=\"noreferrer noopener\"><strong><u>Curr\u00edculo Lattes<\/u><\/strong><\/a><\/p>\n\n\n\n<p><a href=\"http:\/\/dgp.cnpq.br\/dgp\/espelhorh\/5363258579893221\" target=\"_blank\" rel=\"noreferrer noopener\"><strong><u>Grupos CNPq<\/u><\/strong><\/a><\/p>\n\n\n\n<p><a href=\"https:\/\/sites.google.com\/site\/andrevicentemath\/Home\" target=\"_blank\" rel=\"noreferrer noopener\"><strong><u>P\u00e1gina pessoal<\/u><\/strong><\/a><\/p>\n\n\n\n<p><\/p>\n","protected":false},"excerpt":{"rendered":"<p>Titula\u00e7\u00e3o:&nbsp;Doutorado em Matem\u00e1tica Aplicada &#8211; Universidade Estadual de Campinas &#8211; 2010 Cargo:&nbsp;Professor Adjunto A &#8211; Centro de Ci\u00eancias Exatas e Tecnol\u00f3gicas, Campus de Cascavel &#8211; Universidade Estadual do Oeste do Paran\u00e1 Sala:&nbsp;Sala: 52 do bloco de salas de aula &#8211; Campus de Cascavel &#8211; Unioeste Telefone:+55 (45) 3220-3164 E-mail:andre.vicente@unioeste.br Curr\u00edculo Lattes Grupos CNPq P\u00e1gina pessoal<\/p>\n","protected":false},"author":6,"featured_media":0,"parent":0,"menu_order":0,"comment_status":"closed","ping_status":"closed","template":"","meta":{"_acf_changed":false,"footnotes":""},"class_list":["post-770","page","type-page","status-publish","hentry"],"acf":[],"_links":{"self":[{"href":"https:\/\/pos.uel.br\/pgmac\/wp-json\/wp\/v2\/pages\/770","targetHints":{"allow":["GET"]}}],"collection":[{"href":"https:\/\/pos.uel.br\/pgmac\/wp-json\/wp\/v2\/pages"}],"about":[{"href":"https:\/\/pos.uel.br\/pgmac\/wp-json\/wp\/v2\/types\/page"}],"author":[{"embeddable":true,"href":"https:\/\/pos.uel.br\/pgmac\/wp-json\/wp\/v2\/users\/6"}],"replies":[{"embeddable":true,"href":"https:\/\/pos.uel.br\/pgmac\/wp-json\/wp\/v2\/comments?post=770"}],"version-history":[{"count":2,"href":"https:\/\/pos.uel.br\/pgmac\/wp-json\/wp\/v2\/pages\/770\/revisions"}],"predecessor-version":[{"id":778,"href":"https:\/\/pos.uel.br\/pgmac\/wp-json\/wp\/v2\/pages\/770\/revisions\/778"}],"wp:attachment":[{"href":"https:\/\/pos.uel.br\/pgmac\/wp-json\/wp\/v2\/media?parent=770"}],"curies":[{"name":"wp","href":"https:\/\/api.w.org\/{rel}","templated":true}]}}