{"id":448,"date":"2024-06-23T17:53:52","date_gmt":"2024-06-23T20:53:52","guid":{"rendered":"https:\/\/pos.uel.br\/pgmac\/?page_id=448"},"modified":"2025-11-08T13:38:51","modified_gmt":"2025-11-08T16:38:51","slug":"incial","status":"publish","type":"page","link":"https:\/\/pos.uel.br\/pgmac\/","title":{"rendered":"In\u00edcio"},"content":{"rendered":"\n<div class=\"wp-block-columns is-layout-flex wp-container-core-columns-is-layout-9d6595d7 wp-block-columns-is-layout-flex\">\n<div class=\"wp-block-column is-layout-flow wp-block-column-is-layout-flow\" style=\"flex-basis:66.66%\">\n<div class=\"wp-block-buttons alignfull is-content-justification-center is-layout-flex wp-container-core-buttons-is-layout-16018d1d wp-block-buttons-is-layout-flex\">\n<div class=\"wp-block-button has-custom-width wp-block-button__width-50\"><a class=\"wp-block-button__link has-secondary-accent-background-color has-background wp-element-button\" href=\"https:\/\/pos.uel.br\/pgmac\/corpo-docente\/\" style=\"border-radius:5px\">Corpo Docente<\/a><\/div>\n\n\n\n<div class=\"wp-block-button has-custom-width wp-block-button__width-50\"><a class=\"wp-block-button__link has-secondary-accent-background-color has-background has-text-align-center wp-element-button\" href=\"https:\/\/pos.uel.br\/pgmac\/linhas-de-pesquisa\/\" style=\"border-radius:5px\">Linhas de Pesquisa<\/a><\/div>\n\n\n\n<div class=\"wp-block-button has-custom-width wp-block-button__width-50\"><a class=\"wp-block-button__link has-secondary-accent-background-color has-background wp-element-button\" href=\"https:\/\/pos.uel.br\/pgmac\/mestrado\/\" style=\"border-radius:5px\">Mestrado<\/a><\/div>\n\n\n\n<div class=\"wp-block-button has-custom-width wp-block-button__width-50\"><a class=\"wp-block-button__link has-secondary-accent-background-color has-background has-text-align-center wp-element-button\" href=\"https:\/\/pos.uel.br\/pgmac\/estrutura-curricular-e-normas\/\" style=\"border-radius:5px\">Regimentos, Resolu\u00e7\u00f5es e Normas<\/a><\/div>\n\n\n\n<div class=\"wp-block-button has-custom-width wp-block-button__width-50\"><a class=\"wp-block-button__link has-secondary-accent-background-color has-background wp-element-button\" href=\"https:\/\/pos.uel.br\/pgmac\/laboratorios\/\" style=\"border-radius:5px\">Laborat\u00f3rios<\/a><\/div>\n\n\n\n<div class=\"wp-block-button has-custom-width wp-block-button__width-50\"><a class=\"wp-block-button__link has-secondary-accent-background-color has-background has-text-align-center wp-element-button\" href=\"https:\/\/pos.uel.br\/pgmac\/autoavaliacao\/\" style=\"border-radius:5px\">Autoavalia\u00e7\u00e3o<\/a><\/div>\n<\/div>\n\n\n\n<h2 class=\"wp-block-heading has-secondary-accent-color has-text-color has-link-color wp-elements-342edc5b0beb4266b27455ebd7f38b56\">Editais<\/h2>\n\n\n<div class=\"editais-block\"><a class=\"editais-block__item-block\" href=\"http:\/\/www.uel.br\/eventos\/sigec\/?id=11805\"><div class=\"editais-block__titulo\"><span>Solicita\u00e7\u00e3o de isen\u00e7\u00e3o pelo CAD\u00daNICO para os candidatos do processo de inscri\u00e7\u00e3o e sele\u00e7\u00e3o de aluno regular para 2026\/01<\/span><\/div><div class=\"editais-block__resumo\"><span>Solicita\u00e7\u00e3o de isen\u00e7\u00e3o pelo CAD\u00daNICO para os candidatos do processo de inscri\u00e7\u00e3o e sele\u00e7\u00e3o de aluno regular para 2026\/01<\/span><\/div><div class=\"editais-block__publicado\"><span>4 semanas atr\u00e1s<\/span><\/div><\/a><a class=\"editais-block__item-block\" href=\"https:\/\/pos.uel.br\/pgmac\/wp-content\/uploads\/2026\/03\/Edital_Oferta_Regular_PGMAC_2026-2.pdf\"><div class=\"editais-block__titulo\"><span>EDITAL N\u00ba 01\/2026 \u2013 Oferta aluno regular 2026\/2<\/span><\/div><div class=\"editais-block__resumo\"><span>Estabelece normas e procedimentos de inscri\u00e7\u00e3o e sele\u00e7\u00e3o para o ingresso no Programa de P\u00f3s-Gradua\u00e7\u00e3o Stricto sensu em Matem\u00e1tica Aplicada e Computacional, na condi\u00e7\u00e3o de Estudante Regular.<\/span><\/div><div class=\"editais-block__publicado\"><span>1 m\u00eas atr\u00e1s<\/span><\/div><\/a><a class=\"editais-block__item-block\" href=\"https:\/\/pos.uel.br\/pgmac\/wp-content\/uploads\/2025\/12\/Edital_010_resultado_selecao_oferta_2026_1_assinado.pdf\"><div class=\"editais-block__titulo\"><span>EDITAL N\u00b0 010\/2025 \u2013 Divulga\u00e7\u00e3o de resultado FINAL e convoca\u00e7\u00e3o para matr\u00edcula para alunos da sele\u00e7\u00e3o 2026\/1<\/span><\/div><div class=\"editais-block__resumo\"><span>EDITAL N\u00b0 010\/2025 \u2013 Divulga\u00e7\u00e3o de resultado FINAL e convoca\u00e7\u00e3o para matr\u00edcula para alunos da sele\u00e7\u00e3o 2026\/1<\/span><\/div><div class=\"editais-block__publicado\"><span>5 meses atr\u00e1s<\/span><\/div><\/a><a class=\"editais-block__item-block\" href=\"https:\/\/pos.uel.br\/pgmac\/wp-content\/uploads\/2025\/11\/EDITAL_009_25_Resultado-Proficiencia-Ingles-PGMAC_2025_assinado_assinado.pdf\"><div class=\"editais-block__titulo\"><span>EDITAL N\u00b0 009\/2025 \u2013  Divulga\u00e7\u00e3o de Resultado: Profici\u00eancia em Ingl\u00eas<\/span><\/div><div class=\"editais-block__resumo\"><span>EDITAL N\u00b0 009\/2025 \u2013\r\n Divulga\u00e7\u00e3o de Resultado: Profici\u00eancia em Ingl\u00eas<\/span><\/div><div class=\"editais-block__publicado\"><span>5 meses atr\u00e1s<\/span><\/div><\/a><\/div>\n\n\n<h2 class=\"wp-block-heading has-secondary-accent-color has-text-color has-link-color wp-elements-7b71f031bced332fa653c061261ea930\">Destaque PGMAC<\/h2>\n\n\n\n<blockquote class=\"wp-block-quote is-layout-flow wp-block-quote-is-layout-flow\">\n<p><strong>EVENTO<\/strong><\/p>\n\n\n\n<p><strong>T\u00edtulo: Regularity of periodic solutions for perturbations of complex vector fields.<\/strong><\/p>\n\n\n\n<p><strong>Palestrante: <\/strong>Prof. Dr.\u00a0Rafael Borro Gonzalez, Universidade Estadual de Maring\u00e1 &#8211; UEM.<\/p>\n\n\n\n<p><strong>Data\/Hor\u00e1rio:<\/strong> 14\/11\/25, 14h00.<\/p>\n\n\n\n<p><strong>Local:<\/strong> Sala 05 de multimeios da matem\u00e1tica.<\/p>\n<\/blockquote>\n\n\n\n<p><\/p>\n<\/div>\n\n\n\n<div class=\"wp-block-column is-layout-flow wp-block-column-is-layout-flow\" style=\"flex-basis:33.33%\"><div class=\"wp-block-image\">\n<figure class=\"aligncenter size-full is-resized\"><img loading=\"lazy\" decoding=\"async\" width=\"572\" height=\"360\" src=\"https:\/\/pos.uel.br\/pgmac\/wp-content\/uploads\/2024\/06\/conceito-4-capes.png\" alt=\"\" class=\"wp-image-461\" style=\"width:342px;height:auto\" srcset=\"https:\/\/pos.uel.br\/pgmac\/wp-content\/uploads\/2024\/06\/conceito-4-capes.png 572w, https:\/\/pos.uel.br\/pgmac\/wp-content\/uploads\/2024\/06\/conceito-4-capes-300x189.png 300w\" sizes=\"auto, (max-width: 572px) 100vw, 572px\" \/><\/figure>\n<\/div>\n\n\n<h3 class=\"wp-block-heading\"><strong><strong>Coordena\u00e7\u00e3o<\/strong><\/strong><\/h3>\n\n\n\n<ul class=\"wp-block-list\">\n<li>Prof. Dr. Paulo Laerte Natti (Coordenador)<\/li>\n\n\n\n<li>Prof\u00aa. Dr\u00aa. Mariana Ragassi Urbano (Vice-Coordenador)<\/li>\n\n\n\n<li>Prof. Dr. Rodrigo Nunes Monteiro (Terceiro Membro)<\/li>\n<\/ul>\n\n\n\n<h3 class=\"wp-block-heading\"><strong>Contato<\/strong><\/h3>\n\n\n\n<p><strong>Telefone:&nbsp;<\/strong>(43) 3371- 4711<br><strong>E-mail<\/strong>: &nbsp;<a href=\"mailto:pgmac@uel.br\">pgmac@uel.br<\/a><br><strong>Endere\u00e7o:<\/strong>&nbsp;Universidade Estadual de Londrina, Campus Universit\u00e1rio, Rodovia Celso Garcia Cid, 900 Caixa Postal 10011, Centro de Ci\u00eancias Exatas. CEP: 86057-970, LONDRINA &#8211; PR<\/p>\n\n\n\n<div class=\"wp-block-cover\" style=\"min-height:158px;aspect-ratio:unset;\"><img loading=\"lazy\" decoding=\"async\" width=\"1024\" height=\"665\" class=\"wp-block-cover__image-background wp-image-453\" alt=\"\" src=\"https:\/\/pos.uel.br\/pgmac\/wp-content\/uploads\/2024\/06\/localizacao-1024x665.png\" data-object-fit=\"cover\" srcset=\"https:\/\/pos.uel.br\/pgmac\/wp-content\/uploads\/2024\/06\/localizacao-1024x665.png 1024w, https:\/\/pos.uel.br\/pgmac\/wp-content\/uploads\/2024\/06\/localizacao-300x195.png 300w, https:\/\/pos.uel.br\/pgmac\/wp-content\/uploads\/2024\/06\/localizacao-768x499.png 768w, https:\/\/pos.uel.br\/pgmac\/wp-content\/uploads\/2024\/06\/localizacao.png 1275w\" sizes=\"auto, (max-width: 1024px) 100vw, 1024px\" \/><span aria-hidden=\"true\" class=\"wp-block-cover__background has-background-dim\"><\/span><div class=\"wp-block-cover__inner-container is-layout-flow wp-block-cover-is-layout-flow\">\n<p class=\"has-text-align-center has-site-background-color has-text-color has-link-color has-large-font-size wp-elements-8f8bd088e5f5941f959474ae58cee5f3\"><strong><a href=\"https:\/\/maps.app.goo.gl\/rRHHAvAWvixgawc67\">Ver Localiza\u00e7\u00e3o<\/a><\/strong><\/p>\n<\/div><\/div>\n\n\n\n<h3 class=\"wp-block-heading\">Hor\u00e1rios de Disciplinas<\/h3>\n\n\n\n<div class=\"wp-block-buttons is-content-justification-right is-layout-flex wp-container-core-buttons-is-layout-765c4724 wp-block-buttons-is-layout-flex\">\n<div class=\"wp-block-button has-custom-width wp-block-button__width-100\"><a class=\"wp-block-button__link has-secondary-accent-background-color has-background wp-element-button\" href=\"https:\/\/pos.uel.br\/pgmac\/horario-e-orientacao\/\" style=\"border-radius:5px\">Mestrado &#8211; Segundo Semestre de 2025<\/a><\/div>\n<\/div>\n<\/div>\n<\/div>\n\n\n\n<p><\/p>\n\n\n\n<p><\/p>\n","protected":false},"excerpt":{"rendered":"<p>Editais Destaque PGMAC EVENTO T\u00edtulo: Regularity of periodic solutions for perturbations of complex vector fields. Palestrante: Prof. Dr.\u00a0Rafael Borro Gonzalez, Universidade Estadual de Maring\u00e1 &#8211; UEM. Data\/Hor\u00e1rio: 14\/11\/25, 14h00. Local: Sala 05 de multimeios da matem\u00e1tica. Coordena\u00e7\u00e3o Contato Telefone:&nbsp;(43) 3371- 4711E-mail: &nbsp;pgmac@uel.brEndere\u00e7o:&nbsp;Universidade Estadual de Londrina, Campus Universit\u00e1rio, Rodovia Celso Garcia Cid, 900 Caixa Postal 10011, [&hellip;]<\/p>\n","protected":false},"author":6,"featured_media":0,"parent":0,"menu_order":0,"comment_status":"closed","ping_status":"closed","template":"","meta":{"_acf_changed":false,"footnotes":""},"class_list":["post-448","page","type-page","status-publish","hentry"],"acf":[],"_links":{"self":[{"href":"https:\/\/pos.uel.br\/pgmac\/wp-json\/wp\/v2\/pages\/448","targetHints":{"allow":["GET"]}}],"collection":[{"href":"https:\/\/pos.uel.br\/pgmac\/wp-json\/wp\/v2\/pages"}],"about":[{"href":"https:\/\/pos.uel.br\/pgmac\/wp-json\/wp\/v2\/types\/page"}],"author":[{"embeddable":true,"href":"https:\/\/pos.uel.br\/pgmac\/wp-json\/wp\/v2\/users\/6"}],"replies":[{"embeddable":true,"href":"https:\/\/pos.uel.br\/pgmac\/wp-json\/wp\/v2\/comments?post=448"}],"version-history":[{"count":20,"href":"https:\/\/pos.uel.br\/pgmac\/wp-json\/wp\/v2\/pages\/448\/revisions"}],"predecessor-version":[{"id":1107,"href":"https:\/\/pos.uel.br\/pgmac\/wp-json\/wp\/v2\/pages\/448\/revisions\/1107"}],"wp:attachment":[{"href":"https:\/\/pos.uel.br\/pgmac\/wp-json\/wp\/v2\/media?parent=448"}],"curies":[{"name":"wp","href":"https:\/\/api.w.org\/{rel}","templated":true}]}}