{"id":388,"date":"2024-06-18T11:27:52","date_gmt":"2024-06-18T14:27:52","guid":{"rendered":"https:\/\/pos.uel.br\/pgmac\/?page_id=388"},"modified":"2026-01-16T08:31:42","modified_gmt":"2026-01-16T11:31:42","slug":"produtos-produzidos","status":"publish","type":"page","link":"https:\/\/pos.uel.br\/pgmac\/produtos-produzidos\/","title":{"rendered":"Produtos produzidos"},"content":{"rendered":"\n<ol class=\"wp-block-list\"><\/ol>\n\n\n\n<h2 class=\"wp-block-heading has-text-align-center\">2025<\/h2>\n\n\n\n<ol class=\"wp-block-list\">\n<li>Marcelo M. Cavalcanti, Val\u00e9ria N. Domingos Cavalcanti &amp;<strong>\u00a0Wellington J. Corr\u00eaa <\/strong>(2025). A Course on Real Analysis. Monograph Series of the Parana\u2019s Mathematical Society: Maring\u00e1. <strong>DOI: <\/strong><a href=\"https:\/\/doi.org\/10.5269\/bspm.81129\">https:\/\/doi.org\/10.5269\/bspm.81129<\/a><\/li>\n\n\n\n<li>SALADINI, A. C; CAVALCANTE, A. L. B. L;MELLO, D. E. ;<strong>LIBONI FILHO, P. A<\/strong>; FURTOSO, V. A. B; ANDRA, Z. A. F.<br>T\u00edtulo do livro: \u201cA\u00e7\u00f5es articuladoras do Trip\u00e9 Ensino, Pesquisa e Extens\u00e3o das Universidades Paranaenses\u201d T\u00edtulo do Cap\u00edtulo do livro: \u201cDESAFIOS ATUAIS DA EXTENS\u00c3O\u201d, pag 298\u00a0<strong>[cap\u00edtulo de livro]<\/strong><\/li>\n<\/ol>\n\n\n\n<h2 class=\"wp-block-heading has-text-align-center\">2023<\/h2>\n\n\n\n<ol reversed class=\"wp-block-list\">\n<li>GOMES TAVARES, E. H.;&nbsp;<strong>JORGE SILVA, M.A.<\/strong>; NARCISO, V.;&nbsp;<strong>VICENTE, A.<\/strong>&nbsp;<em>INTRINSIC POLYNOMIAL SQUEEZING FOR BALAKRISHNAN-TAYLOR BEAM MODELS.<\/em><br>In: K\u00e4hler, U., Reissig, M., Sabadini, I., Vindas, J.(eds) Analysis, Applications, and Computations. ISAAC 2021. Trends in Mathematics. Birkh\u00e4user, 1ed (2023), p. 621-633.ISBN: 978-3-031-36374-0<br><a href=\"https:\/\/link.springer.com\/chapter\/10.1007\/978-3-031-36375-7_47\">https:\/\/doi.org\/10.1007\/978-3-031-36375-7_47<\/a>&nbsp;<strong>[cap\u00edtulo de livro]<\/strong><\/li>\n\n\n\n<li>BRANCHER, J. D.;&nbsp;<strong>LIBONI FILHO, P. A.<\/strong>; PILATI FILHO, E. L.; MARTINS, C. M.&nbsp;<em>SIM EPIDEMIO &#8211; Simulador Epidemiol\u00f3gico<\/em>.<br>INPI, BR512023002298-5, 2023.<br><a href=\"https:\/\/busca.inpi.gov.br\/pePI\/jsp\/programas\/ProgramaSearchBasico.jsp\">BR512023002298-5<\/a>&nbsp;<strong>[programa de computador: 512023002298-5]<\/strong><\/li>\n<\/ol>\n\n\n\n<hr class=\"wp-block-separator has-alpha-channel-opacity\" \/>\n\n\n\n<h2 class=\"wp-block-heading has-text-align-center\">2022<\/h2>\n\n\n\n<ol reversed class=\"wp-block-list\">\n<li><strong>ROMEIRO, N. M. L.<\/strong>; PANIS, C.; NATTI, P. L.; CASAMAXIMO, R. F.; SILVA, P. Z.; SOUZA, I. P.&nbsp;<em>WAECM &#8211; Website para an\u00e1lise estat\u00edstica envolvendo pacientes que desenvolveram c\u00e2ncer de mama<\/em>.<br>INPI, BR512022003116-7, 2022.<br><a href=\"https:\/\/busca.inpi.gov.br\/pePI\/jsp\/programas\/ProgramaSearchBasico.jsp\">BR512022003116-7<\/a>&nbsp;<strong>[programa de computador: 512022003116-7]<\/strong><\/li>\n\n\n\n<li><strong>ROMEIRO, N. M. L.<\/strong>; CIRILO, E. R.; SOUZA, I. P.; SILVA, P. Z.; CASAMAXIMO, R. F.&nbsp;<em>Context &#8211; Software for contour extraction and mesh generation<\/em>.<br>INPI, BR512022002354-7, 2022.<br><a href=\"https:\/\/busca.inpi.gov.br\/pePI\/jsp\/programas\/ProgramaSearchBasico.jsp\">BR512022002354-7<\/a>&nbsp;<strong>[programa de computador: 512022002354-7]<\/strong><\/li>\n\n\n\n<li>OLIVEIRA, C. K.;&nbsp;<strong>NATTI, P.L.<\/strong>; CIRILO, E. R.; ROMEIRO, N. M. L.; TAKANO NATTI, E. R.&nbsp;<em>GEST\u00c3O DE ESTOQUES: UMA APLICA\u00c7\u00c3O DO MODELO DO LOTE ECON\u00d4MICO DE COMPRA.<\/em><br>Atena Editora, 2022, p. 46-60. ISBN: 9786525801803<br><a href=\"https:\/\/www.atenaeditora.com.br\/post-artigo\/62879\">doi.org\/10.22533\/at.ed.8032226044<\/a>&nbsp;<strong>[cap\u00edtulo de livro]<\/strong><\/li>\n<\/ol>\n\n\n\n<hr class=\"wp-block-separator has-alpha-channel-opacity\" \/>\n\n\n\n<h2 class=\"wp-block-heading has-text-align-center\">2021<\/h2>\n\n\n\n<ol reversed class=\"wp-block-list\">\n<li>SILVA, P. Z.;&nbsp;<strong>ROMEIRO, N. M. L.<\/strong>; CASAMAXIMO, R. F.; SOUZA, I. P.; NATTI, P. L.; CIRILO, E. R.<br><em>ALGORITMO PARA GERA\u00c7\u00c3O DE CONTORNO DE MALHAS RETANGULARES PARA C\u00c1LCULO DE DIFEREN\u00c7AS FINITAS<\/em>.<br>Atena Editora, 2021, p. 38-52. ISBN: 9786559833870<br><a href=\"https:\/\/sistema.atenaeditora.com.br\/index.php\/admin\/api\/artigoPDF\/53506\">doi:10.22533\/at.ed.8702118084<\/a>&nbsp;<strong>[cap\u00edtulo de livro]<\/strong><\/li>\n<\/ol>\n\n\n\n<hr class=\"wp-block-separator has-alpha-channel-opacity\" \/>\n\n\n\n<h2 class=\"wp-block-heading has-text-align-center\">2020<\/h2>\n\n\n\n<ol reversed class=\"wp-block-list\">\n<li>BELINELLI, E. O.;&nbsp;<strong>NATTI, P. L.<\/strong>; ROMEIRO, N. M. L.; CIRILO, E. R.; FANTIN, L. H.; OLIVEIRA, K. B.; CANTERI, M. G.; NATTI, \u00c9. R. T.<br><em>GERA\u00c7\u00c3O DE MALHA PARA DESCREVER A DISPERS\u00c3O DA FERRUGEM DA SOJA NO PARAN\u00c1<\/em>.<br>Atena Editora, 2020, p. 225-239. ISBN: 9786557061602<br><a href=\"https:\/\/sistema.atenaeditora.com.br\/index.php\/admin\/api\/artigoPDF\/35490\">doi:10.22533\/at.ed.60220020717<\/a>&nbsp;<strong>[cap\u00edtulo de livro]<\/strong><\/li>\n\n\n\n<li>NASCIMENTO, M. M. G.; STR\u00d6HER, G. L.;&nbsp;<strong>STR\u00d6HER, G. R.<\/strong><br><em>BREVE AN\u00c1LISE T\u00c9RMICA BIDIMENSIONAL DA TIREOIDE HUMANA NA PRESEN\u00c7A DE TUMOR<\/em>.<br>Editora Amplla, 2020, p. 225-239. ISBN: 9786588332207<br><a href=\"https:\/\/ampllaeditora.com.br\/books\/2020\/08\/eBook-G.C.-Ciencias-Medicas.pdf\">ISBN: 9786588332207<\/a>&nbsp;<strong>[cap\u00edtulo de livro]<\/strong><\/li>\n\n\n\n<li><strong>STR\u00d6HER, G. R.;&nbsp;<\/strong>STR\u00d6HER, G. L.<br><em>ALGORITMO DE OTIMIZA\u00c7\u00c3O METAHEUR\u00cdSTICA INSPIRADO EM UM JOGO DE BASQUETE<\/em>.<br>Atena Editora, 2020, p. 62-73. ISBN: 9786588580073<br><a href=\"https:\/\/ayaeditora.com.br\/Livro\/5882\">doi:10.47573\/aya.88580.2.3.4<\/a>&nbsp;<strong>[cap\u00edtulo de livro]<\/strong><\/li>\n<\/ol>\n\n\n\n<hr class=\"wp-block-separator has-alpha-channel-opacity\" \/>\n\n\n\n<h2 class=\"wp-block-heading has-text-align-center\">2019<\/h2>\n\n\n\n<ol reversed class=\"wp-block-list\">\n<li><strong>NATTI, P. L.<\/strong>; ROMEIRO, N. M. L.; CIRILO, E. R.; NATTI, \u00c9. R. T.; OLIVEIRA, C. F.; SOBRINHO, A. S. O.; KITA, C. M.<br><em>MODELAGEM MATEM\u00c1TICA E ESTABILIDADE DE SISTEMAS PREDADOR-PRESA<\/em>.<br>Atena Editora, 2019, v.2, p. 162-177. ISBN: 9788572472395<br><a href=\"https:\/\/www.atenaeditora.com.br\/wp-content\/uploads\/2019\/04\/E-book-A-produ%C3%A7%C3%A3o-do-conhecimento-nas-Ci%C3%AAncias-Exatas-e-da-Terra-2.pdf\">doi:10.22533\/at.ed.39519040416<\/a>&nbsp;<strong>[cap\u00edtulo de livro]<\/strong><\/li>\n<\/ol>\n\n\n\n<hr class=\"wp-block-separator has-alpha-channel-opacity\" \/>\n\n\n\n<h2 class=\"wp-block-heading has-text-align-center\">2017<\/h2>\n\n\n\n<ol reversed class=\"wp-block-list\">\n<li>CIRILO, E. R.;&nbsp;<strong>ROMEIRO, N. M. L.<\/strong>; NATTI, P. L.; FELINTO, A. S.; NAOZUKA, G. T.&nbsp;<em>BORDERMAP<\/em>.<br>INPI, BR512017001108-7, 2017.<br><a href=\"https:\/\/busca.inpi.gov.br\/pePI\/jsp\/programas\/ProgramaSearchBasico.jsp\">BR512017001108-7<\/a>&nbsp;<strong>[programa de computador: 512017001108-7]<\/strong><\/li>\n\n\n\n<li><strong>CIRILO, E. R.<\/strong>; ROMEIRO, N. M. L.; NATTI, P. L.; HIPOLITO, A. W.&nbsp;<em>SiPreJur<\/em>.<br>INPI, BR512017000075-1, 2017.<br><a href=\"https:\/\/busca.inpi.gov.br\/pePI\/jsp\/programas\/ProgramaSearchBasico.jsp\">BR512017000075-1<\/a>&nbsp;<strong>[programa de computador: 512017000075-1]<\/strong><\/li>\n<\/ol>\n","protected":false},"excerpt":{"rendered":"<p>2025 2023 2022 2021 2020 2019 2017<\/p>\n","protected":false},"author":6,"featured_media":0,"parent":0,"menu_order":0,"comment_status":"closed","ping_status":"closed","template":"","meta":{"_acf_changed":false,"footnotes":""},"class_list":["post-388","page","type-page","status-publish","hentry"],"acf":[],"_links":{"self":[{"href":"https:\/\/pos.uel.br\/pgmac\/wp-json\/wp\/v2\/pages\/388","targetHints":{"allow":["GET"]}}],"collection":[{"href":"https:\/\/pos.uel.br\/pgmac\/wp-json\/wp\/v2\/pages"}],"about":[{"href":"https:\/\/pos.uel.br\/pgmac\/wp-json\/wp\/v2\/types\/page"}],"author":[{"embeddable":true,"href":"https:\/\/pos.uel.br\/pgmac\/wp-json\/wp\/v2\/users\/6"}],"replies":[{"embeddable":true,"href":"https:\/\/pos.uel.br\/pgmac\/wp-json\/wp\/v2\/comments?post=388"}],"version-history":[{"count":7,"href":"https:\/\/pos.uel.br\/pgmac\/wp-json\/wp\/v2\/pages\/388\/revisions"}],"predecessor-version":[{"id":1130,"href":"https:\/\/pos.uel.br\/pgmac\/wp-json\/wp\/v2\/pages\/388\/revisions\/1130"}],"wp:attachment":[{"href":"https:\/\/pos.uel.br\/pgmac\/wp-json\/wp\/v2\/media?parent=388"}],"curies":[{"name":"wp","href":"https:\/\/api.w.org\/{rel}","templated":true}]}}