{"id":244,"date":"2024-06-16T20:03:21","date_gmt":"2024-06-16T23:03:21","guid":{"rendered":"https:\/\/pos.uel.br\/pgmac\/?page_id=244"},"modified":"2024-06-16T20:06:57","modified_gmt":"2024-06-16T23:06:57","slug":"laboratorios-2","status":"publish","type":"page","link":"https:\/\/pos.uel.br\/pgmac\/es\/laboratorios-2\/","title":{"rendered":"Laboratorios"},"content":{"rendered":"\n<h3 class=\"wp-block-heading\"><a href=\"http:\/\/www.uel.br\/laboratorios\/labsan\" target=\"_BLANK\" rel=\"noreferrer noopener\">LabSAN &#8211; Laboratorio de Simulaci\u00f3n y An\u00e1lisis Num\u00e9rico<\/a><\/h3>\n\n\n\n<p>El laboratorio instalado en la UEL se utiliza para simulaciones, an\u00e1lisis num\u00e9ricos de flujos de fluidos y modelos ambientales vinculados a la l\u00ednea de investigaci\u00f3n de Modelaci\u00f3n Matem\u00e1tica Computacional.<\/p>\n\n\n\n<p>Subvencionado por el aviso p\u00fablico n\u00ba 24\/2012 &#8211; Equipamiento Pro-Institucional de las Capas.<\/p>\n\n\n\n<div class=\"wp-block-buttons alignwide is-content-justification-center is-layout-flex wp-container-core-buttons-is-layout-16018d1d wp-block-buttons-is-layout-flex\">\n<div class=\"wp-block-button has-custom-font-size has-medium-font-size\"><a class=\"wp-block-button__link has-secondary-accent-background-color has-background wp-element-button\" style=\"border-radius:10px\">LabSan &#8211; Laboratorio de Simulaci\u00f3n y An\u00e1lisis Num\u00e9rico<\/a><\/div>\n<\/div>\n\n\n\n<p><\/p>\n\n\n\n<p><\/p>\n\n\n\n<h2 class=\"wp-block-heading\"><a href=\"https:\/\/www.assis.unesp.br\/#!\/departamentos\/ciencias-biologicas\/laboratorios\/laboratorio-de-matematica-computacional\/\" target=\"_BLANK\" rel=\"noreferrer noopener\">LabMaC &#8211; Laboratorio de Matem\u00e1tica Computacional<\/a><\/h2>\n\n\n\n<p><br>El laboratorio instalado en la FCLA-UNESP est\u00e1 enfocado en la investigaci\u00f3n y desarrollo de m\u00e9todos num\u00e9ricos en las \u00e1reas de problemas inversos, simulaci\u00f3n num\u00e9rica, bioinform\u00e1tica y biomatem\u00e1tica, vinculados a la l\u00ednea de investigaci\u00f3n Modelaci\u00f3n Matem\u00e1tica Computacional.<\/p>\n\n\n\n<div class=\"wp-block-buttons alignwide is-content-justification-center is-layout-flex wp-container-core-buttons-is-layout-16018d1d wp-block-buttons-is-layout-flex\">\n<div class=\"wp-block-button has-custom-font-size has-medium-font-size\"><a class=\"wp-block-button__link has-secondary-accent-background-color has-background wp-element-button\" style=\"border-radius:10px\">LabMaC &#8211; Laboratorio de Matem\u00e1tica Computacional<\/a><\/div>\n<\/div>\n\n\n\n<p><\/p>\n\n\n\n<p><\/p>\n\n\n\n<h2 class=\"wp-block-heading\"><a href=\"https:\/\/lookerstudio.google.com\/reporting\/69da01e4-4bf1-4571-bbff-d1e5f654aef3\" target=\"_BLANK\" rel=\"noreferrer noopener\">LabEst &#8211; Laboratorio de Estad\u00edstica<\/a><\/h2>\n\n\n\n<p><br>El Laboratorio de Estad\u00edstica instalado en el Departamento de Estad\u00edstica de la UEL tiene como objetivo la recolecci\u00f3n y an\u00e1lisis de datos de las m\u00e1s diversas \u00e1reas, albergando proyectos de Investigaci\u00f3n y Extensi\u00f3n.<br><br><\/p>\n\n\n\n<div class=\"wp-block-buttons alignwide is-content-justification-center is-layout-flex wp-container-core-buttons-is-layout-16018d1d wp-block-buttons-is-layout-flex\">\n<div class=\"wp-block-button has-custom-font-size has-medium-font-size\"><a class=\"wp-block-button__link has-secondary-accent-background-color has-background wp-element-button\" style=\"border-radius:10px\">LabEst &#8211; Laboratorio de Estad\u00edstica<\/a><\/div>\n<\/div>\n","protected":false},"excerpt":{"rendered":"<p>LabSAN &#8211; Laboratorio de Simulaci\u00f3n y An\u00e1lisis Num\u00e9rico El laboratorio instalado en la UEL se utiliza para simulaciones, an\u00e1lisis num\u00e9ricos de flujos de fluidos y modelos ambientales vinculados a la l\u00ednea de investigaci\u00f3n de Modelaci\u00f3n Matem\u00e1tica Computacional. Subvencionado por el aviso p\u00fablico n\u00ba 24\/2012 &#8211; Equipamiento Pro-Institucional de las Capas. LabMaC &#8211; Laboratorio de Matem\u00e1tica [&hellip;]<\/p>\n","protected":false},"author":6,"featured_media":0,"parent":0,"menu_order":0,"comment_status":"closed","ping_status":"closed","template":"","meta":{"_acf_changed":false,"footnotes":""},"class_list":["post-244","page","type-page","status-publish","hentry"],"acf":[],"_links":{"self":[{"href":"https:\/\/pos.uel.br\/pgmac\/wp-json\/wp\/v2\/pages\/244","targetHints":{"allow":["GET"]}}],"collection":[{"href":"https:\/\/pos.uel.br\/pgmac\/wp-json\/wp\/v2\/pages"}],"about":[{"href":"https:\/\/pos.uel.br\/pgmac\/wp-json\/wp\/v2\/types\/page"}],"author":[{"embeddable":true,"href":"https:\/\/pos.uel.br\/pgmac\/wp-json\/wp\/v2\/users\/6"}],"replies":[{"embeddable":true,"href":"https:\/\/pos.uel.br\/pgmac\/wp-json\/wp\/v2\/comments?post=244"}],"version-history":[{"count":2,"href":"https:\/\/pos.uel.br\/pgmac\/wp-json\/wp\/v2\/pages\/244\/revisions"}],"predecessor-version":[{"id":252,"href":"https:\/\/pos.uel.br\/pgmac\/wp-json\/wp\/v2\/pages\/244\/revisions\/252"}],"wp:attachment":[{"href":"https:\/\/pos.uel.br\/pgmac\/wp-json\/wp\/v2\/media?parent=244"}],"curies":[{"name":"wp","href":"https:\/\/api.w.org\/{rel}","templated":true}]}}