{"id":811,"date":"2022-11-01T15:44:30","date_gmt":"2022-11-01T18:44:30","guid":{"rendered":"https:\/\/pos.uel.br\/pgcif\/?page_id=811"},"modified":"2026-01-28T15:58:48","modified_gmt":"2026-01-28T18:58:48","slug":"inscricoes","status":"publish","type":"page","link":"https:\/\/pos.uel.br\/pgcif\/inscricoes\/","title":{"rendered":"Edital e matr\u00edcula"},"content":{"rendered":"\n<p><\/p>\n\n\n\n<p><\/p>\n\n\n\n<p>Para inscri\u00e7\u00e3o e matr\u00edcula uso o link:<a href=\"https:\/\/pos.uel.br\/pgcif\/wp-content\/uploads\/2025\/11\/Edital-IV-Curso-de-Vera\u0303o-1.pdf\" target=\"_blank\" rel=\"noreferrer noopener\">https:\/\/pos.uel.br\/pgcif\/wp-content\/uploads\/2025\/11\/Edital-IV-Curso-de-Vera\u0303o-1.pdf<\/a><\/p>\n\n\n\n<p><\/p>\n\n\n\n<p><strong><a href=\"https:\/\/pos.uel.br\/pgcif\/wp-content\/uploads\/2025\/11\/Edital-de-isenc\u0327a\u0303o-IV-Curso-de-vera\u0303o.pdf\" target=\"_blank\" rel=\"noreferrer noopener\">RESULTADO DA AN\u00c1LISE DAS SOLICITA\u00c7\u00d5ES DE ISEN\u00c7\u00c3O DO PAGAMENTO DA TAXA DE MATR\u00cdCULA PARA O IV CURSO DE VER\u00c3O EM CI\u00caNCIAS FISIOL\u00d3GICAS &#8211; 2026<\/a><\/strong><\/p>\n\n\n\n<p><a href=\"https:\/\/pos.uel.br\/pgcif\/wp-content\/uploads\/2026\/01\/Edital-curso-de-verao-homologadas-2025.pdf\" target=\"_blank\" rel=\"noreferrer noopener\"><strong>CANDIDATOS SELECIONADOS PARA O IV CURSO DE VER\u00c3O EM CI\u00caNCIAS FISIOL\u00d3GICAS<\/strong><\/a><\/p>\n\n\n\n<p><a href=\"http:\/\/www.uel.br\/eventos\/sigec\/?id=11145\" target=\"_blank\" rel=\"noreferrer noopener\"><strong>CLIQUE AQUI PARA REALIZAR MATR\u00cdCULA <\/strong><\/a><\/p>\n\n\n\n<p><\/p>\n\n\n\n<p><\/p>\n\n\n\n<p><\/p>\n","protected":false},"excerpt":{"rendered":"<p>Para inscri\u00e7\u00e3o e matr\u00edcula uso o link:https:\/\/pos.uel.br\/pgcif\/wp-content\/uploads\/2025\/11\/Edital-IV-Curso-de-Vera\u0303o-1.pdf RESULTADO DA AN\u00c1LISE DAS SOLICITA\u00c7\u00d5ES DE ISEN\u00c7\u00c3O DO PAGAMENTO DA TAXA DE MATR\u00cdCULA PARA O IV CURSO DE VER\u00c3O EM CI\u00caNCIAS FISIOL\u00d3GICAS &#8211; 2026 CANDIDATOS SELECIONADOS PARA O IV CURSO DE VER\u00c3O EM CI\u00caNCIAS FISIOL\u00d3GICAS CLIQUE AQUI PARA REALIZAR MATR\u00cdCULA<\/p>\n","protected":false},"author":11,"featured_media":0,"parent":0,"menu_order":0,"comment_status":"closed","ping_status":"closed","template":"","meta":{"footnotes":""},"class_list":["post-811","page","type-page","status-publish","hentry"],"_links":{"self":[{"href":"https:\/\/pos.uel.br\/pgcif\/wp-json\/wp\/v2\/pages\/811","targetHints":{"allow":["GET"]}}],"collection":[{"href":"https:\/\/pos.uel.br\/pgcif\/wp-json\/wp\/v2\/pages"}],"about":[{"href":"https:\/\/pos.uel.br\/pgcif\/wp-json\/wp\/v2\/types\/page"}],"author":[{"embeddable":true,"href":"https:\/\/pos.uel.br\/pgcif\/wp-json\/wp\/v2\/users\/11"}],"replies":[{"embeddable":true,"href":"https:\/\/pos.uel.br\/pgcif\/wp-json\/wp\/v2\/comments?post=811"}],"version-history":[{"count":40,"href":"https:\/\/pos.uel.br\/pgcif\/wp-json\/wp\/v2\/pages\/811\/revisions"}],"predecessor-version":[{"id":1922,"href":"https:\/\/pos.uel.br\/pgcif\/wp-json\/wp\/v2\/pages\/811\/revisions\/1922"}],"wp:attachment":[{"href":"https:\/\/pos.uel.br\/pgcif\/wp-json\/wp\/v2\/media?parent=811"}],"curies":[{"name":"wp","href":"https:\/\/api.w.org\/{rel}","templated":true}]}}

Edital e matrícula

<p></p>



<p></p>



<p>Para inscrição e matrícula uso o link:<a href="https://pos.uel.br/pgcif/wp-content/uploads/2025/11/Edital-IV-Curso-de-Verão-1.pdf" target="_blank" rel="noreferrer noopener">https://pos.uel.br/pgcif/wp-content/uploads/2025/11/Edital-IV-Curso-de-Verão-1.pdf</a></p>



<p></p>



<p><strong><a href="https://pos.uel.br/pgcif/wp-content/uploads/2025/11/Edital-de-isenção-IV-Curso-de-verão.pdf" target="_blank" rel="noreferrer noopener">RESULTADO DA ANÁLISE DAS SOLICITAÇÕES DE ISENÇÃO DO PAGAMENTO DA TAXA DE MATRÍCULA PARA O IV CURSO DE VERÃO EM CIÊNCIAS FISIOLÓGICAS &#8211; 2026</a></strong></p>



<p><a href="https://pos.uel.br/pgcif/wp-content/uploads/2026/01/Edital-curso-de-verao-homologadas-2025.pdf" target="_blank" rel="noreferrer noopener"><strong>CANDIDATOS SELECIONADOS PARA O IV CURSO DE VERÃO EM CIÊNCIAS FISIOLÓGICAS</strong></a></p>



<p><a href="http://www.uel.br/eventos/sigec/?id=11145" target="_blank" rel="noreferrer noopener"><strong>CLIQUE AQUI PARA REALIZAR MATRÍCULA </strong></a></p>



<p></p>



<p></p>



<p></p>

<p>Para inscrição e matrícula uso o link:https://pos.uel.br/pgcif/wp-content/uploads/2025/11/Edital-IV-Curso-de-Verão-1.pdf RESULTADO DA ANÁLISE DAS SOLICITAÇÕES DE ISENÇÃO DO PAGAMENTO DA TAXA DE MATRÍCULA PARA O IV CURSO DE VERÃO EM CIÊNCIAS FISIOLÓGICAS &#8211; 2026 CANDIDATOS SELECIONADOS PARA O IV CURSO DE VERÃO EM CIÊNCIAS FISIOLÓGICAS CLIQUE AQUI PARA REALIZAR MATRÍCULA</p>
