{"id":631,"date":"2022-04-13T11:31:29","date_gmt":"2022-04-13T14:31:29","guid":{"rendered":"https:\/\/pos.uel.br\/pgcif\/?page_id=631"},"modified":"2024-08-16T15:15:15","modified_gmt":"2024-08-16T18:15:15","slug":"profa-dra-glaura-scantamburlo-alves-fernandes","status":"publish","type":"page","link":"https:\/\/pos.uel.br\/pgcif\/profa-dra-glaura-scantamburlo-alves-fernandes\/","title":{"rendered":"Profa. Dra.\u00a0Glaura Scantamburlo Alves Fernandes"},"content":{"rendered":"\n<figure class=\"wp-block-image size-full is-resized\"><img loading=\"lazy\" decoding=\"async\" width=\"434\" height=\"434\" src=\"https:\/\/pos.uel.br\/pgcif\/wp-content\/uploads\/2022\/04\/Glaura.jpg\" alt=\"\" class=\"wp-image-633\" style=\"width:217px;height:217px\" srcset=\"https:\/\/pos.uel.br\/pgcif\/wp-content\/uploads\/2022\/04\/Glaura.jpg 434w, https:\/\/pos.uel.br\/pgcif\/wp-content\/uploads\/2022\/04\/Glaura-300x300.jpg 300w, https:\/\/pos.uel.br\/pgcif\/wp-content\/uploads\/2022\/04\/Glaura-150x150.jpg 150w\" sizes=\"auto, (max-width: 434px) 100vw, 434px\" \/><\/figure>\n\n\n\n<p>Laborat\u00f3rio de Toxicologia e Dist\u00farbios Metab\u00f3licos da Reprodu\u00e7\u00e3o<\/p>\n\n\n\n<p><a rel=\"noreferrer noopener\" href=\"mailto:glaura@uel.br\" target=\"_blank\"><a rel=\"noreferrer noopener\" href=\"mailto:glaura@uel.br\" target=\"_blank\">glaura@uel.br<\/a><\/a>  <\/p>\n\n\n\n<p>(43) 3371-5938<\/p>\n\n\n\n<p>Curr\u00edculo Lattes:\u00a0<a href=\"http:\/\/lattes.cnpq.br\/0503733087170121\" target=\"_blank\" rel=\"noreferrer noopener\">http:\/\/lattes.cnpq.br\/0503733087170121<\/a><br>Orcid iD: \u00a0<a href=\"https:\/\/orcid.org\/0000-0002-6043-1131\" target=\"_blank\" rel=\"noreferrer noopener\">https:\/\/orcid.org\/0000-0002-6043-1131<\/a><\/p>\n\n\n\n<p><strong>Bolsista produtividade em pesquisa CNPQ<\/strong><\/p>\n\n\n\n<p><em><strong>Linha de Pesquisa<\/strong><\/em><\/p>\n\n\n\n<p>Toxicologia e dist\u00farbios metab\u00f3licos da reprodu\u00e7\u00e3o e do desenvolvimento<\/p>\n\n\n\n<p><em><strong>Descri\u00e7\u00e3o<\/strong><\/em><\/p>\n\n\n\n<p>Os projetos de pesquisa realizados no Laborat\u00f3rio de Toxicologia e Dist\u00farbios Metab\u00f3licos da Reprodu\u00e7\u00e3o objetivam avaliar o potencial t\u00f3xico de diferentes compostos sobre a morfofisiologia do sistema reprodutor adulto ou em desenvolvimento (pr\u00e9-natal ou p\u00f3s-natal). Nos delineamentos experimentais s\u00e3o utilizados roedores como modelo experimental e diferentes an\u00e1lises s\u00e3o empregadas para responder \u00e0s hip\u00f3teses dos estudos como par\u00e2metros hormonais, esperm\u00e1ticos, histopatol\u00f3gicos, avalia\u00e7\u00e3o de biomarcadores de estresse oxidativo e mediadores inflamat\u00f3rios.<\/p>\n\n\n\n<p><em><strong>Research description:<\/strong> The research projects conducted in the Toxicology and Metabolic Disorders of Reproduction Laboratory aim to evaluate the toxic potential of different compounds on the morphology and physiology of the adult or developing reproductive system (pre-natal or post-natal). Experimental designs use rodents as model organisms, and various analyses are employed to address study hypotheses, including hormonal parameters, sperm analysis, histopathological evaluation, and assessment of biomarkers of oxidative stress and inflammatory mediators.<\/em><\/p>\n\n\n\n<p><em><strong>Principais trabalhos<\/strong><\/em><\/p>\n\n\n\n<p>ERTHAL-MICHELATO, RAFAELA PIRES; FRIGOLI, GIOVANNA FACHETTI; DE AQUINO, ARIANA MUSA; PUNHAGUI-UMBELINO, ANA PAULA FRANCO; SCARANO, WELLERSON RODRIGO;&nbsp;FERNANDES, GLAURA SCANTAMBURLO ALVES&nbsp;. Low doses of malathion impair ovarian, uterine, and follicular integrity by altering oxidative profile and gene expression of rats exposed during the peripubertal period. Environmental Science and Pollution Research, 31(14):p21721-21736, 2024.<\/p>\n\n\n\n<p>DA COSTA, IVANA REGINA; QUADRELI, D\u00c9BORA HIP\u00d3LITO; DA SILVA, LUCAS MARCELO MEIRA; DE ANDRADE, F\u00c1BIO GOULART;&nbsp;FERNANDES, GLAURA SCANTAMBURLO ALVES. Chlorpyrifos impairs sperm parameters and number of Sertoli and Leydig cells in rats after exposure during the peripubertal period.<br>TOXICOLOGY, v. 504, p. 153789, 2024.<\/p>\n\n\n\n<p>SIERVO, GL\u00c1UCIA ELOISA MUNHOZ DE LION; MARIANI, NOEMIA APARECIDA PARTELLI; SILVA, ALAN ANDREW S.; PUNHAGUI-UMBELINO, ANA PAULA<br>FRANCO; COSTA, IVANA REGINA DA; ANDRADE, ALEXANDRE DORTH DE; SILVA, ERICK J.R.;&nbsp;FERNANDES, GLAURA SCANTAMBURLO ALVES. Low dose of<br>cyclosporine A disrupts sperm parameters and testosterone levels reversibly in mice. TOXICOLOGY AND APPLIED PHARMACOLOGY, v. 460, p. 116374, 2023.<\/p>\n\n\n\n<p>SAMPAIO, C. F.; PRATES, K. V.; ELOISA MUNHOZ DE LION SIERVO, GL\u00c1UCIA; MATHIAS, P. C. F.;&nbsp;FERNANDES, GLAURA SCANTAMBURLO ALVES.&nbsp;Impairment of<br>testicular development in rats exposed to acephate during maternal gestation and lactation.&nbsp;Environmental Science and Pollution Research, p. 1-7, 2019.<\/p>\n\n\n\n<p>ELOISA MUNHOZ DE LION SIERVO, GL\u00c1UCIA; OGO, F. M.; STAURENGO- FERRARI, L.; Anselmo-Franci, Janete A ; CUNHA, F. Q. ; CECCHINI, R. ; GUARNIER,<br>F. A. ; VERRI JR, W. A. ;&nbsp;FERNANDES, GLAURA SCANTAMBURLO ALVES.&nbsp;Sleep restriction during peripuberty unbalances sexual hormones and testicular cytokines in<br>rats.&nbsp;BIOLOGY OF REPRODUCTION, v. 1, p. 1, 2018.<\/p>\n\n\n\n<p><strong>Instagram do laborat\u00f3rio:<\/strong> <a>@toxrepro.uel&nbsp;<\/a><\/p>\n\n\n\n<p><\/p>\n","protected":false},"excerpt":{"rendered":"<p>Laborat\u00f3rio de Toxicologia e Dist\u00farbios Metab\u00f3licos da Reprodu\u00e7\u00e3o glaura@uel.br (43) 3371-5938 Curr\u00edculo Lattes:\u00a0http:\/\/lattes.cnpq.br\/0503733087170121Orcid iD: \u00a0https:\/\/orcid.org\/0000-0002-6043-1131 Bolsista produtividade em pesquisa CNPQ Linha de Pesquisa Toxicologia e dist\u00farbios metab\u00f3licos da reprodu\u00e7\u00e3o e do desenvolvimento Descri\u00e7\u00e3o Os projetos de pesquisa realizados no Laborat\u00f3rio de Toxicologia e Dist\u00farbios Metab\u00f3licos da Reprodu\u00e7\u00e3o objetivam avaliar o potencial t\u00f3xico de diferentes compostos [&hellip;]<\/p>\n","protected":false},"author":9,"featured_media":0,"parent":0,"menu_order":0,"comment_status":"closed","ping_status":"closed","template":"","meta":{"footnotes":""},"class_list":["post-631","page","type-page","status-publish","hentry"],"_links":{"self":[{"href":"https:\/\/pos.uel.br\/pgcif\/wp-json\/wp\/v2\/pages\/631","targetHints":{"allow":["GET"]}}],"collection":[{"href":"https:\/\/pos.uel.br\/pgcif\/wp-json\/wp\/v2\/pages"}],"about":[{"href":"https:\/\/pos.uel.br\/pgcif\/wp-json\/wp\/v2\/types\/page"}],"author":[{"embeddable":true,"href":"https:\/\/pos.uel.br\/pgcif\/wp-json\/wp\/v2\/users\/9"}],"replies":[{"embeddable":true,"href":"https:\/\/pos.uel.br\/pgcif\/wp-json\/wp\/v2\/comments?post=631"}],"version-history":[{"count":7,"href":"https:\/\/pos.uel.br\/pgcif\/wp-json\/wp\/v2\/pages\/631\/revisions"}],"predecessor-version":[{"id":1347,"href":"https:\/\/pos.uel.br\/pgcif\/wp-json\/wp\/v2\/pages\/631\/revisions\/1347"}],"wp:attachment":[{"href":"https:\/\/pos.uel.br\/pgcif\/wp-json\/wp\/v2\/media?parent=631"}],"curies":[{"name":"wp","href":"https:\/\/api.w.org\/{rel}","templated":true}]}}