{"id":539,"date":"2022-04-08T16:05:49","date_gmt":"2022-04-08T19:05:49","guid":{"rendered":"https:\/\/pos.uel.br\/pgcif\/?page_id=539"},"modified":"2025-06-06T09:03:40","modified_gmt":"2025-06-06T12:03:40","slug":"profa-dra-gislaine-garcia-pelosi-gomes","status":"publish","type":"page","link":"https:\/\/pos.uel.br\/pgcif\/profa-dra-gislaine-garcia-pelosi-gomes\/","title":{"rendered":"Profa. Dra.Gislaine Garcia Pelosi Gomes"},"content":{"rendered":"\n<figure class=\"wp-block-image size-full\"><img loading=\"lazy\" decoding=\"async\" width=\"153\" height=\"227\" src=\"https:\/\/pos.uel.br\/pgcif\/wp-content\/uploads\/2022\/09\/foto-2.jpg\" alt=\"\" class=\"wp-image-766\" \/><\/figure>\n\n\n\n<p>Laborat\u00f3rio de Neuroci\u00eancia e Farmacologia Cardiovascular<\/p>\n\n\n\n<p><a href=\"mailto:gislaine@uel.br\">gislaine@uel.br<\/a>&nbsp;&nbsp;&nbsp;<\/p>\n\n\n\n<p>(43) 3371- 4201 &nbsp;&nbsp;&nbsp;&nbsp;&nbsp;&nbsp;&nbsp;&nbsp;&nbsp;&nbsp;&nbsp;&nbsp;&nbsp;&nbsp;&nbsp;&nbsp;&nbsp;&nbsp;&nbsp;&nbsp;&nbsp;&nbsp;&nbsp;&nbsp;&nbsp; &nbsp;&nbsp;&nbsp;&nbsp;&nbsp;&nbsp;&nbsp;&nbsp;&nbsp;&nbsp;&nbsp;&nbsp;&nbsp;&nbsp;&nbsp;&nbsp;&nbsp;&nbsp;&nbsp;&nbsp;&nbsp;&nbsp;&nbsp;&nbsp;&nbsp;&nbsp;&nbsp;&nbsp;&nbsp;&nbsp;&nbsp;&nbsp;&nbsp;&nbsp;&nbsp;&nbsp;&nbsp;&nbsp;&nbsp;&nbsp;&nbsp;&nbsp;&nbsp;&nbsp;&nbsp;&nbsp;&nbsp;&nbsp;&nbsp;&nbsp;&nbsp;&nbsp;&nbsp;&nbsp;&nbsp;&nbsp;&nbsp;&nbsp;&nbsp;&nbsp;&nbsp;&nbsp;&nbsp;&nbsp;&nbsp;&nbsp;&nbsp;&nbsp;&nbsp;&nbsp;&nbsp;&nbsp;&nbsp;&nbsp;&nbsp;&nbsp;&nbsp;&nbsp;&nbsp;&nbsp;&nbsp;&nbsp;&nbsp;&nbsp;&nbsp;&nbsp;&nbsp;&nbsp;&nbsp;&nbsp;&nbsp;&nbsp;&nbsp;&nbsp;&nbsp;&nbsp;&nbsp;&nbsp;&nbsp;&nbsp;&nbsp;&nbsp;&nbsp;&nbsp;&nbsp;&nbsp;&nbsp;&nbsp;&nbsp;&nbsp;&nbsp;&nbsp;&nbsp;&nbsp;&nbsp;&nbsp;&nbsp;&nbsp;&nbsp;&nbsp;&nbsp;&nbsp;&nbsp;&nbsp;&nbsp;&nbsp;&nbsp;&nbsp;&nbsp;&nbsp;&nbsp;&nbsp;&nbsp;&nbsp;&nbsp;&nbsp;&nbsp;&nbsp;&nbsp;&nbsp;&nbsp;&nbsp;&nbsp;&nbsp;&nbsp;&nbsp;&nbsp;&nbsp;&nbsp;<\/p>\n\n\n\n<p>Curr\u00edculo Lattes:\u00a0<a href=\"http:\/\/buscatextual.cnpq.br\/buscatextual\/visualizacv.do?id=K4762632P9\"><\/a>\u00a0<a href=\"http:\/\/lattes.cnpq.br\/5536836686354589\">http:\/\/lattes.cnpq.br\/5536836686354589<\/a><\/p>\n\n\n\n<p>ORCID: <a href=\"https:\/\/orcid.org\/0000-0002-2278-178X\">https:\/\/orcid.org\/0000-0002-2278-178X<\/a><\/p>\n\n\n\n<p><em><strong>Linha de Pesquisa<\/strong><\/em><\/p>\n\n\n\n<p>&#8211; Regula\u00e7\u00e3o neural do sistema cardiovascular<br>&#8211; Neuropsicofarmacologia<\/p>\n\n\n\n<p>&nbsp;<br><em><strong>Descri\u00e7\u00e3o<\/strong><\/em><\/p>\n\n\n\n<p>As principais atividades do laborat\u00f3rio visam estudar as&nbsp;vias neurais e seu controle sobre o funcionamento do sistema cardiovascular na normotens\u00e3o, na hipertens\u00e3o arterial e em condi\u00e7\u00f5es de estresse, al\u00e9m da modula\u00e7\u00e3o central sobre diferentes processos, como ansiedade e estresse.<\/p>\n\n\n\n<p><em><strong>Principais trabalhos<\/strong><\/em><\/p>\n\n\n\n<p>Beasi, W. R. ; Toffoli, L. V. ; Pelosi, G. G. ; Gomes, M. V. M. ; Verissimo, L. F. ; Stocco, M. R. ;Mantoani, L. C. ; Maia, L. P. ; Andraus, R. A. C. . Effects of photobiomodulation and swimmingon gene expression in rats with the tibialis anterior muscle injury. Lasers in Medical Science, v. 0., p. 01, 2020.<\/p>\n\n\n\n<p><br>Ver\u00edssimo, Luiz Fernando ; Volpini, Vinicius Lucca ; Estrada, Viviane Batista ; Matsubara, Nat\u00e1liaKimie ; Gomes, Marcus Vinicius ; Resstel, Leonardo Barbosa Moraes ; Correa, Fernando Morgan Aguiar ; Pelosi, Gislaine Garcia . Treatment with escitalopram modulates cardiovascular function in rats. European Journal of Pharmacology, v. 824, p. 120-127, 2018.<\/p>\n\n\n\n<p><br>Estrada, Viviane Batista; Matsubara, Nat\u00e1lia Kimie; De Matos Gomes, Marcus Vinicius; Corr\u00eaa, Fernando Morgan Aguiar; Pelosi, Gislaine Garcia.&nbsp;Noradrenaline microinjected into the dorsal periaqueductal gray matter causes anxiolytic-like effects in rats tested in the elevated T-maze. Life Sciences (1973). , v.152, p.94 \u2013 98, 2016.<\/p>\n\n\n\n<p><br>Kashimoto, R.K.; Toffoli, L.V.; Manfredo, M.H.F.; Volpini, V.L.; Martins-Pinge, M.C.;&nbsp;Pelosi, G.G.;&nbsp;Gomes, M.V. Physical exercise affects the epigenetic programming of rat brain and modulates the adaptive response evoked by repeated restraint stress.&nbsp;Behavioural Brain Research. , v.296, p.286 \u2013 289, 2016.<\/p>\n\n\n\n<p><br>Rodrigues JR, G.M.; Toffoli, L.V.; Manfredo, M. H.; Oliveira, J. F.; Silva, A.S.; Raquel, H. A.; Martins-Pinge, M.C.; Moreira, E. G.; Fernandes, KBP;&nbsp;PELOSI, G. G.; Gomes, M.V.Acute stress affects the global DNA methylation profile in rat brain: Modulation by physical exercise.&nbsp;Behavioural Brain Research. , v.279, p.123 \u2013 128, 2015.<\/p>\n\n\n\n<p><br>Toffoli, Leandro V.; Rodrigues Jr, G.M.; Oliveira, J. F.; Silva, A.S.; Moreira, E. G.;&nbsp;Pelosi, G. G.; Gomes,&nbsp;Marcus V. M. Maternal exposure to fluoxetine during gestation and lactation affects the DNA methylation programming of rat\u2019s offspring: Modulation by folic acid supplementation. Behavioural Brain Research., p.142 \u2013 147, 2014.<\/p>\n\n\n\n<p><br>Oliveira, J. F.; Ponte, B.; Barbosa, A. P. M.; Ver\u00edssimo, L. F.; Gomes, M.V.;&nbsp;PELOSI, G. G.; Britto, L. R. G.; Moreira, E. G. Fluoxetine exposure during pregnancy and lactation: Effects on acute stress response and behavior in the novelty-suppressed feeding are age and gender-dependent in rats. Behavioural Brain Research. , v.252, p.195 \u2013 203, 2013.<\/p>\n\n\n\n<p><\/p>\n","protected":false},"excerpt":{"rendered":"<p>Laborat\u00f3rio de Neuroci\u00eancia e Farmacologia Cardiovascular gislaine@uel.br&nbsp;&nbsp;&nbsp; (43) 3371- 4201 &nbsp;&nbsp;&nbsp;&nbsp;&nbsp;&nbsp;&nbsp;&nbsp;&nbsp;&nbsp;&nbsp;&nbsp;&nbsp;&nbsp;&nbsp;&nbsp;&nbsp;&nbsp;&nbsp;&nbsp;&nbsp;&nbsp;&nbsp;&nbsp;&nbsp; &nbsp;&nbsp;&nbsp;&nbsp;&nbsp;&nbsp;&nbsp;&nbsp;&nbsp;&nbsp;&nbsp;&nbsp;&nbsp;&nbsp;&nbsp;&nbsp;&nbsp;&nbsp;&nbsp;&nbsp;&nbsp;&nbsp;&nbsp;&nbsp;&nbsp;&nbsp;&nbsp;&nbsp;&nbsp;&nbsp;&nbsp;&nbsp;&nbsp;&nbsp;&nbsp;&nbsp;&nbsp;&nbsp;&nbsp;&nbsp;&nbsp;&nbsp;&nbsp;&nbsp;&nbsp;&nbsp;&nbsp;&nbsp;&nbsp;&nbsp;&nbsp;&nbsp;&nbsp;&nbsp;&nbsp;&nbsp;&nbsp;&nbsp;&nbsp;&nbsp;&nbsp;&nbsp;&nbsp;&nbsp;&nbsp;&nbsp;&nbsp;&nbsp;&nbsp;&nbsp;&nbsp;&nbsp;&nbsp;&nbsp;&nbsp;&nbsp;&nbsp;&nbsp;&nbsp;&nbsp;&nbsp;&nbsp;&nbsp;&nbsp;&nbsp;&nbsp;&nbsp;&nbsp;&nbsp;&nbsp;&nbsp;&nbsp;&nbsp;&nbsp;&nbsp;&nbsp;&nbsp;&nbsp;&nbsp;&nbsp;&nbsp;&nbsp;&nbsp;&nbsp;&nbsp;&nbsp;&nbsp;&nbsp;&nbsp;&nbsp;&nbsp;&nbsp;&nbsp;&nbsp;&nbsp;&nbsp;&nbsp;&nbsp;&nbsp;&nbsp;&nbsp;&nbsp;&nbsp;&nbsp;&nbsp;&nbsp;&nbsp;&nbsp;&nbsp;&nbsp;&nbsp;&nbsp;&nbsp;&nbsp;&nbsp;&nbsp;&nbsp;&nbsp;&nbsp;&nbsp;&nbsp;&nbsp;&nbsp;&nbsp;&nbsp;&nbsp;&nbsp;&nbsp;&nbsp; Curr\u00edculo Lattes:\u00a0\u00a0http:\/\/lattes.cnpq.br\/5536836686354589 ORCID: https:\/\/orcid.org\/0000-0002-2278-178X Linha de Pesquisa &#8211; Regula\u00e7\u00e3o neural do sistema cardiovascular&#8211; Neuropsicofarmacologia &nbsp;Descri\u00e7\u00e3o As principais atividades do laborat\u00f3rio visam estudar as&nbsp;vias neurais e seu controle sobre o funcionamento do sistema cardiovascular na normotens\u00e3o, na hipertens\u00e3o arterial e em condi\u00e7\u00f5es de estresse, [&hellip;]<\/p>\n","protected":false},"author":9,"featured_media":0,"parent":0,"menu_order":0,"comment_status":"closed","ping_status":"closed","template":"","meta":{"footnotes":""},"class_list":["post-539","page","type-page","status-publish","hentry"],"_links":{"self":[{"href":"https:\/\/pos.uel.br\/pgcif\/wp-json\/wp\/v2\/pages\/539","targetHints":{"allow":["GET"]}}],"collection":[{"href":"https:\/\/pos.uel.br\/pgcif\/wp-json\/wp\/v2\/pages"}],"about":[{"href":"https:\/\/pos.uel.br\/pgcif\/wp-json\/wp\/v2\/types\/page"}],"author":[{"embeddable":true,"href":"https:\/\/pos.uel.br\/pgcif\/wp-json\/wp\/v2\/users\/9"}],"replies":[{"embeddable":true,"href":"https:\/\/pos.uel.br\/pgcif\/wp-json\/wp\/v2\/comments?post=539"}],"version-history":[{"count":4,"href":"https:\/\/pos.uel.br\/pgcif\/wp-json\/wp\/v2\/pages\/539\/revisions"}],"predecessor-version":[{"id":1666,"href":"https:\/\/pos.uel.br\/pgcif\/wp-json\/wp\/v2\/pages\/539\/revisions\/1666"}],"wp:attachment":[{"href":"https:\/\/pos.uel.br\/pgcif\/wp-json\/wp\/v2\/media?parent=539"}],"curies":[{"name":"wp","href":"https:\/\/api.w.org\/{rel}","templated":true}]}}