{"id":512,"date":"2022-04-08T11:24:00","date_gmt":"2022-04-08T14:24:00","guid":{"rendered":"https:\/\/pos.uel.br\/pgcif\/?page_id=512"},"modified":"2025-06-06T09:40:04","modified_gmt":"2025-06-06T12:40:04","slug":"512-2","status":"publish","type":"page","link":"https:\/\/pos.uel.br\/pgcif\/512-2\/","title":{"rendered":"Profa. Dra.\u00a0C\u00e1ssia Tha\u00efs Bussamra Vieira Zaia"},"content":{"rendered":"\n<figure class=\"wp-block-image size-full is-resized\"><img loading=\"lazy\" decoding=\"async\" width=\"262\" height=\"304\" src=\"https:\/\/pos.uel.br\/pgcif\/wp-content\/uploads\/2022\/08\/THAIS-2022-1.png\" alt=\"\" class=\"wp-image-740\" style=\"width:207px;height:241px\" srcset=\"https:\/\/pos.uel.br\/pgcif\/wp-content\/uploads\/2022\/08\/THAIS-2022-1.png 262w, https:\/\/pos.uel.br\/pgcif\/wp-content\/uploads\/2022\/08\/THAIS-2022-1-259x300.png 259w\" sizes=\"auto, (max-width: 262px) 100vw, 262px\" \/><\/figure>\n\n\n\n<p>Laborat\u00f3rio de Fisiologia Neuroend\u00f3crina e Metabolismo<br><a href=\"mailto:ctbvzaia@uel.br\">ctbvzaia@uel.br<\/a><br>(43) 3371-5941&nbsp;&nbsp;&nbsp;&nbsp;&nbsp;&nbsp; <\/p>\n\n\n\n<p>Curr\u00edculo Lattes:&nbsp;<a href=\"http:\/\/lattes.cnpq.br\/2741126933670777\">http:\/\/lattes.cnpq.br\/2741126933670777<\/a><a href=\"http:\/\/buscatextual.cnpq.br\/buscatextual\/visualizacv.do?id=K4788146D1\"><\/a><\/p>\n\n\n\n<p>ORCID: <a href=\"https:\/\/orcid.org\/0000-0002-3867-2158\">0000-0002-3867-2158<\/a><\/p>\n\n\n\n<p><strong> Bolsa S\u00eanior da Funda\u00e7\u00e3o Arauc\u00e1ria<\/strong><\/p>\n\n\n\n<p><em><strong>Linha de Pesquisa<\/strong><\/em><\/p>\n\n\n\n<p>Controle neuroend\u00f3crino da homeostase energ\u00e9tica<\/p>\n\n\n\n<p><em><strong>Descri\u00e7\u00e3o<\/strong><\/em><\/p>\n\n\n\n<p>No LaFiNeM &#8211; Laborat\u00f3rio de Fisiologia Neuroend\u00f3crina e Metabolismo, eu e o Dr. Ernane T. Uch\u00f4a, que faz parte deste laborat\u00f3rio, estudamos, em ratos, as altera\u00e7\u00f5es hormonais e metab\u00f3licas plasm\u00e1ticas envolvendo ingest\u00e3o alimentar, toxicidade e desenvolvimento em diferentes situa\u00e7\u00f5es experimentais. Estudo central: administra\u00e7\u00e3o e determina\u00e7\u00e3o de neuromoduladores. Estudo perif\u00e9rico: utiliza\u00e7\u00e3o de nanopart\u00edculas, herbicidas, fitoter\u00e1picos, vitaminas, estresse, etc. para avalia\u00e7\u00f5es teciduais e plasm\u00e1ticas de metab\u00f3litos e horm\u00f4nios; altera\u00e7\u00f5es no sistema reprodutor e avalia\u00e7\u00e3o metab\u00f3licas e de interfer\u00eancia em proles (DOHaD). Trabalhamos em conjunto com outros laborat\u00f3rios para an\u00e1lises de nosso dados: bioqu\u00edmicas e produ\u00e7\u00e3o de nanopart\u00edculas, no Laborat\u00f3rio de Qu\u00edmica Prebi\u00f3tica-LQP-QUI-UEL, do Dr. Dimas A.M. Zaia; fluorimetria e estresse oxidativo, no Laborat\u00f3rio de Ecofisiologia Animal-LEFA-CCB-UEL da Dr. Cl\u00e1udia B.R. Martinez, e no Lab. de Toxicologia e Dist\u00farbios Metab\u00f3licos da Reprodu\u00e7\u00e3o da Dra. Glaura S.A. Fernandes; an\u00e1lises reprodutoras, no Laborat\u00f3rio de Farmacologia da Dra. Daniela C.C.G. Cantamessa e no laborat\u00f3rio da Dra. Glaura; an\u00e1lises histol\u00f3gicas de \u00f3rg\u00e3os e tecidos no Laborat\u00f3rio de An\u00e1lise Histopatol\u00f3gica-LaHIP-HIT-UEL, do Dr. F\u00e1bio G. Andrade. Fazemos colabora\u00e7\u00f5es realizando an\u00e1lises bioqu\u00edmicas: Laborat\u00f3rio de Fisiologia Metab\u00f3lica, da Dra. Gisele L. Bertoline e Dra. Helenir M. Souza, e Laborat\u00f3rio de Farmacologia Vascular, da Dra. Graziela S. Ceravolo. Tamb\u00e9m colaboramos com o Dr. Dimas, na \u00e1rea de Qu\u00edmica Prebi\u00f3tica, orientando alunos e fazendo testes biol\u00f3gicos de materiais avaliando benef\u00edcios e toxicidade. De todas essas colabora\u00e7\u00f5es, temos v\u00e1rias produ\u00e7\u00f5es: artigos cient\u00edficos, artigos de divulga\u00e7\u00e3o, review e cap\u00edtulos de livros. Algumas produ\u00e7\u00f5es dos \u00faltimos anos est\u00e3o a seguir.<\/p>\n\n\n\n<p><em><strong>Principais trabalhos<\/strong><\/em><\/p>\n\n\n\n<p><strong>1. <\/strong>REGINATO, GABRIELA DE SOUZA; DE JAGER, LORENA; MARTINS, ANDRESSA BUSETTI; LUCCHETTI, BRUNO FERNANDO CRUZ; DE CAMPOS, BLENDA HYEDRA; LOPES, FERNANDA NOVI CORTEGOSO; ARAUJO, EDUARDO JOSE DE ALMEIDA;&nbsp;<strong>ZAIA, C\u00c1SSIA THA\u00cfS B. VIEIRA<\/strong>; PINGE-FILHO, PHILENO; MARTINS-PINGE, MARLI CARDOSO. Differential benefits of physical training associated or not with l-arginine supplementation in rats with metabolic syndrome: evaluation of cardiovascular, autonomic and metabolic parameters. PHYSIOLOGY &amp; BEHAVIOR, v.268, p.114251, 2023.&nbsp;<\/p>\n\n\n\n<p><strong>2. <\/strong>DE SOUZA, CAMILA F.; STOPA, LARISSA RUGILA S.; MARTINS, ANDRESSA B.; WUNDERLICH, ANA LUIZA M.; LOPES, GABRIELA MENDICELLI; DE FATIMA SILVA, FLAVIANE; KOMINO, AYUMI CRISTINA MEDEIROS; ZAIA, DIMAS A. M.;&nbsp;<strong>ZAIA, CASSIA THA\u00cfS B. V.<\/strong>; LIMA, FABIO BESSA; UCHOA, ERNANE TORRES. Glucocorticoids contribute to metabolic and liver impairments induced by lactation overnutrition in male adult rats. FRONTIERS IN PHYSIOLOGY, v.14, p.1 &#8211; 13, 2023.<\/p>\n\n\n\n<p><strong>3.<\/strong>&nbsp;SCANDORIEIRO, SARA; KIMURA, ANGELA HITOMI; DE CAMARGO, LARISSA CIAPPINA; GON\u00c7ALVES, MARCELLY CHUE; DA SILVA, JO\u00c3O VIN\u00cdCIUS HON\u00d3RIO; RISSO, WAGNER EZEQUIEL; DE ANDRADE, F\u00c1BIO GOULART;&nbsp;<strong>ZAIA, C\u00c1SSIA THA\u00cfS BUSSAMRA VIEIRA<\/strong>; LONNI, AUDREY ALESANDRA STINGHEN GARCIA; DOS REIS MARTINEZ, CLAUDIA BUENO; DUR\u00c1N, NELSON; NAKAZATO, GERSON; KOBAYASHI, RENATA KATSUKO TAKAYAMA. Hydrogel-containing biogenic silver nanoparticles: antibacterial action, evaluation of wound healing, and bioaccumulation in Wistar rats. MICROORGANISMS, v.11, p.1815, 2023.&nbsp;<\/p>\n\n\n\n<p><strong>4.<\/strong>&nbsp;WUNDERLICH, ANA LUIZA MACHADO; MARTINS, ANDRESSA BUSETTI; DE SOUZA, CAMILA FRANCIELE; STOPA, LARISSA RUGILA S.; MONTEIRO, \u00c9RICA CRISTINA A.M.; AGUIAR, DANIELLY D.; GUERGOLETTE, RHAUANY P.;&nbsp;<strong>ZAIA, C\u00c1SSIA THA\u00cfS B.V.<\/strong>; UCH\u00d4A, ERNANE TORRES. Neonatal overnutrition, but not neonatal undernutrition, disrupts CCK-induced hypophagia and neuron activation of the nucleus of the solitary tract and paraventricular nucleus of hypothalamus of male Wistar rats. BRAIN RESEARCH BULLETIN, v.195, p.109 &#8211; 119, 2023.&nbsp;<\/p>\n\n\n\n<p><strong>5. <\/strong>WUNDERLICH, ANA LUIZA; STOPA, LARISSA; MARTINS, ANDRESSA BUSETTI; DE SOUZA, CAMILA FRANCIELE; MONTEIRO, \u00c9RICA; AGUIAR, DANIELLY; GUERGOLETTE, RHAUANY; SHISHIDO, POLYANA;&nbsp;<strong>ZAIA, CASSIA THAIS<\/strong>; UCHOA, ERNANE. Neonatal overnutritional programming impairs the hypophagia and neuron activation induced by acute lipopolysaccharide in adult male rats. NUTRITIONAL NEUROSCIENCE, v.31, p.1 &#8211; 11, 2023.<\/p>\n\n\n\n<p><em>cap\u00edtulos de livros:<\/em><\/p>\n\n\n\n<p><strong>ZAIA, C.T.B.V.<\/strong>; UCH\u00d4A, E.T. <em>Sistema nervoso aut\u00f4nomo e seu controle central<\/em>, cap. 18. In: Rui Curi e Joaquim Proc\u00f3pio (Orgs.). <strong>Fisiologia b\u00e1sica<\/strong>. 2. ed. Rio de Janeiro: Guanabara Koogan, 2017.<\/p>\n\n\n\n<p><strong>ZAIA, C.T.B.V.<\/strong> <em>Visualizando citologicamente o ciclo estral<\/em>. <em>Estudando a a\u00e7\u00e3o dos ester\u00f3ides gonadais<\/em>. <em>Entendendo o papel da adrenalina no exerc\u00edcio<\/em>. ZAIA C.T.B.V.; ZAIA, D.A.M. <em>Digerindo A\u00e7\u00facares<\/em>. In: Rui Curi, Joaquim Proc\u00f3pio e Luiz Cl\u00e1udio Fernandes (Orgs.). <strong>Praticando Fisiologia<\/strong>. 1. ed. Barueri-SP: Manole, 2005, p. 217-220, 221-227, 437-441; 259-263<\/p>\n\n\n\n<p>ZAIA, D.A.M.; <strong>ZAIA, C.T.B.V.<\/strong>; CARNEIRO, C.E.A. <em>Qu\u00edmica Prebi\u00f3tica:<\/em> a qu\u00edmica da origem da vida, p. 95-113. In: Douglas Galante, Evandro Pereira da Silva, F\u00e1bio Rodrigues, Jorge E. Horvath e Marcio G. B. de Avellar (Orgs.). <strong>Astrobiologia:<\/strong> uma ci\u00eancia emergente. 1. ed. S\u00e3o Paulo: Tikinet edi\u00e7\u00e3o\/IAG-USP, 2016.<\/p>\n\n\n\n<p><strong>ZAIA, C.T.B.V.<\/strong>; ZAIA, D.A.M. SOUZA, R.F. <em>Prote\u00ednas e a origem da vida<\/em>, p. 191-197; ZAIA, C.T.B.V.; ZAIA, D.A.M. Espectrofotometria para an\u00e1lise de prote\u00ednas totais, p. 217-221. In: Rozangela Verlengia, Rui Curi, Estela Bevilacqua e Philip Newsholme (Orgs.). <strong>An\u00e1lises de RNA, prote\u00ednas e matab\u00f3litos<\/strong>: metodologias e procedimentos t\u00e9cnicos. 1. ed. Rio de Janeiro: Editora Grupo GEN, 2012.<\/p>\n","protected":false},"excerpt":{"rendered":"<p>Laborat\u00f3rio de Fisiologia Neuroend\u00f3crina e Metabolismoctbvzaia@uel.br(43) 3371-5941&nbsp;&nbsp;&nbsp;&nbsp;&nbsp;&nbsp; Curr\u00edculo Lattes:&nbsp;http:\/\/lattes.cnpq.br\/2741126933670777 ORCID: 0000-0002-3867-2158 Bolsa S\u00eanior da Funda\u00e7\u00e3o Arauc\u00e1ria Linha de Pesquisa Controle neuroend\u00f3crino da homeostase energ\u00e9tica Descri\u00e7\u00e3o No LaFiNeM &#8211; Laborat\u00f3rio de Fisiologia Neuroend\u00f3crina e Metabolismo, eu e o Dr. Ernane T. Uch\u00f4a, que faz parte deste laborat\u00f3rio, estudamos, em ratos, as altera\u00e7\u00f5es hormonais e metab\u00f3licas plasm\u00e1ticas [&hellip;]<\/p>\n","protected":false},"author":9,"featured_media":0,"parent":0,"menu_order":0,"comment_status":"closed","ping_status":"closed","template":"","meta":{"footnotes":""},"class_list":["post-512","page","type-page","status-publish","hentry"],"_links":{"self":[{"href":"https:\/\/pos.uel.br\/pgcif\/wp-json\/wp\/v2\/pages\/512","targetHints":{"allow":["GET"]}}],"collection":[{"href":"https:\/\/pos.uel.br\/pgcif\/wp-json\/wp\/v2\/pages"}],"about":[{"href":"https:\/\/pos.uel.br\/pgcif\/wp-json\/wp\/v2\/types\/page"}],"author":[{"embeddable":true,"href":"https:\/\/pos.uel.br\/pgcif\/wp-json\/wp\/v2\/users\/9"}],"replies":[{"embeddable":true,"href":"https:\/\/pos.uel.br\/pgcif\/wp-json\/wp\/v2\/comments?post=512"}],"version-history":[{"count":6,"href":"https:\/\/pos.uel.br\/pgcif\/wp-json\/wp\/v2\/pages\/512\/revisions"}],"predecessor-version":[{"id":1682,"href":"https:\/\/pos.uel.br\/pgcif\/wp-json\/wp\/v2\/pages\/512\/revisions\/1682"}],"wp:attachment":[{"href":"https:\/\/pos.uel.br\/pgcif\/wp-json\/wp\/v2\/media?parent=512"}],"curies":[{"name":"wp","href":"https:\/\/api.w.org\/{rel}","templated":true}]}}

Profa. Dra. Cássia Thaïs Bussamra Vieira Zaia

<figure class="wp-block-image size-full is-resized"><img loading="lazy" decoding="async" width="262" height="304" src="https://pos.uel.br/pgcif/wp-content/uploads/2022/08/THAIS-2022-1.png" alt="" class="wp-image-740" style="width:207px;height:241px" srcset="https://pos.uel.br/pgcif/wp-content/uploads/2022/08/THAIS-2022-1.png 262w, https://pos.uel.br/pgcif/wp-content/uploads/2022/08/THAIS-2022-1-259x300.png 259w" sizes="auto, (max-width: 262px) 100vw, 262px" /></figure>



<p>Laboratório de Fisiologia Neuroendócrina e Metabolismo<br><a href="mailto:ctbvzaia@uel.br">ctbvzaia@uel.br</a><br>(43) 3371-5941&nbsp;&nbsp;&nbsp;&nbsp;&nbsp;&nbsp; </p>



<p>Currículo Lattes:&nbsp;<a href="http://lattes.cnpq.br/2741126933670777">http://lattes.cnpq.br/2741126933670777</a><a href="http://buscatextual.cnpq.br/buscatextual/visualizacv.do?id=K4788146D1"></a></p>



<p>ORCID: <a href="https://orcid.org/0000-0002-3867-2158">0000-0002-3867-2158</a></p>



<p><strong> Bolsa Sênior da Fundação Araucária</strong></p>



<p><em><strong>Linha de Pesquisa</strong></em></p>



<p>Controle neuroendócrino da homeostase energética</p>



<p><em><strong>Descrição</strong></em></p>



<p>No LaFiNeM &#8211; Laboratório de Fisiologia Neuroendócrina e Metabolismo, eu e o Dr. Ernane T. Uchôa, que faz parte deste laboratório, estudamos, em ratos, as alterações hormonais e metabólicas plasmáticas envolvendo ingestão alimentar, toxicidade e desenvolvimento em diferentes situações experimentais. Estudo central: administração e determinação de neuromoduladores. Estudo periférico: utilização de nanopartículas, herbicidas, fitoterápicos, vitaminas, estresse, etc. para avaliações teciduais e plasmáticas de metabólitos e hormônios; alterações no sistema reprodutor e avaliação metabólicas e de interferência em proles (DOHaD). Trabalhamos em conjunto com outros laboratórios para análises de nosso dados: bioquímicas e produção de nanopartículas, no Laboratório de Química Prebiótica-LQP-QUI-UEL, do Dr. Dimas A.M. Zaia; fluorimetria e estresse oxidativo, no Laboratório de Ecofisiologia Animal-LEFA-CCB-UEL da Dr. Cláudia B.R. Martinez, e no Lab. de Toxicologia e Distúrbios Metabólicos da Reprodução da Dra. Glaura S.A. Fernandes; análises reprodutoras, no Laboratório de Farmacologia da Dra. Daniela C.C.G. Cantamessa e no laboratório da Dra. Glaura; análises histológicas de órgãos e tecidos no Laboratório de Análise Histopatológica-LaHIP-HIT-UEL, do Dr. Fábio G. Andrade. Fazemos colaborações realizando análises bioquímicas: Laboratório de Fisiologia Metabólica, da Dra. Gisele L. Bertoline e Dra. Helenir M. Souza, e Laboratório de Farmacologia Vascular, da Dra. Graziela S. Ceravolo. Também colaboramos com o Dr. Dimas, na área de Química Prebiótica, orientando alunos e fazendo testes biológicos de materiais avaliando benefícios e toxicidade. De todas essas colaborações, temos várias produções: artigos científicos, artigos de divulgação, review e capítulos de livros. Algumas produções dos últimos anos estão a seguir.</p>



<p><em><strong>Principais trabalhos</strong></em></p>



<p><strong>1. </strong>REGINATO, GABRIELA DE SOUZA; DE JAGER, LORENA; MARTINS, ANDRESSA BUSETTI; LUCCHETTI, BRUNO FERNANDO CRUZ; DE CAMPOS, BLENDA HYEDRA; LOPES, FERNANDA NOVI CORTEGOSO; ARAUJO, EDUARDO JOSE DE ALMEIDA;&nbsp;<strong>ZAIA, CÁSSIA THAÏS B. VIEIRA</strong>; PINGE-FILHO, PHILENO; MARTINS-PINGE, MARLI CARDOSO. Differential benefits of physical training associated or not with l-arginine supplementation in rats with metabolic syndrome: evaluation of cardiovascular, autonomic and metabolic parameters. PHYSIOLOGY &amp; BEHAVIOR, v.268, p.114251, 2023.&nbsp;</p>



<p><strong>2. </strong>DE SOUZA, CAMILA F.; STOPA, LARISSA RUGILA S.; MARTINS, ANDRESSA B.; WUNDERLICH, ANA LUIZA M.; LOPES, GABRIELA MENDICELLI; DE FATIMA SILVA, FLAVIANE; KOMINO, AYUMI CRISTINA MEDEIROS; ZAIA, DIMAS A. M.;&nbsp;<strong>ZAIA, CASSIA THAÏS B. V.</strong>; LIMA, FABIO BESSA; UCHOA, ERNANE TORRES. Glucocorticoids contribute to metabolic and liver impairments induced by lactation overnutrition in male adult rats. FRONTIERS IN PHYSIOLOGY, v.14, p.1 &#8211; 13, 2023.</p>



<p><strong>3.</strong>&nbsp;SCANDORIEIRO, SARA; KIMURA, ANGELA HITOMI; DE CAMARGO, LARISSA CIAPPINA; GONÇALVES, MARCELLY CHUE; DA SILVA, JOÃO VINÍCIUS HONÓRIO; RISSO, WAGNER EZEQUIEL; DE ANDRADE, FÁBIO GOULART;&nbsp;<strong>ZAIA, CÁSSIA THAÏS BUSSAMRA VIEIRA</strong>; LONNI, AUDREY ALESANDRA STINGHEN GARCIA; DOS REIS MARTINEZ, CLAUDIA BUENO; DURÁN, NELSON; NAKAZATO, GERSON; KOBAYASHI, RENATA KATSUKO TAKAYAMA. Hydrogel-containing biogenic silver nanoparticles: antibacterial action, evaluation of wound healing, and bioaccumulation in Wistar rats. MICROORGANISMS, v.11, p.1815, 2023.&nbsp;</p>



<p><strong>4.</strong>&nbsp;WUNDERLICH, ANA LUIZA MACHADO; MARTINS, ANDRESSA BUSETTI; DE SOUZA, CAMILA FRANCIELE; STOPA, LARISSA RUGILA S.; MONTEIRO, ÉRICA CRISTINA A.M.; AGUIAR, DANIELLY D.; GUERGOLETTE, RHAUANY P.;&nbsp;<strong>ZAIA, CÁSSIA THAÏS B.V.</strong>; UCHÔA, ERNANE TORRES. Neonatal overnutrition, but not neonatal undernutrition, disrupts CCK-induced hypophagia and neuron activation of the nucleus of the solitary tract and paraventricular nucleus of hypothalamus of male Wistar rats. BRAIN RESEARCH BULLETIN, v.195, p.109 &#8211; 119, 2023.&nbsp;</p>



<p><strong>5. </strong>WUNDERLICH, ANA LUIZA; STOPA, LARISSA; MARTINS, ANDRESSA BUSETTI; DE SOUZA, CAMILA FRANCIELE; MONTEIRO, ÉRICA; AGUIAR, DANIELLY; GUERGOLETTE, RHAUANY; SHISHIDO, POLYANA;&nbsp;<strong>ZAIA, CASSIA THAIS</strong>; UCHOA, ERNANE. Neonatal overnutritional programming impairs the hypophagia and neuron activation induced by acute lipopolysaccharide in adult male rats. NUTRITIONAL NEUROSCIENCE, v.31, p.1 &#8211; 11, 2023.</p>



<p><em>capítulos de livros:</em></p>



<p><strong>ZAIA, C.T.B.V.</strong>; UCHÔA, E.T. <em>Sistema nervoso autônomo e seu controle central</em>, cap. 18. In: Rui Curi e Joaquim Procópio (Orgs.). <strong>Fisiologia básica</strong>. 2. ed. Rio de Janeiro: Guanabara Koogan, 2017.</p>



<p><strong>ZAIA, C.T.B.V.</strong> <em>Visualizando citologicamente o ciclo estral</em>. <em>Estudando a ação dos esteróides gonadais</em>. <em>Entendendo o papel da adrenalina no exercício</em>. ZAIA C.T.B.V.; ZAIA, D.A.M. <em>Digerindo Açúcares</em>. In: Rui Curi, Joaquim Procópio e Luiz Cláudio Fernandes (Orgs.). <strong>Praticando Fisiologia</strong>. 1. ed. Barueri-SP: Manole, 2005, p. 217-220, 221-227, 437-441; 259-263</p>



<p>ZAIA, D.A.M.; <strong>ZAIA, C.T.B.V.</strong>; CARNEIRO, C.E.A. <em>Química Prebiótica:</em> a química da origem da vida, p. 95-113. In: Douglas Galante, Evandro Pereira da Silva, Fábio Rodrigues, Jorge E. Horvath e Marcio G. B. de Avellar (Orgs.). <strong>Astrobiologia:</strong> uma ciência emergente. 1. ed. São Paulo: Tikinet edição/IAG-USP, 2016.</p>



<p><strong>ZAIA, C.T.B.V.</strong>; ZAIA, D.A.M. SOUZA, R.F. <em>Proteínas e a origem da vida</em>, p. 191-197; ZAIA, C.T.B.V.; ZAIA, D.A.M. Espectrofotometria para análise de proteínas totais, p. 217-221. In: Rozangela Verlengia, Rui Curi, Estela Bevilacqua e Philip Newsholme (Orgs.). <strong>Análises de RNA, proteínas e matabólitos</strong>: metodologias e procedimentos técnicos. 1. ed. Rio de Janeiro: Editora Grupo GEN, 2012.</p>

<p>Laboratório de Fisiologia Neuroendócrina e Metabolismoctbvzaia@uel.br(43) 3371-5941&nbsp;&nbsp;&nbsp;&nbsp;&nbsp;&nbsp; Currículo Lattes:&nbsp;http://lattes.cnpq.br/2741126933670777 ORCID: 0000-0002-3867-2158 Bolsa Sênior da Fundação Araucária Linha de Pesquisa Controle neuroendócrino da homeostase energética Descrição No LaFiNeM &#8211; Laboratório de Fisiologia Neuroendócrina e Metabolismo, eu e o Dr. Ernane T. Uchôa, que faz parte deste laboratório, estudamos, em ratos, as alterações hormonais e metabólicas plasmáticas [&hellip;]</p>
