{"id":400,"date":"2021-10-28T16:25:12","date_gmt":"2021-10-28T19:25:12","guid":{"rendered":"https:\/\/pos.uel.br\/pgcif\/?page_id=400"},"modified":"2021-10-28T16:27:04","modified_gmt":"2021-10-28T19:27:04","slug":"politica-de-cotas","status":"publish","type":"page","link":"https:\/\/pos.uel.br\/pgcif\/politica-de-cotas\/","title":{"rendered":"Pol\u00edtica de cotas"},"content":{"rendered":"\n<p>O processo seletivo para Mestrado e Doutorado do PPG em Ci\u00eancias Fisiol\u00f3gicas utilizar\u00e1, a partir de 2022, a reserva de vagas sociais nas seguinte modalidades:<br>I \u2013 Ampla Concorr\u00eancia, que se referem \u00e0quelas que n\u00e3o est\u00e3o submetidas a nenhuma modalidade de reserva ou suplementariedade de vagas, totalizando 70%;<br>II \u2013 Reservadas para pessoas autodeclaradas negras (pretas e pardas), totalizando 30%;<br>III \u2013 Suplementares para pessoas autodeclaradas ind\u00edgenas e deficientes, totalizando 10%;<br>As vagas suplementares ser\u00e3o automaticamente criadas caso haja candidatas\/os ind\u00edgenas e deficientes.<\/p>\n\n\n\n<p>Veja a minuta preliminar sobre a pol\u00edtica de cotas:&nbsp;<a rel=\"noreferrer noopener\" href=\"https:\/\/pos.uel.br\/gbm\/wp-content\/uploads\/2021\/06\/Minuta-de-Resolucao-cotas-PG.pdf\" target=\"_blank\">arquivo em PDF<\/a><\/p>\n","protected":false},"excerpt":{"rendered":"<p>O processo seletivo para Mestrado e Doutorado do PPG em Ci\u00eancias Fisiol\u00f3gicas utilizar\u00e1, a partir de 2022, a reserva de vagas sociais nas seguinte modalidades:I \u2013 Ampla Concorr\u00eancia, que se referem \u00e0quelas que n\u00e3o est\u00e3o submetidas a nenhuma modalidade de reserva ou suplementariedade de vagas, totalizando 70%;II \u2013 Reservadas para pessoas autodeclaradas negras (pretas e [&hellip;]<\/p>\n","protected":false},"author":9,"featured_media":0,"parent":0,"menu_order":0,"comment_status":"closed","ping_status":"closed","template":"","meta":{"footnotes":""},"class_list":["post-400","page","type-page","status-publish","hentry"],"_links":{"self":[{"href":"https:\/\/pos.uel.br\/pgcif\/wp-json\/wp\/v2\/pages\/400","targetHints":{"allow":["GET"]}}],"collection":[{"href":"https:\/\/pos.uel.br\/pgcif\/wp-json\/wp\/v2\/pages"}],"about":[{"href":"https:\/\/pos.uel.br\/pgcif\/wp-json\/wp\/v2\/types\/page"}],"author":[{"embeddable":true,"href":"https:\/\/pos.uel.br\/pgcif\/wp-json\/wp\/v2\/users\/9"}],"replies":[{"embeddable":true,"href":"https:\/\/pos.uel.br\/pgcif\/wp-json\/wp\/v2\/comments?post=400"}],"version-history":[{"count":3,"href":"https:\/\/pos.uel.br\/pgcif\/wp-json\/wp\/v2\/pages\/400\/revisions"}],"predecessor-version":[{"id":405,"href":"https:\/\/pos.uel.br\/pgcif\/wp-json\/wp\/v2\/pages\/400\/revisions\/405"}],"wp:attachment":[{"href":"https:\/\/pos.uel.br\/pgcif\/wp-json\/wp\/v2\/media?parent=400"}],"curies":[{"name":"wp","href":"https:\/\/api.w.org\/{rel}","templated":true}]}}

Política de cotas

<p>O processo seletivo para Mestrado e Doutorado do PPG em Ciências Fisiológicas utilizará, a partir de 2022, a reserva de vagas sociais nas seguinte modalidades:<br>I – Ampla Concorrência, que se referem àquelas que não estão submetidas a nenhuma modalidade de reserva ou suplementariedade de vagas, totalizando 70%;<br>II – Reservadas para pessoas autodeclaradas negras (pretas e pardas), totalizando 30%;<br>III – Suplementares para pessoas autodeclaradas indígenas e deficientes, totalizando 10%;<br>As vagas suplementares serão automaticamente criadas caso haja candidatas/os indígenas e deficientes.</p>



<p>Veja a minuta preliminar sobre a política de cotas:&nbsp;<a rel="noreferrer noopener" href="https://pos.uel.br/gbm/wp-content/uploads/2021/06/Minuta-de-Resolucao-cotas-PG.pdf" target="_blank">arquivo em PDF</a></p>

<p>O processo seletivo para Mestrado e Doutorado do PPG em Ciências Fisiológicas utilizará, a partir de 2022, a reserva de vagas sociais nas seguinte modalidades:I – Ampla Concorrência, que se referem àquelas que não estão submetidas a nenhuma modalidade de reserva ou suplementariedade de vagas, totalizando 70%;II – Reservadas para pessoas autodeclaradas negras (pretas e [&hellip;]</p>
