{"id":394,"date":"2021-10-28T16:15:54","date_gmt":"2021-10-28T19:15:54","guid":{"rendered":"https:\/\/pos.uel.br\/pgcif\/?page_id=394"},"modified":"2025-05-20T12:06:56","modified_gmt":"2025-05-20T15:06:56","slug":"laboratorios","status":"publish","type":"page","link":"https:\/\/pos.uel.br\/pgcif\/laboratorios\/","title":{"rendered":"Laborat\u00f3rios"},"content":{"rendered":"\n<p><em><strong>Laborat\u00f3rio de Farmacologia da Inflama\u00e7\u00e3o<\/strong><\/em><\/p>\n\n\n\n<p><a href=\"http:\/\/www.uel.br\/pos\/pmpgcf\/portal\/pages\/thais.php\"><\/a><em><strong><em><strong><strong>Laborat\u00f3rio de Fisiologia Neuroend\u00f3crina e Metabolismo<\/strong><\/strong><\/em><\/strong><\/em><\/p>\n\n\n\n<p><em><strong>Laborat\u00f3rio de Ecofisiologia Animal&nbsp;<\/strong><\/em><\/p>\n\n\n\n<p><a href=\"http:\/\/www.uel.br\/pos\/pmpgcf\/portal\/pages\/daniela.php\"><\/a><em><strong><em><strong>Laborat\u00f3rio de Farmacologia da Reprodu\u00e7\u00e3o<\/strong><\/em><\/strong><\/em><\/p>\n\n\n\n<p><em><strong>Laborat\u00f3rio de An\u00e1lises&nbsp;Farmacol\u00f3gicas e Toxicol\u00f3gicas<\/strong><\/em><\/p>\n\n\n\n<p><em><strong>Laborat\u00f3rio de An\u00e1lise Histopatol\u00f3gica<\/strong><\/em><\/p>\n\n\n\n<p><em><strong>Laborat\u00f3rio de Fisiologia Metab\u00f3lica<\/strong><\/em><\/p>\n\n\n\n<p><em><strong>Laborat\u00f3rio de Neuroci\u00eancia e Farmacologia Cardiovascular<\/strong><\/em><\/p>\n\n\n\n<p><em><strong>Laborat\u00f3rio de Toxicologia e Dist\u00farbios Metab\u00f3licos da Reprodu\u00e7\u00e3o<\/strong><\/em><\/p>\n\n\n\n<p><em><strong>Laborat\u00f3rio de\u00a0Farmacologia Vascular<\/strong><\/em><\/p>\n\n\n\n<p><em><strong>Laborat\u00f3rio de Pesquisa em Respostas Cardiovasculares e Exerc\u00edcio<\/strong><\/em><\/p>\n\n\n\n<p><em><strong>Laborat\u00f3rio de&nbsp;Fisiologia do P\u00e2ncreas End\u00f3crino<\/strong><\/em><\/p>\n\n\n\n<p><em><strong>Laborat\u00f3rio de&nbsp;Fisiologia e Fisiopatologia Cardiovascular<\/strong><\/em><\/p>\n\n\n\n<p><\/p>\n\n\n\n<p><a href=\"http:\/\/www.uel.br\/pos\/pgcif\/pages\/paulo.php\"><em><strong><br><\/strong><\/em><\/a><\/p>\n","protected":false},"excerpt":{"rendered":"<p>Laborat\u00f3rio de Farmacologia da Inflama\u00e7\u00e3o Laborat\u00f3rio de Fisiologia Neuroend\u00f3crina e Metabolismo Laborat\u00f3rio de Ecofisiologia Animal&nbsp; Laborat\u00f3rio de Farmacologia da Reprodu\u00e7\u00e3o Laborat\u00f3rio de An\u00e1lises&nbsp;Farmacol\u00f3gicas e Toxicol\u00f3gicas Laborat\u00f3rio de An\u00e1lise Histopatol\u00f3gica Laborat\u00f3rio de Fisiologia Metab\u00f3lica Laborat\u00f3rio de Neuroci\u00eancia e Farmacologia Cardiovascular Laborat\u00f3rio de Toxicologia e Dist\u00farbios Metab\u00f3licos da Reprodu\u00e7\u00e3o Laborat\u00f3rio de\u00a0Farmacologia Vascular Laborat\u00f3rio de Pesquisa em Respostas [&hellip;]<\/p>\n","protected":false},"author":9,"featured_media":0,"parent":0,"menu_order":0,"comment_status":"closed","ping_status":"closed","template":"","meta":{"footnotes":""},"class_list":["post-394","page","type-page","status-publish","hentry"],"_links":{"self":[{"href":"https:\/\/pos.uel.br\/pgcif\/wp-json\/wp\/v2\/pages\/394","targetHints":{"allow":["GET"]}}],"collection":[{"href":"https:\/\/pos.uel.br\/pgcif\/wp-json\/wp\/v2\/pages"}],"about":[{"href":"https:\/\/pos.uel.br\/pgcif\/wp-json\/wp\/v2\/types\/page"}],"author":[{"embeddable":true,"href":"https:\/\/pos.uel.br\/pgcif\/wp-json\/wp\/v2\/users\/9"}],"replies":[{"embeddable":true,"href":"https:\/\/pos.uel.br\/pgcif\/wp-json\/wp\/v2\/comments?post=394"}],"version-history":[{"count":8,"href":"https:\/\/pos.uel.br\/pgcif\/wp-json\/wp\/v2\/pages\/394\/revisions"}],"predecessor-version":[{"id":1621,"href":"https:\/\/pos.uel.br\/pgcif\/wp-json\/wp\/v2\/pages\/394\/revisions\/1621"}],"wp:attachment":[{"href":"https:\/\/pos.uel.br\/pgcif\/wp-json\/wp\/v2\/media?parent=394"}],"curies":[{"name":"wp","href":"https:\/\/api.w.org\/{rel}","templated":true}]}}