{"id":248,"date":"2021-06-28T11:29:40","date_gmt":"2021-06-28T14:29:40","guid":{"rendered":"https:\/\/pos.uel.br\/pgcif\/?page_id=248"},"modified":"2025-05-20T12:51:57","modified_gmt":"2025-05-20T15:51:57","slug":"disiplinas-ofertadas-2024-2","status":"publish","type":"page","link":"https:\/\/pos.uel.br\/pgcif\/disiplinas-ofertadas-2024-2\/","title":{"rendered":"Disciplinas ofertadas no segundo semestre de 2024"},"content":{"rendered":"\n<div class=\"wp-block-uel-card\">\n<p><\/p>\n\n\n\n<h3 class=\"wp-block-heading is-style-highlighted-heading\"><strong>FORMATO:&nbsp;<u><strong>PRESENCIAL <\/strong><\/u><\/strong><\/h3>\n\n\n\n<p><strong>As aulas acontecer\u00e3o preferencialmente no per\u00edodo da manh\u00e3, \u00e0s segundas, quartas e sextas, ficando a crit\u00e9rio dos docentes respons\u00e1veis o agendamento das aulas<\/strong><\/p>\n\n\n\n<p><strong>&#8211; 12\/08\/2024: In\u00edcio do 2\u00ba per\u00edodo letivo de 2024 para os Programas de P\u00f3s-Gradua\u00e7\u00e3o Stricto sensu.<\/strong><\/p>\n\n\n\n<p><strong>&#8211; 28\/02\/2025: T\u00e9rmino do 2\u00ba per\u00edodo letivo de 2024 dos Programas de P\u00f3s-Gradua\u00e7\u00e3o Stricto sensu.<\/strong><\/p>\n\n\n\n<p><mark style=\"background-color:#a3f8e1\" class=\"has-inline-color\"><strong>CLIQUE NO NOME DA DISCIPLINA PARA TER ACESSO AO CRONOGRAMA<\/strong>.<\/mark><\/p>\n\n\n\n<figure class=\"wp-block-table\"><table><tbody><tr><td><strong>Ordem<\/strong><\/td><td><strong>C\u00f3digo<\/strong><\/td><td><strong>Disciplina<\/strong><\/td><td><strong>Professor(s) respons\u00e1vel* (s)<\/strong><\/td><td><strong>Carga Hor\u00e1ria<\/strong><\/td><td><strong>N\u00famero de cr\u00e9ditos<\/strong><\/td><td><strong>Data<\/strong> <strong>de in\u00edcio<\/strong><\/td><\/tr><tr><td>1<\/td><td>2CIF275<\/td><td><a href=\"https:\/\/pos.uel.br\/pgcif\/wp-content\/uploads\/2024\/07\/Cronograma-2024-Fisiologia-e-Farmacologia-do-Sistema-Renal.pdf\">FISIOLOGIA E FARMACOLOGIA<br>RENAL<\/a><\/td><td>Paulo, Graziela<\/td><td>30<\/td><td>02<\/td><td>14 a 30\/08\/2024<br><\/td><\/tr><tr><td>2<\/td><td>2CIF272<\/td><td><a href=\"https:\/\/pos.uel.br\/pgcif\/wp-content\/uploads\/2024\/08\/DISCIPLINA-PGCIF-FISIOLOGIA-E-FARMACOLOGIA-CARDIOVASCULAR-CRONOGRAMA-2024.pdf\">FISIOLOGIA E FARMACOLOGIA<br>CARDIOVASCULAR<\/a><\/td><td> Marli, Gislaine, Marcos<\/td><td> 45<\/td><td>03<\/td><td>04\/09 a 04\/10\/2024<br><\/td><\/tr><tr><td>3<\/td><td>2CIF276<\/td><td>FISIOLOGIA E FARMACOLOGIA<br>RESPIRAT\u00d3RIA<\/td><td>Claudia, Juliana, Andressa<\/td><td>30<\/td><td>02<\/td><td>01\/11 a 18\/11\/2024<br><\/td><\/tr><tr><td>4<\/td><td>2CIF273<\/td><td><a href=\"https:\/\/pos.uel.br\/pgcif\/wp-content\/uploads\/2025\/01\/2CIF273-FISIOLOGIA-E-FARMACOLOGIA-DIGESTORIA-Programa-2025.pdf\">FISIOLOGIA E FARMACOLOGIA<br>DIGEST\u00d3RIA<\/a><\/td><td>Ernane, Graziela, Priscila<\/td><td>&nbsp;30<\/td><td>02<\/td><td>fevereiro de 2025<\/td><\/tr><\/tbody><\/table><\/figure>\n<\/div>\n\n\n\n<p><\/p>\n\n\n\n<div class=\"wp-block-columns is-layout-flex wp-container-core-columns-is-layout-9d6595d7 wp-block-columns-is-layout-flex\">\n<div class=\"wp-block-column is-layout-flow wp-block-column-is-layout-flow\" style=\"flex-basis:100%\"><\/div>\n<\/div>\n\n\n\n<p><\/p>\n","protected":false},"excerpt":{"rendered":"","protected":false},"author":9,"featured_media":0,"parent":0,"menu_order":0,"comment_status":"closed","ping_status":"closed","template":"","meta":{"footnotes":""},"class_list":["post-248","page","type-page","status-publish","hentry"],"_links":{"self":[{"href":"https:\/\/pos.uel.br\/pgcif\/wp-json\/wp\/v2\/pages\/248","targetHints":{"allow":["GET"]}}],"collection":[{"href":"https:\/\/pos.uel.br\/pgcif\/wp-json\/wp\/v2\/pages"}],"about":[{"href":"https:\/\/pos.uel.br\/pgcif\/wp-json\/wp\/v2\/types\/page"}],"author":[{"embeddable":true,"href":"https:\/\/pos.uel.br\/pgcif\/wp-json\/wp\/v2\/users\/9"}],"replies":[{"embeddable":true,"href":"https:\/\/pos.uel.br\/pgcif\/wp-json\/wp\/v2\/comments?post=248"}],"version-history":[{"count":31,"href":"https:\/\/pos.uel.br\/pgcif\/wp-json\/wp\/v2\/pages\/248\/revisions"}],"predecessor-version":[{"id":1478,"href":"https:\/\/pos.uel.br\/pgcif\/wp-json\/wp\/v2\/pages\/248\/revisions\/1478"}],"wp:attachment":[{"href":"https:\/\/pos.uel.br\/pgcif\/wp-json\/wp\/v2\/media?parent=248"}],"curies":[{"name":"wp","href":"https:\/\/api.w.org\/{rel}","templated":true}]}}

<div class="wp-block-uel-card">
<p></p>



<h3 class="wp-block-heading is-style-highlighted-heading"><strong>FORMATO:&nbsp;<u><strong>PRESENCIAL </strong></u></strong></h3>



<p><strong>As aulas acontecerão preferencialmente no período da manhã, às segundas, quartas e sextas, ficando a critério dos docentes responsáveis o agendamento das aulas</strong></p>



<p><strong>&#8211; 12/08/2024: Início do 2º período letivo de 2024 para os Programas de Pós-Graduação Stricto sensu.</strong></p>



<p><strong>&#8211; 28/02/2025: Término do 2º período letivo de 2024 dos Programas de Pós-Graduação Stricto sensu.</strong></p>



<p><mark style="background-color:#a3f8e1" class="has-inline-color"><strong>CLIQUE NO NOME DA DISCIPLINA PARA TER ACESSO AO CRONOGRAMA</strong>.</mark></p>



<figure class="wp-block-table"><table><tbody><tr><td><strong>Ordem</strong></td><td><strong>Código</strong></td><td><strong>Disciplina</strong></td><td><strong>Professor(s) responsável* (s)</strong></td><td><strong>Carga Horária</strong></td><td><strong>Número de créditos</strong></td><td><strong>Data</strong> <strong>de início</strong></td></tr><tr><td>1</td><td>2CIF275</td><td><a href="https://pos.uel.br/pgcif/wp-content/uploads/2024/07/Cronograma-2024-Fisiologia-e-Farmacologia-do-Sistema-Renal.pdf">FISIOLOGIA E FARMACOLOGIA<br>RENAL</a></td><td>Paulo, Graziela</td><td>30</td><td>02</td><td>14 a 30/08/2024<br></td></tr><tr><td>2</td><td>2CIF272</td><td><a href="https://pos.uel.br/pgcif/wp-content/uploads/2024/08/DISCIPLINA-PGCIF-FISIOLOGIA-E-FARMACOLOGIA-CARDIOVASCULAR-CRONOGRAMA-2024.pdf">FISIOLOGIA E FARMACOLOGIA<br>CARDIOVASCULAR</a></td><td> Marli, Gislaine, Marcos</td><td> 45</td><td>03</td><td>04/09 a 04/10/2024<br></td></tr><tr><td>3</td><td>2CIF276</td><td>FISIOLOGIA E FARMACOLOGIA<br>RESPIRATÓRIA</td><td>Claudia, Juliana, Andressa</td><td>30</td><td>02</td><td>01/11 a 18/11/2024<br></td></tr><tr><td>4</td><td>2CIF273</td><td><a href="https://pos.uel.br/pgcif/wp-content/uploads/2025/01/2CIF273-FISIOLOGIA-E-FARMACOLOGIA-DIGESTORIA-Programa-2025.pdf">FISIOLOGIA E FARMACOLOGIA<br>DIGESTÓRIA</a></td><td>Ernane, Graziela, Priscila</td><td>&nbsp;30</td><td>02</td><td>fevereiro de 2025</td></tr></tbody></table></figure>
</div>



<p></p>



<div class="wp-block-columns is-layout-flex wp-container-core-columns-is-layout-9d6595d7 wp-block-columns-is-layout-flex">
<div class="wp-block-column is-layout-flow wp-block-column-is-layout-flow" style="flex-basis:100%"></div>
</div>



<p></p>
