{"id":199,"date":"2021-06-25T16:26:49","date_gmt":"2021-06-25T19:26:49","guid":{"rendered":"https:\/\/pos.uel.br\/pgcif\/?page_id=199"},"modified":"2021-10-28T15:02:59","modified_gmt":"2021-10-28T18:02:59","slug":"aluno-especial","status":"publish","type":"page","link":"https:\/\/pos.uel.br\/pgcif\/aluno-especial\/","title":{"rendered":"Aluno especial"},"content":{"rendered":"\n<p><em><strong>Perguntas frequentes para ingresso como aluno especial .<\/strong><\/em><\/p>\n\n\n\n<p><strong>1) Quando abrem as inscri\u00e7\u00f5es ?<\/strong><\/p>\n\n\n\n<p>As inscri\u00e7\u00f5es para aluno especial devem abrir somente em  janeiro ou fevereiro.\u00a0<\/p>\n\n\n\n<p><strong>2) O que \u00e9 preciso para se inscrever ?<\/strong><\/p>\n\n\n\n<p><strong>Documentos para inscri\u00e7\u00e3o:<\/strong><\/p>\n\n\n\n<p>a)&nbsp;&nbsp;Ficha de inscri\u00e7\u00e3o preenchida &#8211; dispon\u00edvel em:<\/p>\n\n\n\n<h6 class=\"wp-block-heading\"><a href=\"https:\/\/www.sistemasweb.uel.br\/index.php?contents=system\/inscpos\/index.php&amp;pagina=view\/ListarDadosCurso.php&amp;cd_curso=446&amp;nr_resolucao=100\/2017\" target=\"_blank\" rel=\"noreferrer noopener\">http:\/\/www.uel.br\/proppg\/<\/a><a href=\"http:\/\/www.uel.br\/proppg\/portalnovo\/pages\/inscricoes-programas-cursos\/mestrado.php\" target=\"_blank\" rel=\"noreferrer noopener\">portalnovo\/pages\/inscricoes-<\/a><a href=\"http:\/\/www.uel.br\/proppg\/portalnovo\/pages\/inscricoes-programas-cursos\/mestrado.php\" target=\"_blank\" rel=\"noreferrer noopener\">programas-cursos\/mestrado.php<\/a><\/h6>\n\n\n\n<p>&nbsp; &nbsp; &nbsp;b)&nbsp;&nbsp;Comprovante de recolhimento do pre\u00e7o p\u00fablico de inscri\u00e7\u00e3o correspondente ao valor de R$ 162,00 (cento e sessenta e dois reais);<\/p>\n\n\n\n<p>c)&nbsp;&nbsp;Carta de inten\u00e7\u00f5es digitada e impressa explicitando as raz\u00f5es pelas quais deseja ingressar como estudante especial cursando a disciplina (Formata\u00e7\u00e3o: m\u00e1ximo de 30 linhas,&nbsp; &nbsp; &nbsp; Fonte Times, tamanho 12, margens de 2,5 em todos os lados);<\/p>\n\n\n\n<p>&nbsp; &nbsp; &nbsp;d)&nbsp;&nbsp;<em>Curr\u00edculum&nbsp;<\/em>Plataforma&nbsp;<em>Latt<\/em><em><\/em><em>es<\/em>, atualizado \u2013&nbsp;n\u00e3o precisa ser impresso ou entregue, ser\u00e1 consultado on-line.<\/p>\n\n\n\n<p><strong>3) Qual valor da inscri\u00e7\u00e3o ?<\/strong><\/p>\n\n\n\n<p>Normalmente \u00e9 R$162,00.<\/p>\n\n\n\n<p><strong>4) Existe disciplina especifica para estudo ?<\/strong><\/p>\n\n\n\n<p>As vagas para aluno especial ser\u00e3o das disciplinas normalmente ofertadas pelo Programa, sendo em m\u00e9dia 5 disciplinas, mas que s\u00e3o definidas a cada semestre.<\/p>\n\n\n\n<p><strong>5) Quais as disciplinas&nbsp; posso fazer como aluno especial<\/strong><\/p>\n\n\n\n<p>As disciplinas que ofertarem vagas para aluno especial.<\/p>\n\n\n\n<p><strong>6) Quantos cr\u00e9ditos em disciplinas posso fazer como aluno especial<\/strong><\/p>\n\n\n\n<p>At\u00e9 12 cr\u00e9ditos como aluno especial do mestrado e at\u00e9 17 cr\u00e9ditos para aluno especial do doutorado.&nbsp;<\/p>\n\n\n\n<p><strong>7) Qual \u00e9 o per\u00edodo de estudo para aluno especial ? Integral ? Matutino ?<\/strong><\/p>\n\n\n\n<p>As disciplinas s\u00e3o ofertadas em dias \u00fateis, nos per\u00edodos da manh\u00e3 ou da tarde, sendo essas as mesmas ofertadas para alunos regulares. No geral, os docentes adaptam o cronograma das disciplinas de acordo com a disponibilidade da turma de alunos.<\/p>\n","protected":false},"excerpt":{"rendered":"<p>Perguntas frequentes para ingresso como aluno especial . 1) Quando abrem as inscri\u00e7\u00f5es ? As inscri\u00e7\u00f5es para aluno especial devem abrir somente em janeiro ou fevereiro.\u00a0 2) O que \u00e9 preciso para se inscrever ? Documentos para inscri\u00e7\u00e3o: a)&nbsp;&nbsp;Ficha de inscri\u00e7\u00e3o preenchida &#8211; dispon\u00edvel em: http:\/\/www.uel.br\/proppg\/portalnovo\/pages\/inscricoes-programas-cursos\/mestrado.php &nbsp; &nbsp; &nbsp;b)&nbsp;&nbsp;Comprovante de recolhimento do pre\u00e7o p\u00fablico de [&hellip;]<\/p>\n","protected":false},"author":9,"featured_media":0,"parent":0,"menu_order":0,"comment_status":"closed","ping_status":"closed","template":"","meta":{"footnotes":""},"class_list":["post-199","page","type-page","status-publish","hentry"],"_links":{"self":[{"href":"https:\/\/pos.uel.br\/pgcif\/wp-json\/wp\/v2\/pages\/199","targetHints":{"allow":["GET"]}}],"collection":[{"href":"https:\/\/pos.uel.br\/pgcif\/wp-json\/wp\/v2\/pages"}],"about":[{"href":"https:\/\/pos.uel.br\/pgcif\/wp-json\/wp\/v2\/types\/page"}],"author":[{"embeddable":true,"href":"https:\/\/pos.uel.br\/pgcif\/wp-json\/wp\/v2\/users\/9"}],"replies":[{"embeddable":true,"href":"https:\/\/pos.uel.br\/pgcif\/wp-json\/wp\/v2\/comments?post=199"}],"version-history":[{"count":3,"href":"https:\/\/pos.uel.br\/pgcif\/wp-json\/wp\/v2\/pages\/199\/revisions"}],"predecessor-version":[{"id":368,"href":"https:\/\/pos.uel.br\/pgcif\/wp-json\/wp\/v2\/pages\/199\/revisions\/368"}],"wp:attachment":[{"href":"https:\/\/pos.uel.br\/pgcif\/wp-json\/wp\/v2\/media?parent=199"}],"curies":[{"name":"wp","href":"https:\/\/api.w.org\/{rel}","templated":true}]}}

<p><em><strong>Perguntas frequentes para ingresso como aluno especial .</strong></em></p>



<p><strong>1) Quando abrem as inscrições ?</strong></p>



<p>As inscrições para aluno especial devem abrir somente em  janeiro ou fevereiro. </p>



<p><strong>2) O que é preciso para se inscrever ?</strong></p>



<p><strong>Documentos para inscrição:</strong></p>



<p>a)&nbsp;&nbsp;Ficha de inscrição preenchida &#8211; disponível em:</p>



<h6 class="wp-block-heading"><a href="https://www.sistemasweb.uel.br/index.php?contents=system/inscpos/index.php&amp;pagina=view/ListarDadosCurso.php&amp;cd_curso=446&amp;nr_resolucao=100/2017" target="_blank" rel="noreferrer noopener">http://www.uel.br/proppg/</a><a href="http://www.uel.br/proppg/portalnovo/pages/inscricoes-programas-cursos/mestrado.php" target="_blank" rel="noreferrer noopener">portalnovo/pages/inscricoes-</a><a href="http://www.uel.br/proppg/portalnovo/pages/inscricoes-programas-cursos/mestrado.php" target="_blank" rel="noreferrer noopener">programas-cursos/mestrado.php</a></h6>



<p>&nbsp; &nbsp; &nbsp;b)&nbsp;&nbsp;Comprovante de recolhimento do preço público de inscrição correspondente ao valor de R$ 162,00 (cento e sessenta e dois reais);</p>



<p>c)&nbsp;&nbsp;Carta de intenções digitada e impressa explicitando as razões pelas quais deseja ingressar como estudante especial cursando a disciplina (Formatação: máximo de 30 linhas,&nbsp; &nbsp; &nbsp; Fonte Times, tamanho 12, margens de 2,5 em todos os lados);</p>



<p>&nbsp; &nbsp; &nbsp;d)&nbsp;&nbsp;<em>Currículum&nbsp;</em>Plataforma&nbsp;<em>Latt</em><em></em><em>es</em>, atualizado –&nbsp;não precisa ser impresso ou entregue, será consultado on-line.</p>



<p><strong>3) Qual valor da inscrição ?</strong></p>



<p>Normalmente é R$162,00.</p>



<p><strong>4) Existe disciplina especifica para estudo ?</strong></p>



<p>As vagas para aluno especial serão das disciplinas normalmente ofertadas pelo Programa, sendo em média 5 disciplinas, mas que são definidas a cada semestre.</p>



<p><strong>5) Quais as disciplinas&nbsp; posso fazer como aluno especial</strong></p>



<p>As disciplinas que ofertarem vagas para aluno especial.</p>



<p><strong>6) Quantos créditos em disciplinas posso fazer como aluno especial</strong></p>



<p>Até 12 créditos como aluno especial do mestrado e até 17 créditos para aluno especial do doutorado.&nbsp;</p>



<p><strong>7) Qual é o período de estudo para aluno especial ? Integral ? Matutino ?</strong></p>



<p>As disciplinas são ofertadas em dias úteis, nos períodos da manhã ou da tarde, sendo essas as mesmas ofertadas para alunos regulares. No geral, os docentes adaptam o cronograma das disciplinas de acordo com a disponibilidade da turma de alunos.</p>

<p>Perguntas frequentes para ingresso como aluno especial . 1) Quando abrem as inscrições ? As inscrições para aluno especial devem abrir somente em janeiro ou fevereiro.  2) O que é preciso para se inscrever ? Documentos para inscrição: a)&nbsp;&nbsp;Ficha de inscrição preenchida &#8211; disponível em: http://www.uel.br/proppg/portalnovo/pages/inscricoes-programas-cursos/mestrado.php &nbsp; &nbsp; &nbsp;b)&nbsp;&nbsp;Comprovante de recolhimento do preço público de [&hellip;]</p>
