{"id":19,"date":"2021-04-26T21:06:31","date_gmt":"2021-04-27T00:06:31","guid":{"rendered":"https:\/\/pos.uel.br\/pgcif\/?page_id=19"},"modified":"2025-07-31T11:37:46","modified_gmt":"2025-07-31T14:37:46","slug":"corpo-docente-2","status":"publish","type":"page","link":"https:\/\/pos.uel.br\/pgcif\/corpo-docente-2\/","title":{"rendered":"Corpo docente"},"content":{"rendered":"\n<p><em><strong><a href=\"https:\/\/pos.uel.br\/pgcif\/503-2\/\">Andressa de Freitas Mendes Dion\u00edsio<\/a><\/strong><\/em><\/p>\n\n\n\n<p><em><strong><a href=\"https:\/\/pos.uel.br\/pgcif\/512-2\/\">C\u00e1ssia Tha\u00efs Bussamra Vieira Zaia<\/a><\/strong><\/em><\/p>\n\n\n\n<p><em><strong><a href=\"https:\/\/pos.uel.br\/pgcif\/profa-dra-claudia-bueno-dos-reis-martinez\/\">Cl\u00e1udia Bueno dos Reis Martinez<\/a><\/strong><\/em><\/p>\n\n\n\n<p><em><strong><a href=\"https:\/\/pos.uel.br\/pgcif\/prof-dr-ernane-torres-uchoa\/\">Ernane Torres uchoa<\/a><\/strong><\/em><\/p>\n\n\n\n<p><em><strong><a href=\"https:\/\/pos.uel.br\/pgcif\/profa-dra-estefania-gastaldello-moreira\/\">Estef\u00e2nia Gastaldello Moreira<\/a><\/strong><\/em><\/p>\n\n\n\n<p><em><strong><a href=\"https:\/\/pos.uel.br\/pgcif\/prof-dr-fabio-goulart-de-andrade\/\">F\u00e1bio Goulart de Andrade<\/a><\/strong><\/em><\/p>\n\n\n\n<p><a href=\"https:\/\/pos.uel.br\/pgcif\/prof-dr-fernando-henrique-ferrari-alves\/\"><strong>Fernando Henrique Ferrari Alves<\/strong><\/a><\/p>\n\n\n\n<p><em><strong><a href=\"https:\/\/pos.uel.br\/pgcif\/profa-dra-gisele-lopes-bertolini-2\/\">Gisele Lopes Bertolini<\/a><\/strong><\/em><\/p>\n\n\n\n<p><em><strong><a href=\"https:\/\/pos.uel.br\/pgcif\/profa-dra-gislaine-garcia-pelosi-gomes\/\">Gislaine Garcia Pelosi Gomes<\/a><\/strong><\/em><\/p>\n\n\n\n<p><em><strong><a href=\"https:\/\/pos.uel.br\/pgcif\/profa-dra-glaura-scantamburlo-alves-fernandes\/\">Glaura Scantamburlo Alves Fernandes<\/a><\/strong><\/em><\/p>\n\n\n\n<p><em><strong><a href=\"https:\/\/pos.uel.br\/pgcif\/profa-dra-graziela-scalianti-ceravolo\/\">Graziela Scalianti Ceravolo<\/a><\/strong><\/em><\/p>\n\n\n\n<p><em><strong><a href=\"https:\/\/pos.uel.br\/pgcif\/profa-dra-juliana-delatim-simonato-rocha\/\">Juliana Delatim Simonato Rocha<\/a><\/strong><\/em><\/p>\n\n\n\n<p><em><strong><a href=\"https:\/\/pos.uel.br\/pgcif\/prof-dr-marcos-polito\/\">Marcos Polito<\/a><\/strong><\/em><\/p>\n\n\n\n<p><em><strong><a href=\"https:\/\/pos.uel.br\/pgcif\/profa-dra-maria-fernanda-rodrigues-graciano\/\">Maria Fernanda Rodrigues Graciano<\/a><\/strong><\/em><\/p>\n\n\n\n<p><em><strong><a href=\"https:\/\/pos.uel.br\/pgcif\/profa-dra-marli-cardoso-martins-pinge\/\">Marli Cardoso Martins Pinge<\/a><\/strong><\/em><\/p>\n\n\n\n<p><em><strong><a href=\"https:\/\/pos.uel.br\/pgcif\/prof-dr-paulo-cesar-meletti\/\">Paulo Cesar Meletti<\/a><\/strong><\/em><\/p>\n\n\n\n<p><\/p>\n","protected":false},"excerpt":{"rendered":"<p>Andressa de Freitas Mendes Dion\u00edsio C\u00e1ssia Tha\u00efs Bussamra Vieira Zaia Cl\u00e1udia Bueno dos Reis Martinez Ernane Torres uchoa Estef\u00e2nia Gastaldello Moreira F\u00e1bio Goulart de Andrade Fernando Henrique Ferrari Alves Gisele Lopes Bertolini Gislaine Garcia Pelosi Gomes Glaura Scantamburlo Alves Fernandes Graziela Scalianti Ceravolo Juliana Delatim Simonato Rocha Marcos Polito Maria Fernanda Rodrigues Graciano Marli Cardoso [&hellip;]<\/p>\n","protected":false},"author":7,"featured_media":0,"parent":0,"menu_order":0,"comment_status":"closed","ping_status":"closed","template":"","meta":{"footnotes":""},"class_list":["post-19","page","type-page","status-publish","hentry"],"_links":{"self":[{"href":"https:\/\/pos.uel.br\/pgcif\/wp-json\/wp\/v2\/pages\/19","targetHints":{"allow":["GET"]}}],"collection":[{"href":"https:\/\/pos.uel.br\/pgcif\/wp-json\/wp\/v2\/pages"}],"about":[{"href":"https:\/\/pos.uel.br\/pgcif\/wp-json\/wp\/v2\/types\/page"}],"author":[{"embeddable":true,"href":"https:\/\/pos.uel.br\/pgcif\/wp-json\/wp\/v2\/users\/7"}],"replies":[{"embeddable":true,"href":"https:\/\/pos.uel.br\/pgcif\/wp-json\/wp\/v2\/comments?post=19"}],"version-history":[{"count":12,"href":"https:\/\/pos.uel.br\/pgcif\/wp-json\/wp\/v2\/pages\/19\/revisions"}],"predecessor-version":[{"id":1774,"href":"https:\/\/pos.uel.br\/pgcif\/wp-json\/wp\/v2\/pages\/19\/revisions\/1774"}],"wp:attachment":[{"href":"https:\/\/pos.uel.br\/pgcif\/wp-json\/wp\/v2\/media?parent=19"}],"curies":[{"name":"wp","href":"https:\/\/api.w.org\/{rel}","templated":true}]}}

<p><em><strong><a href="https://pos.uel.br/pgcif/503-2/">Andressa de Freitas Mendes Dionísio</a></strong></em></p>



<p><em><strong><a href="https://pos.uel.br/pgcif/512-2/">Cássia Thaïs Bussamra Vieira Zaia</a></strong></em></p>



<p><em><strong><a href="https://pos.uel.br/pgcif/profa-dra-claudia-bueno-dos-reis-martinez/">Cláudia Bueno dos Reis Martinez</a></strong></em></p>



<p><em><strong><a href="https://pos.uel.br/pgcif/prof-dr-ernane-torres-uchoa/">Ernane Torres uchoa</a></strong></em></p>



<p><em><strong><a href="https://pos.uel.br/pgcif/profa-dra-estefania-gastaldello-moreira/">Estefânia Gastaldello Moreira</a></strong></em></p>



<p><em><strong><a href="https://pos.uel.br/pgcif/prof-dr-fabio-goulart-de-andrade/">Fábio Goulart de Andrade</a></strong></em></p>



<p><a href="https://pos.uel.br/pgcif/prof-dr-fernando-henrique-ferrari-alves/"><strong>Fernando Henrique Ferrari Alves</strong></a></p>



<p><em><strong><a href="https://pos.uel.br/pgcif/profa-dra-gisele-lopes-bertolini-2/">Gisele Lopes Bertolini</a></strong></em></p>



<p><em><strong><a href="https://pos.uel.br/pgcif/profa-dra-gislaine-garcia-pelosi-gomes/">Gislaine Garcia Pelosi Gomes</a></strong></em></p>



<p><em><strong><a href="https://pos.uel.br/pgcif/profa-dra-glaura-scantamburlo-alves-fernandes/">Glaura Scantamburlo Alves Fernandes</a></strong></em></p>



<p><em><strong><a href="https://pos.uel.br/pgcif/profa-dra-graziela-scalianti-ceravolo/">Graziela Scalianti Ceravolo</a></strong></em></p>



<p><em><strong><a href="https://pos.uel.br/pgcif/profa-dra-juliana-delatim-simonato-rocha/">Juliana Delatim Simonato Rocha</a></strong></em></p>



<p><em><strong><a href="https://pos.uel.br/pgcif/prof-dr-marcos-polito/">Marcos Polito</a></strong></em></p>



<p><em><strong><a href="https://pos.uel.br/pgcif/profa-dra-maria-fernanda-rodrigues-graciano/">Maria Fernanda Rodrigues Graciano</a></strong></em></p>



<p><em><strong><a href="https://pos.uel.br/pgcif/profa-dra-marli-cardoso-martins-pinge/">Marli Cardoso Martins Pinge</a></strong></em></p>



<p><em><strong><a href="https://pos.uel.br/pgcif/prof-dr-paulo-cesar-meletti/">Paulo Cesar Meletti</a></strong></em></p>



<p></p>

<p>Andressa de Freitas Mendes Dionísio Cássia Thaïs Bussamra Vieira Zaia Cláudia Bueno dos Reis Martinez Ernane Torres uchoa Estefânia Gastaldello Moreira Fábio Goulart de Andrade Fernando Henrique Ferrari Alves Gisele Lopes Bertolini Gislaine Garcia Pelosi Gomes Glaura Scantamburlo Alves Fernandes Graziela Scalianti Ceravolo Juliana Delatim Simonato Rocha Marcos Polito Maria Fernanda Rodrigues Graciano Marli Cardoso [&hellip;]</p>
