{"id":1828,"date":"2025-10-13T16:05:06","date_gmt":"2025-10-13T19:05:06","guid":{"rendered":"https:\/\/pos.uel.br\/pgcif\/?page_id=1828"},"modified":"2025-10-13T16:06:00","modified_gmt":"2025-10-13T19:06:00","slug":"autoavaliacao-2023-2025","status":"publish","type":"page","link":"https:\/\/pos.uel.br\/pgcif\/autoavaliacao-2023-2025\/","title":{"rendered":"Autoavalia\u00e7\u00e3o 2023 &#8211; 2025"},"content":{"rendered":"\n<p><strong>Comiss\u00e3o 2023 \u2013 2025<\/strong><\/p>\n\n\n\n<p>Dr. Ernane Torres Uch\u00f4a (presidente da CAA \u2013 PGCIF)<\/p>\n\n\n\n<p>Dra. Graziela Scalianti Ceravolo (coordenadora do PGCIF)<\/p>\n\n\n\n<p>Dra. Gisele Lopes Bertolini (vice-coordenadora do PGCIF)<\/p>\n\n\n\n<p>Dr. Marcos D. Polito (representante do Departamento de Educa\u00e7\u00e3o F\u00edsica)<\/p>\n\n\n\n<p>Dr. Fabio Goulart de Andrade (representante do Departamento de Histologia)<\/p>\n\n\n\n<p>Dra. Glaura S. A. Fernandes (representante do Departamento de Biologia Geral).<\/p>\n\n\n\n<p>Dra. Marli Cardoso Martins-Pinge (Docente representante da linha de pesquisa Fisiologia, externa \u00e0 comiss\u00e3o coordenadora)<\/p>\n\n\n\n<p>Dra Gislaine Garcia Pelosi (Docente representante da linha de pesquisa Farmacologia, externa \u00e0 comiss\u00e3o coordenadora)<\/p>\n\n\n\n<p>Dra. Josimari Melo de Santana&nbsp;( Representante externo \u00e0 institui\u00e7\u00e3o \u2013 Universidade Federal do Sergipe)<\/p>\n\n\n\n<p>Me. Pedro Rocha Ten\u00f3rio (representante discente)<\/p>\n\n\n\n<p>Me. Rhaune Pelisson (representante discente)<\/p>\n\n\n\n<p>Me. Maria Eduarda Tesser (representante egressa do PGCIF)<\/p>\n\n\n\n<p><strong>DOCUMENTOS<\/strong><\/p>\n\n\n\n<p><a href=\"https:\/\/pos.uel.br\/pgcif\/wp-content\/uploads\/2025\/02\/Planejamento-de-Autoavaliacao-dos-PPG_UEL-_Gestao-2022-2026.pdf\">Planejamento da Autoavalia\u00e7\u00e3o dos Programas de P\u00f3s-Gradua\u00e7\u00e3o Stricto sensu da Universidade Estadual de Londrina (2022-2026)<\/a><\/p>\n\n\n\n<p><a href=\"https:\/\/pos.uel.br\/pgcif\/wp-content\/uploads\/2025\/02\/Planejamento-de-Autoavaliacao-dos-PPG_UEL-_Gestao-2019-2021.pdf\">Planejamento de Autoavalia\u00e7\u00e3o dos Programas de P\u00f3s-Gradua\u00e7\u00e3o da Universidade Estadual de Londrina (2019-2021)<\/a><\/p>\n\n\n\n<p><a href=\"https:\/\/pos.uel.br\/pgcif\/wp-content\/uploads\/2025\/02\/FICHA-DE-AVALIACAO-DOCENTES.pdf\">FICHA DE AVALIA\u00c7\u00c3O \u2013 DOCENTES<\/a><\/p>\n\n\n\n<p><a href=\"https:\/\/pos.uel.br\/pgcif\/wp-content\/uploads\/2025\/02\/FICHA-DE-ATUACAO-E-AVALIACAO-EGRESSOS.pdf\">FICHA DE ATUA\u00c7\u00c30 E AVALIA\u00c7\u00c3O \u2013 EGRESSOS<\/a><\/p>\n\n\n\n<p><a href=\"https:\/\/pos.uel.br\/pgcif\/wp-content\/uploads\/2025\/02\/FICHA-DE-AVALIACAO-DISCENTES.pdf\">FICHA DE AVALIA\u00c7\u00c3O \u2013 DISCENTES<\/a><\/p>\n\n\n\n<p><a href=\"https:\/\/pos.uel.br\/pgcif\/wp-content\/uploads\/2025\/02\/Relatorio-de-Autoavaliacao-do-PPG.pdf\">Roteiro para Relat\u00f3rio de Autoavalia\u00e7\u00e3o dos Programas de P\u00f3s-Gradua\u00e7\u00e3o (PPG)\u2013 UEL<\/a><\/p>\n\n\n\n<p><a href=\"https:\/\/pos.uel.br\/pgcif\/wp-content\/uploads\/2025\/02\/10062019-autoavaliacao-de-programas-de-pos-graduacao-pdf-1.pdf\">Documento CAPES \u2013 Autoavalia\u00e7\u00e3o de Programas de P\u00f3s-Gradua\u00e7\u00e3o \u2013 2019<\/a><\/p>\n\n\n\n<p><strong>I F\u00d3RUM DE AUTOAVALIA\u00c7\u00c3O DO PGCIF \u2013 UEL<\/strong><\/p>\n\n\n\n<p><a href=\"https:\/\/pos.uel.br\/pgcif\/wp-content\/uploads\/2025\/02\/PROGRAMACAO_I-Forum-de-Autoavaliacao-PGCIF.docx.pdf\">Programa\u00e7\u00e3o do I F\u00f3rum de Autoavalia\u00e7\u00e3o do PGCIF<\/a><\/p>\n","protected":false},"excerpt":{"rendered":"<p>Comiss\u00e3o 2023 \u2013 2025 Dr. Ernane Torres Uch\u00f4a (presidente da CAA \u2013 PGCIF) Dra. Graziela Scalianti Ceravolo (coordenadora do PGCIF) Dra. Gisele Lopes Bertolini (vice-coordenadora do PGCIF) Dr. Marcos D. Polito (representante do Departamento de Educa\u00e7\u00e3o F\u00edsica) Dr. Fabio Goulart de Andrade (representante do Departamento de Histologia) Dra. Glaura S. A. Fernandes (representante do Departamento [&hellip;]<\/p>\n","protected":false},"author":11,"featured_media":0,"parent":0,"menu_order":0,"comment_status":"closed","ping_status":"closed","template":"","meta":{"footnotes":""},"class_list":["post-1828","page","type-page","status-publish","hentry"],"_links":{"self":[{"href":"https:\/\/pos.uel.br\/pgcif\/wp-json\/wp\/v2\/pages\/1828","targetHints":{"allow":["GET"]}}],"collection":[{"href":"https:\/\/pos.uel.br\/pgcif\/wp-json\/wp\/v2\/pages"}],"about":[{"href":"https:\/\/pos.uel.br\/pgcif\/wp-json\/wp\/v2\/types\/page"}],"author":[{"embeddable":true,"href":"https:\/\/pos.uel.br\/pgcif\/wp-json\/wp\/v2\/users\/11"}],"replies":[{"embeddable":true,"href":"https:\/\/pos.uel.br\/pgcif\/wp-json\/wp\/v2\/comments?post=1828"}],"version-history":[{"count":2,"href":"https:\/\/pos.uel.br\/pgcif\/wp-json\/wp\/v2\/pages\/1828\/revisions"}],"predecessor-version":[{"id":1831,"href":"https:\/\/pos.uel.br\/pgcif\/wp-json\/wp\/v2\/pages\/1828\/revisions\/1831"}],"wp:attachment":[{"href":"https:\/\/pos.uel.br\/pgcif\/wp-json\/wp\/v2\/media?parent=1828"}],"curies":[{"name":"wp","href":"https:\/\/api.w.org\/{rel}","templated":true}]}}

Autoavaliação 2023 &#8211; 2025

<p><strong>Comissão 2023 – 2025</strong></p>



<p>Dr. Ernane Torres Uchôa (presidente da CAA – PGCIF)</p>



<p>Dra. Graziela Scalianti Ceravolo (coordenadora do PGCIF)</p>



<p>Dra. Gisele Lopes Bertolini (vice-coordenadora do PGCIF)</p>



<p>Dr. Marcos D. Polito (representante do Departamento de Educação Física)</p>



<p>Dr. Fabio Goulart de Andrade (representante do Departamento de Histologia)</p>



<p>Dra. Glaura S. A. Fernandes (representante do Departamento de Biologia Geral).</p>



<p>Dra. Marli Cardoso Martins-Pinge (Docente representante da linha de pesquisa Fisiologia, externa à comissão coordenadora)</p>



<p>Dra Gislaine Garcia Pelosi (Docente representante da linha de pesquisa Farmacologia, externa à comissão coordenadora)</p>



<p>Dra. Josimari Melo de Santana&nbsp;( Representante externo à instituição – Universidade Federal do Sergipe)</p>



<p>Me. Pedro Rocha Tenório (representante discente)</p>



<p>Me. Rhaune Pelisson (representante discente)</p>



<p>Me. Maria Eduarda Tesser (representante egressa do PGCIF)</p>



<p><strong>DOCUMENTOS</strong></p>



<p><a href="https://pos.uel.br/pgcif/wp-content/uploads/2025/02/Planejamento-de-Autoavaliacao-dos-PPG_UEL-_Gestao-2022-2026.pdf">Planejamento da Autoavaliação dos Programas de Pós-Graduação Stricto sensu da Universidade Estadual de Londrina (2022-2026)</a></p>



<p><a href="https://pos.uel.br/pgcif/wp-content/uploads/2025/02/Planejamento-de-Autoavaliacao-dos-PPG_UEL-_Gestao-2019-2021.pdf">Planejamento de Autoavaliação dos Programas de Pós-Graduação da Universidade Estadual de Londrina (2019-2021)</a></p>



<p><a href="https://pos.uel.br/pgcif/wp-content/uploads/2025/02/FICHA-DE-AVALIACAO-DOCENTES.pdf">FICHA DE AVALIAÇÃO – DOCENTES</a></p>



<p><a href="https://pos.uel.br/pgcif/wp-content/uploads/2025/02/FICHA-DE-ATUACAO-E-AVALIACAO-EGRESSOS.pdf">FICHA DE ATUAÇÃ0 E AVALIAÇÃO – EGRESSOS</a></p>



<p><a href="https://pos.uel.br/pgcif/wp-content/uploads/2025/02/FICHA-DE-AVALIACAO-DISCENTES.pdf">FICHA DE AVALIAÇÃO – DISCENTES</a></p>



<p><a href="https://pos.uel.br/pgcif/wp-content/uploads/2025/02/Relatorio-de-Autoavaliacao-do-PPG.pdf">Roteiro para Relatório de Autoavaliação dos Programas de Pós-Graduação (PPG)– UEL</a></p>



<p><a href="https://pos.uel.br/pgcif/wp-content/uploads/2025/02/10062019-autoavaliacao-de-programas-de-pos-graduacao-pdf-1.pdf">Documento CAPES – Autoavaliação de Programas de Pós-Graduação – 2019</a></p>



<p><strong>I FÓRUM DE AUTOAVALIAÇÃO DO PGCIF – UEL</strong></p>



<p><a href="https://pos.uel.br/pgcif/wp-content/uploads/2025/02/PROGRAMACAO_I-Forum-de-Autoavaliacao-PGCIF.docx.pdf">Programação do I Fórum de Autoavaliação do PGCIF</a></p>

<p>Comissão 2023 – 2025 Dr. Ernane Torres Uchôa (presidente da CAA – PGCIF) Dra. Graziela Scalianti Ceravolo (coordenadora do PGCIF) Dra. Gisele Lopes Bertolini (vice-coordenadora do PGCIF) Dr. Marcos D. Polito (representante do Departamento de Educação Física) Dr. Fabio Goulart de Andrade (representante do Departamento de Histologia) Dra. Glaura S. A. Fernandes (representante do Departamento [&hellip;]</p>
