{"id":1492,"date":"2025-02-07T09:15:21","date_gmt":"2025-02-07T12:15:21","guid":{"rendered":"https:\/\/pos.uel.br\/pgcif\/?page_id=1492"},"modified":"2025-10-13T16:10:59","modified_gmt":"2025-10-13T19:10:59","slug":"autoavaliacao","status":"publish","type":"page","link":"https:\/\/pos.uel.br\/pgcif\/autoavaliacao\/","title":{"rendered":"Autoavalia\u00e7\u00e3o"},"content":{"rendered":"\n<p><\/p>\n\n\n\n<p><strong>DOCUMENTOS<\/strong><\/p>\n\n\n\n<p><a href=\"https:\/\/pos.uel.br\/pgcif\/wp-content\/uploads\/2025\/02\/Planejamento-de-Autoavaliacao-dos-PPG_UEL-_Gestao-2022-2026.pdf\">Planejamento da Autoavalia\u00e7\u00e3o dos Programas de P\u00f3s-Gradua\u00e7\u00e3o Stricto sensu da Universidade Estadual de Londrina (2022-2026)<\/a><\/p>\n\n\n\n<p><a href=\"https:\/\/pos.uel.br\/pgcif\/wp-content\/uploads\/2025\/02\/Planejamento-de-Autoavaliacao-dos-PPG_UEL-_Gestao-2019-2021.pdf\">Planejamento de Autoavalia\u00e7\u00e3o dos Programas de P\u00f3s-Gradua\u00e7\u00e3o da Universidade Estadual de Londrina (2019-2021)<\/a><\/p>\n\n\n\n<p><a href=\"https:\/\/pos.uel.br\/pgcif\/wp-content\/uploads\/2025\/02\/10062019-autoavaliacao-de-programas-de-pos-graduacao-pdf-1.pdf\">Documento CAPES &#8211; Autoavalia\u00e7\u00e3o de Programas de P\u00f3s-Gradua\u00e7\u00e3o &#8211; 2019<\/a><\/p>\n\n\n\n<p><strong>I F\u00d3RUM DE AUTOAVALIA\u00c7\u00c3O DO PGCIF &#8211; UEL<\/strong><\/p>\n\n\n\n<p><a href=\"https:\/\/pos.uel.br\/pgcif\/wp-content\/uploads\/2025\/02\/PROGRAMACAO_I-Forum-de-Autoavaliacao-PGCIF.docx.pdf\">Programa\u00e7\u00e3o do I F\u00f3rum de Autoavalia\u00e7\u00e3o do PGCIF<\/a><\/p>\n\n\n\n<p><\/p>\n","protected":false},"excerpt":{"rendered":"<p>DOCUMENTOS Planejamento da Autoavalia\u00e7\u00e3o dos Programas de P\u00f3s-Gradua\u00e7\u00e3o Stricto sensu da Universidade Estadual de Londrina (2022-2026) Planejamento de Autoavalia\u00e7\u00e3o dos Programas de P\u00f3s-Gradua\u00e7\u00e3o da Universidade Estadual de Londrina (2019-2021) Documento CAPES &#8211; Autoavalia\u00e7\u00e3o de Programas de P\u00f3s-Gradua\u00e7\u00e3o &#8211; 2019 I F\u00d3RUM DE AUTOAVALIA\u00c7\u00c3O DO PGCIF &#8211; UEL Programa\u00e7\u00e3o do I F\u00f3rum de Autoavalia\u00e7\u00e3o do PGCIF<\/p>\n","protected":false},"author":11,"featured_media":0,"parent":0,"menu_order":0,"comment_status":"closed","ping_status":"closed","template":"","meta":{"footnotes":""},"class_list":["post-1492","page","type-page","status-publish","hentry"],"_links":{"self":[{"href":"https:\/\/pos.uel.br\/pgcif\/wp-json\/wp\/v2\/pages\/1492","targetHints":{"allow":["GET"]}}],"collection":[{"href":"https:\/\/pos.uel.br\/pgcif\/wp-json\/wp\/v2\/pages"}],"about":[{"href":"https:\/\/pos.uel.br\/pgcif\/wp-json\/wp\/v2\/types\/page"}],"author":[{"embeddable":true,"href":"https:\/\/pos.uel.br\/pgcif\/wp-json\/wp\/v2\/users\/11"}],"replies":[{"embeddable":true,"href":"https:\/\/pos.uel.br\/pgcif\/wp-json\/wp\/v2\/comments?post=1492"}],"version-history":[{"count":12,"href":"https:\/\/pos.uel.br\/pgcif\/wp-json\/wp\/v2\/pages\/1492\/revisions"}],"predecessor-version":[{"id":1842,"href":"https:\/\/pos.uel.br\/pgcif\/wp-json\/wp\/v2\/pages\/1492\/revisions\/1842"}],"wp:attachment":[{"href":"https:\/\/pos.uel.br\/pgcif\/wp-json\/wp\/v2\/media?parent=1492"}],"curies":[{"name":"wp","href":"https:\/\/api.w.org\/{rel}","templated":true}]}}

Autoavaliação

<p></p>



<p><strong>DOCUMENTOS</strong></p>



<p><a href="https://pos.uel.br/pgcif/wp-content/uploads/2025/02/Planejamento-de-Autoavaliacao-dos-PPG_UEL-_Gestao-2022-2026.pdf">Planejamento da Autoavaliação dos Programas de Pós-Graduação Stricto sensu da Universidade Estadual de Londrina (2022-2026)</a></p>



<p><a href="https://pos.uel.br/pgcif/wp-content/uploads/2025/02/Planejamento-de-Autoavaliacao-dos-PPG_UEL-_Gestao-2019-2021.pdf">Planejamento de Autoavaliação dos Programas de Pós-Graduação da Universidade Estadual de Londrina (2019-2021)</a></p>



<p><a href="https://pos.uel.br/pgcif/wp-content/uploads/2025/02/10062019-autoavaliacao-de-programas-de-pos-graduacao-pdf-1.pdf">Documento CAPES &#8211; Autoavaliação de Programas de Pós-Graduação &#8211; 2019</a></p>



<p><strong>I FÓRUM DE AUTOAVALIAÇÃO DO PGCIF &#8211; UEL</strong></p>



<p><a href="https://pos.uel.br/pgcif/wp-content/uploads/2025/02/PROGRAMACAO_I-Forum-de-Autoavaliacao-PGCIF.docx.pdf">Programação do I Fórum de Autoavaliação do PGCIF</a></p>



<p></p>

<p>DOCUMENTOS Planejamento da Autoavaliação dos Programas de Pós-Graduação Stricto sensu da Universidade Estadual de Londrina (2022-2026) Planejamento de Autoavaliação dos Programas de Pós-Graduação da Universidade Estadual de Londrina (2019-2021) Documento CAPES &#8211; Autoavaliação de Programas de Pós-Graduação &#8211; 2019 I FÓRUM DE AUTOAVALIAÇÃO DO PGCIF &#8211; UEL Programação do I Fórum de Autoavaliação do PGCIF</p>
