{"id":148,"date":"2021-06-25T15:23:00","date_gmt":"2021-06-25T18:23:00","guid":{"rendered":"https:\/\/pos.uel.br\/pgcif\/?page_id=148"},"modified":"2026-03-28T09:59:08","modified_gmt":"2026-03-28T12:59:08","slug":"corpo-discente-2","status":"publish","type":"page","link":"https:\/\/pos.uel.br\/pgcif\/corpo-discente-2\/","title":{"rendered":"Corpo discente"},"content":{"rendered":"\n<figure class=\"wp-block-table\"><table><tbody><tr><td><strong>NOME<\/strong><\/td><td><strong>DATA DE INGRESSO<\/strong><\/td><td><strong>ORIENTADOR\/A<\/strong><\/td><td><strong>PRAZO DE QUALIFICA\u00c7\u00c3O<\/strong><\/td><td><strong>PRAZO DE DEFESA<\/strong><\/td><\/tr><tr><td>Deborah Hikari Morimoto Ota<\/td><td>Mar\u00e7o &#8211; 2023<\/td><td>Dr. Ernane Torres Uch\u00f4a<\/td><td><strong>31\/08\/2024<\/strong><\/td><td><strong>28\/02\/2025<\/strong><\/td><\/tr><tr><td>Mayra Dias Rodrigues<\/td><td>Mar\u00e7o &#8211; 2024<\/td><td>Dra. Graziela Scalianti Ceravolo<\/td><td><strong>31\/08\/2025<\/strong><\/td><td><strong>28\/02\/2026<\/strong><\/td><\/tr><tr><td>Rayssa Menon Santos<\/td><td>Agosto &#8211; 2024<\/td><td>Dra. Gislaine Garcia Pelosi Gomes<\/td><td><strong>31\/01\/2026<\/strong><\/td><td><strong>31\/07\/2026<\/strong><\/td><\/tr><tr><td>Leticia Pazin Bomfim<\/td><td>Agosto &#8211; 2024<\/td><td>Dra. Glaura Scantamburlo Alves Fernandes<\/td><td><strong>31\/01\/2026<\/strong><\/td><td><strong>31\/07\/2026<\/strong><\/td><\/tr><tr><td>Maria Clara Alves Schroeder<\/td><td>Agosto &#8211; 2024<\/td><td>Dr. Ernane Torres Uch\u00f4a<\/td><td><strong>31\/01\/2026<\/strong><\/td><td><strong>31\/07\/2026<\/strong><\/td><\/tr><tr><td>Gabriela Cruz Alves<\/td><td>Mar\u00e7o &#8211; 2025<\/td><td>Dra. Claudia Bueno dos Reis Martinez<\/td><td><strong>31\/08\/2026<\/strong><\/td><td><strong>28\/02\/2027<\/strong><\/td><\/tr><tr><td>J\u00falia Bandeira Velho<\/td><td>Mar\u00e7o &#8211; 2025<\/td><td>Dr. Ernane Torres Uch\u00f4a<\/td><td><strong>31\/08\/2026<\/strong><\/td><td><strong>28\/02\/2027<\/strong><\/td><\/tr><tr><td>Ot\u00e1vio Vin\u00edcius Cust\u00f3dio Jorge<\/td><td>Mar\u00e7o &#8211; 2025<\/td><td>Dra. Priscila Cassolla<\/td><td><strong>31\/08\/2026<\/strong><\/td><td><strong>28\/02\/2027<\/strong><\/td><\/tr><tr><td>Sarah Pires de Souza<\/td><td>Mar\u00e7o &#8211; 2025<\/td><td>Dra. Juliana Delatim Simonato Rocha<\/td><td><strong>31\/08\/2026<\/strong><\/td><td><strong>28\/02\/2027<\/strong><\/td><\/tr><tr><td>Ana Luiza Alves Louren\u00e7o<\/td><td>Agosto &#8211; 2025<\/td><td>Dra. Priscila Cassolla<\/td><td><strong>31\/01\/2027<\/strong><\/td><td><strong>31\/07\/2027<\/strong><\/td><\/tr><tr><td>Carolina Garcia Mesas<\/td><td>Agosto &#8211; 2025<\/td><td>Dr. Ernane Torres Uch\u00f4a<\/td><td><strong>31\/01\/2027<\/strong><\/td><td><strong>31\/07\/2027<\/strong><\/td><\/tr><tr><td>Dellie Karoline Mello<\/td><td>Agosto &#8211; 2025<\/td><td>Dra. Graziela Scalianti Ceravolo<\/td><td><strong>31\/01\/2027<\/strong><\/td><td><strong>31\/07\/2027<\/strong><\/td><\/tr><tr><td>Emanuel dos Santos Silva<\/td><td>Agosto &#8211; 2025<\/td><td>Dra. Maria Fernanda Rodrigues Graciano<\/td><td><strong>31\/01\/2027<\/strong><\/td><td><strong>31\/07\/2027<\/strong><\/td><\/tr><tr><td>Livia Yukari Morimoto Ota<\/td><td>Agosto &#8211; 2025<\/td><td>Dra. Graziela Scalianti Ceravolo<\/td><td><strong>31\/01\/2027<\/strong><\/td><td><strong>31\/07\/2027<\/strong><\/td><\/tr><tr><td>Alana Majewski Tarosso<\/td><td>Mar\u00e7o &#8211; 2026<\/td><td>Dra. Juliana Delatim Simonato Rocha<\/td><td><strong>31\/08\/2027<\/strong><\/td><td><strong>28\/02\/2028<\/strong><\/td><\/tr><tr><td>Andr\u00e9 Felipe Marchiori De Oliveira<\/td><td>Mar\u00e7o &#8211; 2026<\/td><td>Dr. Ernane Torres Uch\u00f4a<\/td><td><strong>31\/08\/2027<\/strong><\/td><td><strong>28\/02\/2028<\/strong><\/td><\/tr><tr><td>Laura Berthe Trist\u00e3o<\/td><td>Mar\u00e7o &#8211; 2026<\/td><td>Dr. Ernane Torres Uch\u00f4a<\/td><td><strong>31\/08\/2027<\/strong><\/td><td><strong>28\/02\/2028<\/strong><\/td><\/tr><tr><td>Let\u00edcia Paduan Tavares<\/td><td>Mar\u00e7o &#8211; 2026<\/td><td>Dra. Claudia Bueno dos Reis Martinez<\/td><td><strong>31\/08\/2027<\/strong><\/td><td><strong>28\/02\/2028<\/strong><\/td><\/tr><tr><td>Luiz Gabriel Matos Da Silva<\/td><td>Mar\u00e7o &#8211; 2026<\/td><td>Dr. Paulo C. Melletti<\/td><td><strong>31\/08\/2027<\/strong><\/td><td><strong>28\/02\/2028<\/strong><\/td><\/tr><tr><td>Luiza Zaghi Mussini Tavanti<\/td><td>Mar\u00e7o &#8211; 2026<\/td><td>Dr. F\u00e1bio G. de Andrade<\/td><td><strong>31\/08\/2027<\/strong><\/td><td><strong>28\/02\/2028<\/strong><\/td><\/tr><tr><td>Yasmin Gon\u00e7alves Navarro<\/td><td>Mar\u00e7o &#8211; 2026<\/td><td>Dra. Cristiane M. Leite<\/td><td><strong>31\/08\/2027<\/strong><\/td><td><strong>28\/02\/2028<\/strong><\/td><\/tr><\/tbody><\/table><\/figure>\n\n\n\n<p><\/p>\n","protected":false},"excerpt":{"rendered":"<p>NOME DATA DE INGRESSO ORIENTADOR\/A PRAZO DE QUALIFICA\u00c7\u00c3O PRAZO DE DEFESA Deborah Hikari Morimoto Ota Mar\u00e7o &#8211; 2023 Dr. Ernane Torres Uch\u00f4a 31\/08\/2024 28\/02\/2025 Mayra Dias Rodrigues Mar\u00e7o &#8211; 2024 Dra. Graziela Scalianti Ceravolo 31\/08\/2025 28\/02\/2026 Rayssa Menon Santos Agosto &#8211; 2024 Dra. Gislaine Garcia Pelosi Gomes 31\/01\/2026 31\/07\/2026 Leticia Pazin Bomfim Agosto &#8211; 2024 [&hellip;]<\/p>\n","protected":false},"author":9,"featured_media":0,"parent":0,"menu_order":0,"comment_status":"closed","ping_status":"closed","template":"","meta":{"footnotes":""},"class_list":["post-148","page","type-page","status-publish","hentry"],"_links":{"self":[{"href":"https:\/\/pos.uel.br\/pgcif\/wp-json\/wp\/v2\/pages\/148","targetHints":{"allow":["GET"]}}],"collection":[{"href":"https:\/\/pos.uel.br\/pgcif\/wp-json\/wp\/v2\/pages"}],"about":[{"href":"https:\/\/pos.uel.br\/pgcif\/wp-json\/wp\/v2\/types\/page"}],"author":[{"embeddable":true,"href":"https:\/\/pos.uel.br\/pgcif\/wp-json\/wp\/v2\/users\/9"}],"replies":[{"embeddable":true,"href":"https:\/\/pos.uel.br\/pgcif\/wp-json\/wp\/v2\/comments?post=148"}],"version-history":[{"count":29,"href":"https:\/\/pos.uel.br\/pgcif\/wp-json\/wp\/v2\/pages\/148\/revisions"}],"predecessor-version":[{"id":1974,"href":"https:\/\/pos.uel.br\/pgcif\/wp-json\/wp\/v2\/pages\/148\/revisions\/1974"}],"wp:attachment":[{"href":"https:\/\/pos.uel.br\/pgcif\/wp-json\/wp\/v2\/media?parent=148"}],"curies":[{"name":"wp","href":"https:\/\/api.w.org\/{rel}","templated":true}]}}

<figure class="wp-block-table"><table><tbody><tr><td><strong>NOME</strong></td><td><strong>DATA DE INGRESSO</strong></td><td><strong>ORIENTADOR/A</strong></td><td><strong>PRAZO DE QUALIFICAÇÃO</strong></td><td><strong>PRAZO DE DEFESA</strong></td></tr><tr><td>Deborah Hikari Morimoto Ota</td><td>Março &#8211; 2023</td><td>Dr. Ernane Torres Uchôa</td><td><strong>31/08/2024</strong></td><td><strong>28/02/2025</strong></td></tr><tr><td>Mayra Dias Rodrigues</td><td>Março &#8211; 2024</td><td>Dra. Graziela Scalianti Ceravolo</td><td><strong>31/08/2025</strong></td><td><strong>28/02/2026</strong></td></tr><tr><td>Rayssa Menon Santos</td><td>Agosto &#8211; 2024</td><td>Dra. Gislaine Garcia Pelosi Gomes</td><td><strong>31/01/2026</strong></td><td><strong>31/07/2026</strong></td></tr><tr><td>Leticia Pazin Bomfim</td><td>Agosto &#8211; 2024</td><td>Dra. Glaura Scantamburlo Alves Fernandes</td><td><strong>31/01/2026</strong></td><td><strong>31/07/2026</strong></td></tr><tr><td>Maria Clara Alves Schroeder</td><td>Agosto &#8211; 2024</td><td>Dr. Ernane Torres Uchôa</td><td><strong>31/01/2026</strong></td><td><strong>31/07/2026</strong></td></tr><tr><td>Gabriela Cruz Alves</td><td>Março &#8211; 2025</td><td>Dra. Claudia Bueno dos Reis Martinez</td><td><strong>31/08/2026</strong></td><td><strong>28/02/2027</strong></td></tr><tr><td>Júlia Bandeira Velho</td><td>Março &#8211; 2025</td><td>Dr. Ernane Torres Uchôa</td><td><strong>31/08/2026</strong></td><td><strong>28/02/2027</strong></td></tr><tr><td>Otávio Vinícius Custódio Jorge</td><td>Março &#8211; 2025</td><td>Dra. Priscila Cassolla</td><td><strong>31/08/2026</strong></td><td><strong>28/02/2027</strong></td></tr><tr><td>Sarah Pires de Souza</td><td>Março &#8211; 2025</td><td>Dra. Juliana Delatim Simonato Rocha</td><td><strong>31/08/2026</strong></td><td><strong>28/02/2027</strong></td></tr><tr><td>Ana Luiza Alves Lourenço</td><td>Agosto &#8211; 2025</td><td>Dra. Priscila Cassolla</td><td><strong>31/01/2027</strong></td><td><strong>31/07/2027</strong></td></tr><tr><td>Carolina Garcia Mesas</td><td>Agosto &#8211; 2025</td><td>Dr. Ernane Torres Uchôa</td><td><strong>31/01/2027</strong></td><td><strong>31/07/2027</strong></td></tr><tr><td>Dellie Karoline Mello</td><td>Agosto &#8211; 2025</td><td>Dra. Graziela Scalianti Ceravolo</td><td><strong>31/01/2027</strong></td><td><strong>31/07/2027</strong></td></tr><tr><td>Emanuel dos Santos Silva</td><td>Agosto &#8211; 2025</td><td>Dra. Maria Fernanda Rodrigues Graciano</td><td><strong>31/01/2027</strong></td><td><strong>31/07/2027</strong></td></tr><tr><td>Livia Yukari Morimoto Ota</td><td>Agosto &#8211; 2025</td><td>Dra. Graziela Scalianti Ceravolo</td><td><strong>31/01/2027</strong></td><td><strong>31/07/2027</strong></td></tr><tr><td>Alana Majewski Tarosso</td><td>Março &#8211; 2026</td><td>Dra. Juliana Delatim Simonato Rocha</td><td><strong>31/08/2027</strong></td><td><strong>28/02/2028</strong></td></tr><tr><td>André Felipe Marchiori De Oliveira</td><td>Março &#8211; 2026</td><td>Dr. Ernane Torres Uchôa</td><td><strong>31/08/2027</strong></td><td><strong>28/02/2028</strong></td></tr><tr><td>Laura Berthe Tristão</td><td>Março &#8211; 2026</td><td>Dr. Ernane Torres Uchôa</td><td><strong>31/08/2027</strong></td><td><strong>28/02/2028</strong></td></tr><tr><td>Letícia Paduan Tavares</td><td>Março &#8211; 2026</td><td>Dra. Claudia Bueno dos Reis Martinez</td><td><strong>31/08/2027</strong></td><td><strong>28/02/2028</strong></td></tr><tr><td>Luiz Gabriel Matos Da Silva</td><td>Março &#8211; 2026</td><td>Dr. Paulo C. Melletti</td><td><strong>31/08/2027</strong></td><td><strong>28/02/2028</strong></td></tr><tr><td>Luiza Zaghi Mussini Tavanti</td><td>Março &#8211; 2026</td><td>Dr. Fábio G. de Andrade</td><td><strong>31/08/2027</strong></td><td><strong>28/02/2028</strong></td></tr><tr><td>Yasmin Gonçalves Navarro</td><td>Março &#8211; 2026</td><td>Dra. Cristiane M. Leite</td><td><strong>31/08/2027</strong></td><td><strong>28/02/2028</strong></td></tr></tbody></table></figure>



<p></p>

<p>NOME DATA DE INGRESSO ORIENTADOR/A PRAZO DE QUALIFICAÇÃO PRAZO DE DEFESA Deborah Hikari Morimoto Ota Março &#8211; 2023 Dr. Ernane Torres Uchôa 31/08/2024 28/02/2025 Mayra Dias Rodrigues Março &#8211; 2024 Dra. Graziela Scalianti Ceravolo 31/08/2025 28/02/2026 Rayssa Menon Santos Agosto &#8211; 2024 Dra. Gislaine Garcia Pelosi Gomes 31/01/2026 31/07/2026 Leticia Pazin Bomfim Agosto &#8211; 2024 [&hellip;]</p>
